{"id":249,"date":"2015-09-21T10:52:11","date_gmt":"2015-09-21T09:52:11","guid":{"rendered":"http:\/\/college-ledimitile.ac-reunion.fr\/?page_id=249"},"modified":"2018-05-04T16:49:06","modified_gmt":"2018-05-04T12:49:06","slug":"journees-citoyennes","status":"publish","type":"page","link":"https:\/\/etab.ac-reunion.fr\/clg-le-dimitile\/la-vie-du-college\/journees-citoyennes\/","title":{"rendered":"Journ\u00e9es citoyennes"},"content":{"rendered":"<p style=\"text-align: center\"><span style=\"color: #ffffff\">&#8211;<\/span><\/p>\n<p style=\"text-align: center\"><span style=\"color: #008000\"><strong>SAFTON (2017)<\/strong><\/span><\/p>\n<p style=\"text-align: center\"><img loading=\"lazy\" decoding=\"async\" class=\"aligncenter size-medium wp-image-10702\" src=\"https:\/\/etab.ac-reunion.fr\/clg-le-dimitile-blog\/wp-content\/uploads\/sites\/129\/2017\/09\/IMG_3505-300x200.jpg\" alt=\"\" width=\"300\" height=\"200\" srcset=\"https:\/\/etab.ac-reunion.fr\/clg-le-dimitile\/wp-content\/uploads\/sites\/129\/2017\/09\/IMG_3505-300x200.jpg 300w, https:\/\/etab.ac-reunion.fr\/clg-le-dimitile\/wp-content\/uploads\/sites\/129\/2017\/09\/IMG_3505-1024x683.jpg 1024w, https:\/\/etab.ac-reunion.fr\/clg-le-dimitile\/wp-content\/uploads\/sites\/129\/2017\/09\/IMG_3505-150x100.jpg 150w, https:\/\/etab.ac-reunion.fr\/clg-le-dimitile\/wp-content\/uploads\/sites\/129\/2017\/09\/IMG_3505.jpg 1920w\" sizes=\"auto, (max-width: 300px) 100vw, 300px\" \/><\/p>\n<p style=\"text-align: center\"><span style=\"color: #008000\"><strong>Journ\u00e9e du civisme<\/strong><strong> ( mai 2015)<\/strong><\/span><\/p>\n<p style=\"text-align: center\"><a href=\"https:\/\/etab.ac-reunion.fr\/clg-le-dimitile-blog\/2015\/05\/04\/journee-du-civisme-2015-2\"><img loading=\"lazy\" decoding=\"async\" class=\"aligncenter wp-image-8304 size-medium\" src=\"https:\/\/etab.ac-reunion.fr\/clg-le-dimitile-blog\/wp-content\/uploads\/sites\/129\/2015\/09\/DSC00309-ConvertImage-300x225.jpg\" alt=\"DSC00309-ConvertImage\" width=\"300\" height=\"225\" srcset=\"https:\/\/etab.ac-reunion.fr\/clg-le-dimitile\/wp-content\/uploads\/sites\/129\/2015\/09\/DSC00309-ConvertImage-300x225.jpg 300w, https:\/\/etab.ac-reunion.fr\/clg-le-dimitile\/wp-content\/uploads\/sites\/129\/2015\/09\/DSC00309-ConvertImage-1024x768.jpg 1024w, https:\/\/etab.ac-reunion.fr\/clg-le-dimitile\/wp-content\/uploads\/sites\/129\/2015\/09\/DSC00309-ConvertImage-200x150.jpg 200w, https:\/\/etab.ac-reunion.fr\/clg-le-dimitile\/wp-content\/uploads\/sites\/129\/2015\/09\/DSC00309-ConvertImage-150x113.jpg 150w\" sizes=\"auto, (max-width: 300px) 100vw, 300px\" \/><\/a><\/p>\n<p style=\"text-align: center\"><span style=\"color: #008000\"><strong>Journ\u00e9e blanche contre la violence faite aux femmes (novembre 2014)<\/strong><\/span><\/p>\n<p style=\"text-align: center\"><a href=\"https:\/\/etab.ac-reunion.fr\/clg-le-dimitile-blog\/2014\/12\/02\/journee-blanche-en-soutien-aux-femmes-victimes-de-violences\/\"><img loading=\"lazy\" decoding=\"async\" class=\"aligncenter size-medium wp-image-8371\" src=\"https:\/\/etab.ac-reunion.fr\/clg-le-dimitile-blog\/wp-content\/uploads\/sites\/129\/2014\/12\/d%C3%A9fil%C3%A9-1024x768-300x225.jpg\" alt=\"d\u00e9fil\u00e9-1024x768\" width=\"300\" height=\"225\" \/><\/a><\/p>\n<p style=\"text-align: center\"><span style=\"color: #008000\"><strong>Journ\u00e9e de la La\u00efcit\u00e9 (2014)<\/strong><\/span><\/p>\n<p><a href=\"https:\/\/etab.ac-reunion.fr\/clg-le-dimitile-blog\/2014\/04\/01\/journee-de-la-laicite-2014\/\"><img loading=\"lazy\" decoding=\"async\" class=\"aligncenter size-full wp-image-8303\" src=\"https:\/\/etab.ac-reunion.fr\/clg-le-dimitile-blog\/wp-content\/uploads\/sites\/129\/2015\/09\/marianne-150x150.jpg\" alt=\"marianne-150x150\" width=\"150\" height=\"150\" \/><\/a><\/p>\n<p style=\"text-align: center\">\n","protected":false},"excerpt":{"rendered":"<p>&#8211; SAFTON (2017) Journ\u00e9e du civisme ( mai 2015) Journ\u00e9e blanche contre la violence faite aux femmes (novembre 2014) Journ\u00e9e de la La\u00efcit\u00e9 (2014)<\/p>\n<p class=\"continue-reading-button\"> <a class=\"continue-reading-link\" href=\"https:\/\/etab.ac-reunion.fr\/clg-le-dimitile\/la-vie-du-college\/journees-citoyennes\/\">Lire la suite<i class=\"crycon-right-dir\"><\/i><\/a><\/p>\n","protected":false},"author":8105,"featured_media":0,"parent":243,"menu_order":0,"comment_status":"closed","ping_status":"closed","template":"","meta":{"footnotes":""},"class_list":["post-249","page","type-page","status-publish","hentry"],"_links":{"self":[{"href":"https:\/\/etab.ac-reunion.fr\/clg-le-dimitile\/wp-json\/wp\/v2\/pages\/249","targetHints":{"allow":["GET"]}}],"collection":[{"href":"https:\/\/etab.ac-reunion.fr\/clg-le-dimitile\/wp-json\/wp\/v2\/pages"}],"about":[{"href":"https:\/\/etab.ac-reunion.fr\/clg-le-dimitile\/wp-json\/wp\/v2\/types\/page"}],"author":[{"embeddable":true,"href":"https:\/\/etab.ac-reunion.fr\/clg-le-dimitile\/wp-json\/wp\/v2\/users\/8105"}],"replies":[{"embeddable":true,"href":"https:\/\/etab.ac-reunion.fr\/clg-le-dimitile\/wp-json\/wp\/v2\/comments?post=249"}],"version-history":[{"count":17,"href":"https:\/\/etab.ac-reunion.fr\/clg-le-dimitile\/wp-json\/wp\/v2\/pages\/249\/revisions"}],"predecessor-version":[{"id":10866,"href":"https:\/\/etab.ac-reunion.fr\/clg-le-dimitile\/wp-json\/wp\/v2\/pages\/249\/revisions\/10866"}],"up":[{"embeddable":true,"href":"https:\/\/etab.ac-reunion.fr\/clg-le-dimitile\/wp-json\/wp\/v2\/pages\/243"}],"wp:attachment":[{"href":"https:\/\/etab.ac-reunion.fr\/clg-le-dimitile\/wp-json\/wp\/v2\/media?parent=249"}],"curies":[{"name":"wp","href":"https:\/\/api.w.org\/{rel}","templated":true}]}}