{"id":8606,"date":"2015-09-30T19:07:16","date_gmt":"2015-09-30T15:07:16","guid":{"rendered":"http:\/\/college-ledimitile.ac-reunion.fr\/?page_id=8606"},"modified":"2017-05-05T10:42:00","modified_gmt":"2017-05-05T06:42:00","slug":"la-classe-ulis","status":"publish","type":"page","link":"https:\/\/etab.ac-reunion.fr\/clg-le-dimitile\/les-disciplines\/la-classe-ulis\/","title":{"rendered":"La classe Ulis"},"content":{"rendered":"<p><span style=\"color: #ffffff\">&#8212;L<\/span><\/p>\n<h4 style=\"text-align: center\"><span style=\"color: #ff0000\">Expo Japon au CDI<\/span><\/h4>\n<p style=\"text-align: center\"><a href=\"https:\/\/etab.ac-reunion.fr\/clg-le-dimitile-blog\/wp-content\/uploads\/sites\/129\/2017\/05\/article-expo-japon.pdf\"><img loading=\"lazy\" decoding=\"async\" class=\"aligncenter wp-image-10492\" src=\"https:\/\/etab.ac-reunion.fr\/clg-le-dimitile-blog\/wp-content\/uploads\/sites\/129\/2017\/05\/expo-japon-cdi-198x300.png\" alt=\"\" width=\"183\" height=\"277\" srcset=\"https:\/\/etab.ac-reunion.fr\/clg-le-dimitile\/wp-content\/uploads\/sites\/129\/2017\/05\/expo-japon-cdi-198x300.png 198w, https:\/\/etab.ac-reunion.fr\/clg-le-dimitile\/wp-content\/uploads\/sites\/129\/2017\/05\/expo-japon-cdi-99x150.png 99w, https:\/\/etab.ac-reunion.fr\/clg-le-dimitile\/wp-content\/uploads\/sites\/129\/2017\/05\/expo-japon-cdi.png 344w\" sizes=\"auto, (max-width: 183px) 100vw, 183px\" \/><\/a><\/p>\n<h4 style=\"text-align: center\"><span style=\"text-decoration: underline\"><span style=\"color: #ff0000;text-decoration: underline\">Une Japonaise en ULIS<\/span><\/span><\/h4>\n<p style=\"text-align: center\"><a href=\"https:\/\/etab.ac-reunion.fr\/clg-le-dimitile-blog\/wp-content\/uploads\/sites\/129\/2017\/04\/Aline-en-ULIS.pdf\"><img loading=\"lazy\" decoding=\"async\" class=\"aligncenter wp-image-10482\" src=\"https:\/\/etab.ac-reunion.fr\/clg-le-dimitile-blog\/wp-content\/uploads\/sites\/129\/2015\/09\/jap-212x300.jpg\" alt=\"\" width=\"136\" height=\"192\" srcset=\"https:\/\/etab.ac-reunion.fr\/clg-le-dimitile\/wp-content\/uploads\/sites\/129\/2015\/09\/jap-212x300.jpg 212w, https:\/\/etab.ac-reunion.fr\/clg-le-dimitile\/wp-content\/uploads\/sites\/129\/2015\/09\/jap-106x150.jpg 106w, https:\/\/etab.ac-reunion.fr\/clg-le-dimitile\/wp-content\/uploads\/sites\/129\/2015\/09\/jap.jpg 570w\" sizes=\"auto, (max-width: 136px) 100vw, 136px\" \/><\/a><\/p>\n<h4 style=\"text-align: center\"><span style=\"text-decoration: underline\"><span style=\"color: #ff0000;text-decoration: underline\">L&rsquo;\u00e9clipse du 1er septembre<\/span><\/span><\/h4>\n<p><span style=\"color: #ffffff\">((<\/span><\/p>\n<p style=\"text-align: center\"><a href=\"https:\/\/etab.ac-reunion.fr\/clg-le-dimitile-blog\/2016\/09\/13\/la-classe-ulis-parle-de-leclipse\/\"><img loading=\"lazy\" decoding=\"async\" class=\"aligncenter size-medium wp-image-10179\" src=\"https:\/\/etab.ac-reunion.fr\/clg-le-dimitile-blog\/wp-content\/uploads\/sites\/129\/2016\/09\/DSC_0511_opt-300x200.jpg\" alt=\"dsc_0511_opt\" width=\"300\" height=\"200\" srcset=\"https:\/\/etab.ac-reunion.fr\/clg-le-dimitile\/wp-content\/uploads\/sites\/129\/2016\/09\/DSC_0511_opt-300x200.jpg 300w, https:\/\/etab.ac-reunion.fr\/clg-le-dimitile\/wp-content\/uploads\/sites\/129\/2016\/09\/DSC_0511_opt-225x150.jpg 225w, https:\/\/etab.ac-reunion.fr\/clg-le-dimitile\/wp-content\/uploads\/sites\/129\/2016\/09\/DSC_0511_opt-150x100.jpg 150w, https:\/\/etab.ac-reunion.fr\/clg-le-dimitile\/wp-content\/uploads\/sites\/129\/2016\/09\/DSC_0511_opt.jpg 400w\" sizes=\"auto, (max-width: 300px) 100vw, 300px\" \/><\/a><\/p>\n<h4 style=\"text-align: center\"><span style=\"text-decoration: underline;color: #ff0000\">Notre sortie chez les pompiers<\/span><\/h4>\n<p><span style=\"color: #ffffff\">&#8211;<\/span><\/p>\n<p style=\"text-align: center\"><a href=\"https:\/\/etab.ac-reunion.fr\/clg-le-dimitile-blog\/2016\/04\/11\/notre-visite-chez-les-pompiers\/\"><img loading=\"lazy\" decoding=\"async\" class=\"aligncenter wp-image-9742 size-medium\" src=\"https:\/\/etab.ac-reunion.fr\/clg-le-dimitile-blog\/wp-content\/uploads\/sites\/129\/2015\/09\/DSC_0002-ConvertImage-300x200.jpg\" alt=\"DSC_0002-ConvertImage\" width=\"300\" height=\"200\" srcset=\"https:\/\/etab.ac-reunion.fr\/clg-le-dimitile\/wp-content\/uploads\/sites\/129\/2015\/09\/DSC_0002-ConvertImage-300x200.jpg 300w, https:\/\/etab.ac-reunion.fr\/clg-le-dimitile\/wp-content\/uploads\/sites\/129\/2015\/09\/DSC_0002-ConvertImage-1024x683.jpg 1024w, https:\/\/etab.ac-reunion.fr\/clg-le-dimitile\/wp-content\/uploads\/sites\/129\/2015\/09\/DSC_0002-ConvertImage-225x150.jpg 225w, https:\/\/etab.ac-reunion.fr\/clg-le-dimitile\/wp-content\/uploads\/sites\/129\/2015\/09\/DSC_0002-ConvertImage-150x100.jpg 150w\" sizes=\"auto, (max-width: 300px) 100vw, 300px\" \/><\/a><\/p>\n<h4 style=\"text-align: center\"><span style=\"text-decoration: underline\"><span style=\"color: #ff0000;text-decoration: underline\">Nos portraits<\/span><\/span><\/h4>\n<p><span style=\"color: #ffffff\">&#8212;&#8212;<\/span><\/p>\n<p style=\"text-align: center\"><a href=\"https:\/\/etab.ac-reunion.fr\/clg-le-dimitile-blog\/wp-content\/uploads\/sites\/129\/2015\/09\/portrait-ulis-1.pdf\">Andr\u00e9a, Enzo, Dylan, Samuel, Johnas<\/a><\/p>\n<p style=\"text-align: center\"><a href=\"https:\/\/etab.ac-reunion.fr\/clg-le-dimitile-blog\/wp-content\/uploads\/sites\/129\/2015\/09\/portrait-ulis-2.pdf\">Alicia, Henri-Paul, Anthony, Rudy, M\u00e9lissa<\/a><\/p>\n<p style=\"text-align: center\">\n","protected":false},"excerpt":{"rendered":"<p>&#8212;L Expo Japon au CDI Une Japonaise en ULIS L&rsquo;\u00e9clipse du 1er septembre (( Notre sortie chez les pompiers &#8211; Nos portraits &#8212;&#8212; Andr\u00e9a, Enzo, Dylan, Samuel, Johnas Alicia, Henri-Paul, Anthony, Rudy, M\u00e9lissa<\/p>\n<p class=\"continue-reading-button\"> <a class=\"continue-reading-link\" href=\"https:\/\/etab.ac-reunion.fr\/clg-le-dimitile\/les-disciplines\/la-classe-ulis\/\">Lire la suite<i class=\"crycon-right-dir\"><\/i><\/a><\/p>\n","protected":false},"author":8105,"featured_media":0,"parent":6,"menu_order":0,"comment_status":"closed","ping_status":"closed","template":"","meta":{"footnotes":""},"class_list":["post-8606","page","type-page","status-publish","hentry"],"_links":{"self":[{"href":"https:\/\/etab.ac-reunion.fr\/clg-le-dimitile\/wp-json\/wp\/v2\/pages\/8606","targetHints":{"allow":["GET"]}}],"collection":[{"href":"https:\/\/etab.ac-reunion.fr\/clg-le-dimitile\/wp-json\/wp\/v2\/pages"}],"about":[{"href":"https:\/\/etab.ac-reunion.fr\/clg-le-dimitile\/wp-json\/wp\/v2\/types\/page"}],"author":[{"embeddable":true,"href":"https:\/\/etab.ac-reunion.fr\/clg-le-dimitile\/wp-json\/wp\/v2\/users\/8105"}],"replies":[{"embeddable":true,"href":"https:\/\/etab.ac-reunion.fr\/clg-le-dimitile\/wp-json\/wp\/v2\/comments?post=8606"}],"version-history":[{"count":14,"href":"https:\/\/etab.ac-reunion.fr\/clg-le-dimitile\/wp-json\/wp\/v2\/pages\/8606\/revisions"}],"predecessor-version":[{"id":10505,"href":"https:\/\/etab.ac-reunion.fr\/clg-le-dimitile\/wp-json\/wp\/v2\/pages\/8606\/revisions\/10505"}],"up":[{"embeddable":true,"href":"https:\/\/etab.ac-reunion.fr\/clg-le-dimitile\/wp-json\/wp\/v2\/pages\/6"}],"wp:attachment":[{"href":"https:\/\/etab.ac-reunion.fr\/clg-le-dimitile\/wp-json\/wp\/v2\/media?parent=8606"}],"curies":[{"name":"wp","href":"https:\/\/api.w.org\/{rel}","templated":true}]}}