{"id":2362,"date":"2019-08-04T09:55:56","date_gmt":"2019-08-04T05:55:56","guid":{"rendered":"http:\/\/college-du-ruisseau.ac-reunion.fr\/?page_id=2362"},"modified":"2019-08-04T16:20:12","modified_gmt":"2019-08-04T12:20:12","slug":"cfg","status":"publish","type":"page","link":"https:\/\/etab.ac-reunion.fr\/clg-le-ruisseau\/cfg\/","title":{"rendered":"CFG"},"content":{"rendered":"\n<p style=\"text-align:center\" class=\"has-medium-font-size\"><strong>Certificat de Formation G\u00e9n\u00e9rale<\/strong><\/p>\n\n\n\n<p>L&rsquo;\u00e9tablissement peut proposer \u00e0 certains \u00e9l\u00e8ves de 3\u00e8me sous certaines conditions de passer le Certificat de Formation G\u00e9n\u00e9rale. Celui -ci garantit l&rsquo;acquisition de connaissances de base dans trois domaines g\u00e9n\u00e9raux de formation : fran\u00e7ais, math\u00e9matiques, vie sociale et professionnelle.<\/p>\n\n\n\n<p>Les candidats individuels passent&nbsp;:<\/p>\n\n\n\n<ul class=\"wp-block-list\"><li>deux \u00e9preuves \u00e9crites d\u2019une heure en fran\u00e7ais et math\u00e9matiques<\/li><li>une \u00e9preuve orale de 20 minutes: un entretien \u00e0 partir du dossier \u00e9labor\u00e9 \u00e0 l&rsquo;issue du stage en entreprise et \u00e9ventuellement d&rsquo;un dossier facultatif.<\/li><\/ul>\n","protected":false},"excerpt":{"rendered":"<p>Certificat de Formation G\u00e9n\u00e9rale L&rsquo;\u00e9tablissement peut proposer \u00e0 certains \u00e9l\u00e8ves de 3\u00e8me sous certaines conditions de passer le Certificat de Formation G\u00e9n\u00e9rale. Celui -ci garantit l&rsquo;acquisition de connaissances de base&#8230;<\/p>\n<p class=\"continue-reading-button\"> <a class=\"continue-reading-link\" href=\"https:\/\/etab.ac-reunion.fr\/clg-le-ruisseau\/cfg\/\">Lire la suite<i class=\"crycon-right-dir\"><\/i><\/a><\/p>\n","protected":false},"author":7561,"featured_media":0,"parent":0,"menu_order":0,"comment_status":"closed","ping_status":"closed","template":"","meta":{"footnotes":""},"class_list":["post-2362","page","type-page","status-publish","hentry"],"_links":{"self":[{"href":"https:\/\/etab.ac-reunion.fr\/clg-le-ruisseau\/wp-json\/wp\/v2\/pages\/2362","targetHints":{"allow":["GET"]}}],"collection":[{"href":"https:\/\/etab.ac-reunion.fr\/clg-le-ruisseau\/wp-json\/wp\/v2\/pages"}],"about":[{"href":"https:\/\/etab.ac-reunion.fr\/clg-le-ruisseau\/wp-json\/wp\/v2\/types\/page"}],"author":[{"embeddable":true,"href":"https:\/\/etab.ac-reunion.fr\/clg-le-ruisseau\/wp-json\/wp\/v2\/users\/7561"}],"replies":[{"embeddable":true,"href":"https:\/\/etab.ac-reunion.fr\/clg-le-ruisseau\/wp-json\/wp\/v2\/comments?post=2362"}],"version-history":[{"count":2,"href":"https:\/\/etab.ac-reunion.fr\/clg-le-ruisseau\/wp-json\/wp\/v2\/pages\/2362\/revisions"}],"predecessor-version":[{"id":2372,"href":"https:\/\/etab.ac-reunion.fr\/clg-le-ruisseau\/wp-json\/wp\/v2\/pages\/2362\/revisions\/2372"}],"wp:attachment":[{"href":"https:\/\/etab.ac-reunion.fr\/clg-le-ruisseau\/wp-json\/wp\/v2\/media?parent=2362"}],"curies":[{"name":"wp","href":"https:\/\/api.w.org\/{rel}","templated":true}]}}