{"id":32,"date":"2014-11-17T10:57:07","date_gmt":"2014-11-17T06:57:07","guid":{"rendered":"http:\/\/college-du-ruisseau.ac-reunion.fr\/?page_id=32"},"modified":"2019-09-03T16:54:01","modified_gmt":"2019-09-03T12:54:01","slug":"socle-commun","status":"publish","type":"page","link":"https:\/\/etab.ac-reunion.fr\/clg-le-ruisseau\/socle-commun\/","title":{"rendered":"Le socle commun"},"content":{"rendered":"<p style=\"text-align: justify\">Le \u00ab\u00a0<span style=\"color: #3366ff\">socle commun de connaissances et de comp\u00e9tences<\/span>\u00a0\u00bb pr\u00e9sente ce que tout \u00e9l\u00e8ve doit savoir et ma\u00eetriser \u00e0 la fin de la scolarit\u00e9 obligatoire. Introduit dans la loi en 2005, il rassemble l&rsquo;ensemble des connaissances, comp\u00e9tences, valeurs et attitudes n\u00e9cessaires pour r\u00e9ussir sa scolarit\u00e9, sa vie d&rsquo;individu et de futur citoyen. Un livret personnel de comp\u00e9tences permet de suivre la progression de l&rsquo;\u00e9l\u00e8ve. Depuis 2011, la ma\u00eetrise du socle est n\u00e9cessaire pour obtenir le dipl\u00f4me national du brevet (<acronym title=\"Dipl\u00f4me national du brevet\">D.N.B.<\/acronym>). La loi d&rsquo;orientation et de programmation pour la refondation de l&rsquo;\u00c9cole de la R\u00e9publique du 8 juillet 2013 pr\u00e9voit une \u00e9volution et une red\u00e9finition du socle commun d\u00e9sormais intitul\u00e9 \u00ab\u00a0socle commun de connaissances, de comp\u00e9tences et de culture\u00a0\u00bb.<\/p>\n<p><a href=\"https:\/\/etab.ac-reunion.fr\/clg-le-ruisseau\/wp-content\/uploads\/sites\/108\/2014\/11\/lpc-ruisseau-web.pdf\">lpc ruisseau <\/a><\/p>\n<p><a href=\"https:\/\/etab.ac-reunion.fr\/clg-le-ruisseau\/wp-content\/uploads\/sites\/108\/2014\/11\/r\u00e9partition-des-validations-par-comp\u00e9tences-et-mati\u00e8res.pdf\">r\u00e9partition des validations par comp\u00e9tences et mati\u00e8res<\/a><\/p>\n<p>&nbsp;<\/p>\n","protected":false},"excerpt":{"rendered":"<p>Le \u00ab\u00a0socle commun de connaissances et de comp\u00e9tences\u00a0\u00bb pr\u00e9sente ce que tout \u00e9l\u00e8ve doit savoir et ma\u00eetriser \u00e0 la fin de la scolarit\u00e9 obligatoire. Introduit dans la loi en 2005,&#8230;<\/p>\n<p class=\"continue-reading-button\"> <a class=\"continue-reading-link\" href=\"https:\/\/etab.ac-reunion.fr\/clg-le-ruisseau\/socle-commun\/\">Lire la suite<i class=\"crycon-right-dir\"><\/i><\/a><\/p>\n","protected":false},"author":3966,"featured_media":0,"parent":0,"menu_order":0,"comment_status":"closed","ping_status":"closed","template":"","meta":{"footnotes":""},"class_list":["post-32","page","type-page","status-publish","hentry"],"_links":{"self":[{"href":"https:\/\/etab.ac-reunion.fr\/clg-le-ruisseau\/wp-json\/wp\/v2\/pages\/32","targetHints":{"allow":["GET"]}}],"collection":[{"href":"https:\/\/etab.ac-reunion.fr\/clg-le-ruisseau\/wp-json\/wp\/v2\/pages"}],"about":[{"href":"https:\/\/etab.ac-reunion.fr\/clg-le-ruisseau\/wp-json\/wp\/v2\/types\/page"}],"author":[{"embeddable":true,"href":"https:\/\/etab.ac-reunion.fr\/clg-le-ruisseau\/wp-json\/wp\/v2\/users\/3966"}],"replies":[{"embeddable":true,"href":"https:\/\/etab.ac-reunion.fr\/clg-le-ruisseau\/wp-json\/wp\/v2\/comments?post=32"}],"version-history":[{"count":4,"href":"https:\/\/etab.ac-reunion.fr\/clg-le-ruisseau\/wp-json\/wp\/v2\/pages\/32\/revisions"}],"predecessor-version":[{"id":597,"href":"https:\/\/etab.ac-reunion.fr\/clg-le-ruisseau\/wp-json\/wp\/v2\/pages\/32\/revisions\/597"}],"wp:attachment":[{"href":"https:\/\/etab.ac-reunion.fr\/clg-le-ruisseau\/wp-json\/wp\/v2\/media?parent=32"}],"curies":[{"name":"wp","href":"https:\/\/api.w.org\/{rel}","templated":true}]}}