{"id":2828,"date":"2025-01-30T11:49:11","date_gmt":"2025-01-30T07:49:11","guid":{"rendered":"https:\/\/etab.ac-reunion.fr\/clg-le-toullec\/?page_id=2828"},"modified":"2025-02-03T14:49:24","modified_gmt":"2025-02-03T10:49:24","slug":"le-college","status":"publish","type":"page","link":"https:\/\/etab.ac-reunion.fr\/clg-le-toullec\/le-college\/","title":{"rendered":"LE COLL\u00c8GE"},"content":{"rendered":"\n<p>Le Coll\u00e8ge Jean Le Toullec, situ\u00e9 dans la commune du Port \u00e0 La R\u00e9union, est un \u00e9tablissement public d&rsquo;enseignement secondaire qui s&rsquo;engage pleinement dans la r\u00e9ussite scolaire et l&rsquo;\u00e9panouissement des \u00e9l\u00e8ves.<\/p>\n\n\n\n<p><\/p>\n","protected":false},"excerpt":{"rendered":"<p>Le Coll\u00e8ge Jean Le Toullec, situ\u00e9 dans la commune du Port \u00e0 La R\u00e9union, est un \u00e9tablissement public d&rsquo;enseignement secondaire qui s&rsquo;engage pleinement dans la r\u00e9ussite scolaire et l&rsquo;\u00e9panouissement des \u00e9l\u00e8ves.<\/p>\n<p> <a class=\"continue-reading-link\" href=\"https:\/\/etab.ac-reunion.fr\/clg-le-toullec\/le-college\/\"><span>Continue reading<\/span><i class=\"crycon-right-dir\"><\/i><\/a> <\/p>\n","protected":false},"author":27811,"featured_media":0,"parent":0,"menu_order":0,"comment_status":"closed","ping_status":"closed","template":"","meta":{"footnotes":""},"class_list":["post-2828","page","type-page","status-publish","hentry"],"_links":{"self":[{"href":"https:\/\/etab.ac-reunion.fr\/clg-le-toullec\/wp-json\/wp\/v2\/pages\/2828","targetHints":{"allow":["GET"]}}],"collection":[{"href":"https:\/\/etab.ac-reunion.fr\/clg-le-toullec\/wp-json\/wp\/v2\/pages"}],"about":[{"href":"https:\/\/etab.ac-reunion.fr\/clg-le-toullec\/wp-json\/wp\/v2\/types\/page"}],"author":[{"embeddable":true,"href":"https:\/\/etab.ac-reunion.fr\/clg-le-toullec\/wp-json\/wp\/v2\/users\/27811"}],"replies":[{"embeddable":true,"href":"https:\/\/etab.ac-reunion.fr\/clg-le-toullec\/wp-json\/wp\/v2\/comments?post=2828"}],"version-history":[{"count":3,"href":"https:\/\/etab.ac-reunion.fr\/clg-le-toullec\/wp-json\/wp\/v2\/pages\/2828\/revisions"}],"predecessor-version":[{"id":2931,"href":"https:\/\/etab.ac-reunion.fr\/clg-le-toullec\/wp-json\/wp\/v2\/pages\/2828\/revisions\/2931"}],"wp:attachment":[{"href":"https:\/\/etab.ac-reunion.fr\/clg-le-toullec\/wp-json\/wp\/v2\/media?parent=2828"}],"curies":[{"name":"wp","href":"https:\/\/api.w.org\/{rel}","templated":true}]}}

LE COLLÈGE

<p>Le Collège Jean Le Toullec, situé dans la commune du Port à La Réunion, est un établissement public d&rsquo;enseignement secondaire qui s&rsquo;engage pleinement dans la réussite scolaire et l&rsquo;épanouissement des élèves.</p>



<p></p>

<p>Le Collège Jean Le Toullec, situé dans la commune du Port à La Réunion, est un établissement public d&rsquo;enseignement secondaire qui s&rsquo;engage pleinement dans la réussite scolaire et l&rsquo;épanouissement des élèves.</p>
<p> <a class="continue-reading-link" href="https://etab.ac-reunion.fr/clg-le-toullec/le-college/"><span>Continue reading</span><i class="crycon-right-dir"></i></a> </p>
