{"id":2884,"date":"2025-02-03T10:37:49","date_gmt":"2025-02-03T06:37:49","guid":{"rendered":"https:\/\/etab.ac-reunion.fr\/clg-le-toullec\/?page_id=2884"},"modified":"2025-02-21T08:40:27","modified_gmt":"2025-02-21T04:40:27","slug":"horaire-college-du-college","status":"publish","type":"page","link":"https:\/\/etab.ac-reunion.fr\/clg-le-toullec\/horaire-college-du-college\/","title":{"rendered":"Horaire du coll\u00e8ge"},"content":{"rendered":"\n<p><\/p>\n\n\n\n<p><\/p>\n\n\n\n<h2 class=\"wp-block-heading\"><\/h2>\n\n\n\n<figure class=\"wp-block-table\"><table class=\"has-fixed-layout\"><tbody><tr><td><strong>Ouverture\/fermeture &nbsp;du portail cot\u00e9 rue<\/strong><\/td><td><strong>D\u00e9but et fin des cours<\/strong><\/td><\/tr><tr><td>Entr\u00e9e \u00e9l\u00e8ve<\/td><td>&nbsp;<\/td><\/tr><tr><td>7h05-7h25<\/td><td>7h30-8h25<\/td><\/tr><tr><td>8h20-8h25<\/td><td>8h30-9h25<\/td><\/tr><tr><td>9h25-9h40<\/td><td>R\u00e9cr\u00e9ation: 9h25-9h40<\/td><\/tr><tr><td>&nbsp;<\/td><td>9h45-10h40<\/td><\/tr><tr><td>&nbsp;<\/td><td>10h45-11h40<\/td><\/tr><tr><td>&nbsp;<\/td><td>11h40-13h20:Pause m\u00e9ridienne<\/td><\/tr><tr><td>13h05-13h20<\/td><td>13h25-14h20<\/td><\/tr><tr><td>14h20-14h25<\/td><td>14h25-15h20<\/td><\/tr><tr><td>15h20-15h40<\/td><td>R\u00e9cr\u00e9ation:15h20-15h35<\/td><\/tr><tr><td>&nbsp;<\/td><td>15h40-16h35<\/td><\/tr><\/tbody><\/table><\/figure>\n\n\n\n<p><\/p>\n","protected":false},"excerpt":{"rendered":"<p>Ouverture\/fermeture &nbsp;du portail cot\u00e9 rue D\u00e9but et fin des cours Entr\u00e9e \u00e9l\u00e8ve &nbsp; 7h05-7h25 7h30-8h25 8h20-8h25 8h30-9h25 9h25-9h40 R\u00e9cr\u00e9ation: 9h25-9h40 &nbsp; 9h45-10h40 &nbsp; 10h45-11h40 &nbsp; 11h40-13h20:Pause m\u00e9ridienne 13h05-13h20 13h25-14h20 14h20-14h25 14h25-15h20 15h20-15h40 R\u00e9cr\u00e9ation:15h20-15h35 &nbsp; 15h40-16h35<\/p>\n<p> <a class=\"continue-reading-link\" href=\"https:\/\/etab.ac-reunion.fr\/clg-le-toullec\/horaire-college-du-college\/\"><span>Continue reading<\/span><i class=\"crycon-right-dir\"><\/i><\/a> <\/p>\n","protected":false},"author":27811,"featured_media":0,"parent":0,"menu_order":0,"comment_status":"closed","ping_status":"closed","template":"","meta":{"footnotes":""},"class_list":["post-2884","page","type-page","status-publish","hentry"],"_links":{"self":[{"href":"https:\/\/etab.ac-reunion.fr\/clg-le-toullec\/wp-json\/wp\/v2\/pages\/2884","targetHints":{"allow":["GET"]}}],"collection":[{"href":"https:\/\/etab.ac-reunion.fr\/clg-le-toullec\/wp-json\/wp\/v2\/pages"}],"about":[{"href":"https:\/\/etab.ac-reunion.fr\/clg-le-toullec\/wp-json\/wp\/v2\/types\/page"}],"author":[{"embeddable":true,"href":"https:\/\/etab.ac-reunion.fr\/clg-le-toullec\/wp-json\/wp\/v2\/users\/27811"}],"replies":[{"embeddable":true,"href":"https:\/\/etab.ac-reunion.fr\/clg-le-toullec\/wp-json\/wp\/v2\/comments?post=2884"}],"version-history":[{"count":4,"href":"https:\/\/etab.ac-reunion.fr\/clg-le-toullec\/wp-json\/wp\/v2\/pages\/2884\/revisions"}],"predecessor-version":[{"id":2963,"href":"https:\/\/etab.ac-reunion.fr\/clg-le-toullec\/wp-json\/wp\/v2\/pages\/2884\/revisions\/2963"}],"wp:attachment":[{"href":"https:\/\/etab.ac-reunion.fr\/clg-le-toullec\/wp-json\/wp\/v2\/media?parent=2884"}],"curies":[{"name":"wp","href":"https:\/\/api.w.org\/{rel}","templated":true}]}}

Horaire du collège

<p></p>



<p></p>



<h2 class="wp-block-heading"></h2>



<figure class="wp-block-table"><table class="has-fixed-layout"><tbody><tr><td><strong>Ouverture/fermeture &nbsp;du portail coté rue</strong></td><td><strong>Début et fin des cours</strong></td></tr><tr><td>Entrée élève</td><td>&nbsp;</td></tr><tr><td>7h05-7h25</td><td>7h30-8h25</td></tr><tr><td>8h20-8h25</td><td>8h30-9h25</td></tr><tr><td>9h25-9h40</td><td>Récréation: 9h25-9h40</td></tr><tr><td>&nbsp;</td><td>9h45-10h40</td></tr><tr><td>&nbsp;</td><td>10h45-11h40</td></tr><tr><td>&nbsp;</td><td>11h40-13h20:Pause méridienne</td></tr><tr><td>13h05-13h20</td><td>13h25-14h20</td></tr><tr><td>14h20-14h25</td><td>14h25-15h20</td></tr><tr><td>15h20-15h40</td><td>Récréation:15h20-15h35</td></tr><tr><td>&nbsp;</td><td>15h40-16h35</td></tr></tbody></table></figure>



<p></p>

<p>Ouverture/fermeture &nbsp;du portail coté rue Début et fin des cours Entrée élève &nbsp; 7h05-7h25 7h30-8h25 8h20-8h25 8h30-9h25 9h25-9h40 Récréation: 9h25-9h40 &nbsp; 9h45-10h40 &nbsp; 10h45-11h40 &nbsp; 11h40-13h20:Pause méridienne 13h05-13h20 13h25-14h20 14h20-14h25 14h25-15h20 15h20-15h40 Récréation:15h20-15h35 &nbsp; 15h40-16h35</p>
<p> <a class="continue-reading-link" href="https://etab.ac-reunion.fr/clg-le-toullec/horaire-college-du-college/"><span>Continue reading</span><i class="crycon-right-dir"></i></a> </p>
