{"id":1251,"date":"2019-07-02T15:16:35","date_gmt":"2019-07-02T11:16:35","guid":{"rendered":"http:\/\/college-lecontedelisle.ac-reunion.fr\/?page_id=1251"},"modified":"2019-07-03T07:56:02","modified_gmt":"2019-07-03T03:56:02","slug":"conditions-de-remise-dordre-sur-la-restauration-et-lhebergement","status":"publish","type":"page","link":"https:\/\/etab.ac-reunion.fr\/clg-leconte-de-lisle\/informations\/conditions-de-remise-dordre-sur-la-restauration-et-lhebergement\/","title":{"rendered":"Conditions de remise d&rsquo;ordre sur la restauration et l&rsquo;h\u00e9bergement"},"content":{"rendered":"\n<h4 class=\"wp-block-heading\">1. <strong>REMISE D\u2019ORDRE ACCORDEE DE PLEIN DROIT (sans que la famille n\u2019ait besoin d\u2019en faire la demande)&nbsp;:<\/strong><\/h4>\n\n\n\n<p><\/p>\n\n\n\n<ul class=\"wp-block-list\"><li>Fermeture du service de restauration et\/ou d\u2019h\u00e9bergement (gr\u00e8ve, \u00e9pid\u00e9mie\u2026)<\/li><\/ul>\n\n\n\n<ul class=\"wp-block-list\"><li>D\u00e9c\u00e8s de l\u2019\u00e9l\u00e8ve<\/li><\/ul>\n\n\n\n<ul class=\"wp-block-list\"><li>El\u00e8ve exclu par mesure disciplinaire (exclusion d\u00e9finitive)<\/li><\/ul>\n\n\n\n<ul class=\"wp-block-list\"><li>Voyages\/sorties scolaires&nbsp;organis\u00e9s par l\u2019\u00e9tablissement pendant le temps scolaire (quand celui-ci ne prend pas en compte la restauration ou l\u2019h\u00e9bergement pendant le voyage)<\/li><\/ul>\n\n\n\n<ul class=\"wp-block-list\"><li>Stages en entreprise<\/li><\/ul>\n\n\n\n<h4 class=\"wp-block-heading\">2. <strong>REMISE D\u2019ORDRE ACCORDEE SOUS CONDITIONS (sur demande \u00e9crite et motiv\u00e9e de la famille accompagn\u00e9e des pi\u00e8ves justificatives)<\/strong><\/h4>\n\n\n\n<p><\/p>\n\n\n\n<ul class=\"wp-block-list\"><li>El\u00e8ve changeant d\u2019\u00e9tablissement scolaire en cours de trimestre.<\/li><\/ul>\n\n\n\n<ul class=\"wp-block-list\"><li>El\u00e8ve&nbsp;changeant de cat\u00e9gorie en cours de p\u00e9riode pour des raisons de force majeure, sur demande \u00e9crite et motiv\u00e9e au chef d\u2019\u00e9tablissement.<\/li><\/ul>\n\n\n\n<ul class=\"wp-block-list\"><li>El\u00e8ve momentan\u00e9ment absent ou retir\u00e9 d\u00e9finitivement dans le courant de l\u2019ann\u00e9e scolaire pour des raisons majeures d\u00fbment constat\u00e9es (maladie entrainant une absence de quinze jours au minimum de cours sans interruption, changement de r\u00e9sidence de la famille). La demande doit \u00eatre pr\u00e9sent\u00e9e dans les 30 jours suivant le retour de l\u2019\u00e9l\u00e8ve accompagn\u00e9e d\u2019un certificat m\u00e9dical.<\/li><\/ul>\n","protected":false},"excerpt":{"rendered":"<p>1. REMISE D\u2019ORDRE ACCORDEE DE PLEIN DROIT (sans que la famille n\u2019ait besoin d\u2019en faire la demande)&nbsp;: Fermeture du service de restauration et\/ou d\u2019h\u00e9bergement (gr\u00e8ve, \u00e9pid\u00e9mie\u2026) D\u00e9c\u00e8s de l\u2019\u00e9l\u00e8ve El\u00e8ve\u2026<\/p>\n<p class=\"continue-reading-button\"> <a class=\"continue-reading-link\" href=\"https:\/\/etab.ac-reunion.fr\/clg-leconte-de-lisle\/informations\/conditions-de-remise-dordre-sur-la-restauration-et-lhebergement\/\">Continuer \u00e0 lire<i class=\"crycon-right-dir\"><\/i><\/a><\/p>\n","protected":false},"author":18474,"featured_media":0,"parent":161,"menu_order":4,"comment_status":"closed","ping_status":"closed","template":"","meta":{"footnotes":""},"class_list":["post-1251","page","type-page","status-publish","hentry"],"_links":{"self":[{"href":"https:\/\/etab.ac-reunion.fr\/clg-leconte-de-lisle\/wp-json\/wp\/v2\/pages\/1251","targetHints":{"allow":["GET"]}}],"collection":[{"href":"https:\/\/etab.ac-reunion.fr\/clg-leconte-de-lisle\/wp-json\/wp\/v2\/pages"}],"about":[{"href":"https:\/\/etab.ac-reunion.fr\/clg-leconte-de-lisle\/wp-json\/wp\/v2\/types\/page"}],"author":[{"embeddable":true,"href":"https:\/\/etab.ac-reunion.fr\/clg-leconte-de-lisle\/wp-json\/wp\/v2\/users\/18474"}],"replies":[{"embeddable":true,"href":"https:\/\/etab.ac-reunion.fr\/clg-leconte-de-lisle\/wp-json\/wp\/v2\/comments?post=1251"}],"version-history":[{"count":4,"href":"https:\/\/etab.ac-reunion.fr\/clg-leconte-de-lisle\/wp-json\/wp\/v2\/pages\/1251\/revisions"}],"predecessor-version":[{"id":1256,"href":"https:\/\/etab.ac-reunion.fr\/clg-leconte-de-lisle\/wp-json\/wp\/v2\/pages\/1251\/revisions\/1256"}],"up":[{"embeddable":true,"href":"https:\/\/etab.ac-reunion.fr\/clg-leconte-de-lisle\/wp-json\/wp\/v2\/pages\/161"}],"wp:attachment":[{"href":"https:\/\/etab.ac-reunion.fr\/clg-leconte-de-lisle\/wp-json\/wp\/v2\/media?parent=1251"}],"curies":[{"name":"wp","href":"https:\/\/api.w.org\/{rel}","templated":true}]}}