{"id":183,"date":"2016-02-15T14:47:48","date_gmt":"2016-02-15T10:47:48","guid":{"rendered":"http:\/\/college-lecontedelisle-tmp.ac-reunion.fr\/?page_id=183"},"modified":"2022-02-18T12:52:22","modified_gmt":"2022-02-18T08:52:22","slug":"cdi","status":"publish","type":"page","link":"https:\/\/etab.ac-reunion.fr\/clg-leconte-de-lisle\/cdi\/","title":{"rendered":"CDI"},"content":{"rendered":"<p>Le CDI du coll\u00e8ge dispose d&rsquo;un blog, d&rsquo;un portail e-sidoc et d&rsquo;une galerie\u00a0d&rsquo;exposition qui sont mis \u00e0 jour r\u00e9guli\u00e8rement par la documentaliste.<\/p>\n<p>\u00a0<\/p>\n<p><a href=\"http:\/\/cdilecontedelisle.over-blog.com\/\"><img loading=\"lazy\" decoding=\"async\" class=\"alignnone wp-image-500 size-full\" src=\"https:\/\/etab.ac-reunion.fr\/clg-leconte-de-lisle\/wp-content\/uploads\/sites\/141\/2016\/02\/banniere-bleueblog-du-cdi-2.jpg\" alt=\"banniere bleue(blog du cdi 2)\" width=\"912\" height=\"150\" srcset=\"https:\/\/etab.ac-reunion.fr\/clg-leconte-de-lisle\/wp-content\/uploads\/sites\/141\/2016\/02\/banniere-bleueblog-du-cdi-2.jpg 912w, https:\/\/etab.ac-reunion.fr\/clg-leconte-de-lisle\/wp-content\/uploads\/sites\/141\/2016\/02\/banniere-bleueblog-du-cdi-2-300x49.jpg 300w, https:\/\/etab.ac-reunion.fr\/clg-leconte-de-lisle\/wp-content\/uploads\/sites\/141\/2016\/02\/banniere-bleueblog-du-cdi-2-768x126.jpg 768w, https:\/\/etab.ac-reunion.fr\/clg-leconte-de-lisle\/wp-content\/uploads\/sites\/141\/2016\/02\/banniere-bleueblog-du-cdi-2-150x25.jpg 150w\" sizes=\"auto, (max-width: 912px) 100vw, 912px\" \/><\/a><\/p>\n<p><a href=\"http:\/\/9740091f.esidoc.fr\/\"><img loading=\"lazy\" decoding=\"async\" class=\"alignnone wp-image-503 size-full\" src=\"https:\/\/etab.ac-reunion.fr\/clg-leconte-de-lisle\/wp-content\/uploads\/sites\/141\/2016\/02\/banniere-vertee-sidoc-2.jpg\" alt=\"banniere verte(e-sidoc 2)\" width=\"912\" height=\"150\" srcset=\"https:\/\/etab.ac-reunion.fr\/clg-leconte-de-lisle\/wp-content\/uploads\/sites\/141\/2016\/02\/banniere-vertee-sidoc-2.jpg 912w, https:\/\/etab.ac-reunion.fr\/clg-leconte-de-lisle\/wp-content\/uploads\/sites\/141\/2016\/02\/banniere-vertee-sidoc-2-300x49.jpg 300w, https:\/\/etab.ac-reunion.fr\/clg-leconte-de-lisle\/wp-content\/uploads\/sites\/141\/2016\/02\/banniere-vertee-sidoc-2-768x126.jpg 768w, https:\/\/etab.ac-reunion.fr\/clg-leconte-de-lisle\/wp-content\/uploads\/sites\/141\/2016\/02\/banniere-vertee-sidoc-2-150x25.jpg 150w\" sizes=\"auto, (max-width: 912px) 100vw, 912px\" \/><\/a><\/p>\n<p><a href=\"https:\/\/etab.ac-reunion.fr\/clg-leconte-de-lisle\/cdi\/exposition\/\"><img loading=\"lazy\" decoding=\"async\" class=\"alignnone wp-image-502 size-full\" src=\"https:\/\/etab.ac-reunion.fr\/clg-leconte-de-lisle\/wp-content\/uploads\/sites\/141\/2016\/02\/banniere-jauneexposition-2.jpg\" alt=\"banniere jaune(exposition 2)\" width=\"912\" height=\"150\" srcset=\"https:\/\/etab.ac-reunion.fr\/clg-leconte-de-lisle\/wp-content\/uploads\/sites\/141\/2016\/02\/banniere-jauneexposition-2.jpg 912w, https:\/\/etab.ac-reunion.fr\/clg-leconte-de-lisle\/wp-content\/uploads\/sites\/141\/2016\/02\/banniere-jauneexposition-2-300x49.jpg 300w, https:\/\/etab.ac-reunion.fr\/clg-leconte-de-lisle\/wp-content\/uploads\/sites\/141\/2016\/02\/banniere-jauneexposition-2-768x126.jpg 768w, https:\/\/etab.ac-reunion.fr\/clg-leconte-de-lisle\/wp-content\/uploads\/sites\/141\/2016\/02\/banniere-jauneexposition-2-150x25.jpg 150w\" sizes=\"auto, (max-width: 912px) 100vw, 912px\" \/><\/a><\/p>\n\n\n<figure class=\"wp-block-image size-full\"><a href=\"https:\/\/padlet.com\/cdi9740091f\/Bookmarks\"><img loading=\"lazy\" decoding=\"async\" width=\"827\" height=\"140\" src=\"https:\/\/etab.ac-reunion.fr\/clg-leconte-de-lisle\/wp-content\/uploads\/sites\/141\/2022\/02\/jeux-educatifs.png\" alt=\"\" class=\"wp-image-1881\" srcset=\"https:\/\/etab.ac-reunion.fr\/clg-leconte-de-lisle\/wp-content\/uploads\/sites\/141\/2022\/02\/jeux-educatifs.png 827w, https:\/\/etab.ac-reunion.fr\/clg-leconte-de-lisle\/wp-content\/uploads\/sites\/141\/2022\/02\/jeux-educatifs-300x51.png 300w, https:\/\/etab.ac-reunion.fr\/clg-leconte-de-lisle\/wp-content\/uploads\/sites\/141\/2022\/02\/jeux-educatifs-768x130.png 768w, https:\/\/etab.ac-reunion.fr\/clg-leconte-de-lisle\/wp-content\/uploads\/sites\/141\/2022\/02\/jeux-educatifs-150x25.png 150w\" sizes=\"auto, (max-width: 827px) 100vw, 827px\" \/><\/a><\/figure>\n\n\n\n<p><\/p>\n","protected":false},"excerpt":{"rendered":"<p>Le CDI du coll\u00e8ge dispose d&rsquo;un blog, d&rsquo;un portail e-sidoc et d&rsquo;une galerie\u00a0d&rsquo;exposition qui sont mis \u00e0 jour r\u00e9guli\u00e8rement par la documentaliste. \u00a0<\/p>\n<p class=\"continue-reading-button\"> <a class=\"continue-reading-link\" href=\"https:\/\/etab.ac-reunion.fr\/clg-leconte-de-lisle\/cdi\/\">Continuer \u00e0 lire<i class=\"crycon-right-dir\"><\/i><\/a><\/p>\n","protected":false},"author":10521,"featured_media":282,"parent":0,"menu_order":5,"comment_status":"closed","ping_status":"closed","template":"","meta":{"footnotes":""},"class_list":["post-183","page","type-page","status-publish","has-post-thumbnail","hentry"],"_links":{"self":[{"href":"https:\/\/etab.ac-reunion.fr\/clg-leconte-de-lisle\/wp-json\/wp\/v2\/pages\/183","targetHints":{"allow":["GET"]}}],"collection":[{"href":"https:\/\/etab.ac-reunion.fr\/clg-leconte-de-lisle\/wp-json\/wp\/v2\/pages"}],"about":[{"href":"https:\/\/etab.ac-reunion.fr\/clg-leconte-de-lisle\/wp-json\/wp\/v2\/types\/page"}],"author":[{"embeddable":true,"href":"https:\/\/etab.ac-reunion.fr\/clg-leconte-de-lisle\/wp-json\/wp\/v2\/users\/10521"}],"replies":[{"embeddable":true,"href":"https:\/\/etab.ac-reunion.fr\/clg-leconte-de-lisle\/wp-json\/wp\/v2\/comments?post=183"}],"version-history":[{"count":9,"href":"https:\/\/etab.ac-reunion.fr\/clg-leconte-de-lisle\/wp-json\/wp\/v2\/pages\/183\/revisions"}],"predecessor-version":[{"id":1883,"href":"https:\/\/etab.ac-reunion.fr\/clg-leconte-de-lisle\/wp-json\/wp\/v2\/pages\/183\/revisions\/1883"}],"wp:featuredmedia":[{"embeddable":true,"href":"https:\/\/etab.ac-reunion.fr\/clg-leconte-de-lisle\/wp-json\/wp\/v2\/media\/282"}],"wp:attachment":[{"href":"https:\/\/etab.ac-reunion.fr\/clg-leconte-de-lisle\/wp-json\/wp\/v2\/media?parent=183"}],"curies":[{"name":"wp","href":"https:\/\/api.w.org\/{rel}","templated":true}]}}