{"id":1055,"date":"2014-06-12T11:00:20","date_gmt":"2014-06-12T07:00:20","guid":{"rendered":"http:\/\/wpetab.ac-reunion.fr\/les-mascareignes\/wp-content\/uploads\/sites\/21\/2014\/06\/Info6-5-4.jpg"},"modified":"2014-06-12T11:00:20","modified_gmt":"2014-06-12T07:00:20","slug":"info6-5-4","status":"inherit","type":"attachment","link":"https:\/\/etab.ac-reunion.fr\/clg-les-mascareignes\/info6-5-4\/","title":{"rendered":"Info6-5-4"},"author":66,"featured_media":0,"comment_status":"open","ping_status":"open","template":"","meta":[],"class_list":["post-1055","attachment","type-attachment","status-inherit","hentry"],"description":{"rendered":"<p class=\"attachment\"><a href='https:\/\/etab.ac-reunion.fr\/clg-les-mascareignes\/wp-content\/uploads\/sites\/21\/2014\/06\/Info6-5-4.jpg'><img loading=\"lazy\" decoding=\"async\" width=\"300\" height=\"182\" src=\"https:\/\/etab.ac-reunion.fr\/clg-les-mascareignes\/wp-content\/uploads\/sites\/21\/2014\/06\/Info6-5-4-300x182.jpg\" class=\"attachment-medium size-medium\" alt=\"informations de fin d&#039;ann\u00e9e 6\u00e8me, 5\u00e8me et 4\u00e8me\" srcset=\"https:\/\/etab.ac-reunion.fr\/clg-les-mascareignes\/wp-content\/uploads\/sites\/21\/2014\/06\/Info6-5-4-300x182.jpg 300w, https:\/\/etab.ac-reunion.fr\/clg-les-mascareignes\/wp-content\/uploads\/sites\/21\/2014\/06\/Info6-5-4-1024x623.jpg 1024w, https:\/\/etab.ac-reunion.fr\/clg-les-mascareignes\/wp-content\/uploads\/sites\/21\/2014\/06\/Info6-5-4.jpg 1476w\" sizes=\"auto, (max-width: 300px) 100vw, 300px\" \/><\/a><\/p>\n"},"caption":{"rendered":"<p> <a class=\"continue-reading-link\" href=\"https:\/\/etab.ac-reunion.fr\/clg-les-mascareignes\/info6-5-4\/\"><span>Lire la suite<\/span><i class=\"crycon-right-dir\"><\/i><\/a> <\/p>\n"},"alt_text":"informations de fin d'ann\u00e9e 6\u00e8me, 5\u00e8me et 4\u00e8me","media_type":"image","mime_type":"image\/jpeg","media_details":{"width":1476,"height":898,"file":"2014\/06\/Info6-5-4.jpg","sizes":{"thumbnail":{"file":"Info6-5-4-150x150.jpg","width":150,"height":150,"mime_type":"image\/jpeg","source_url":"https:\/\/etab.ac-reunion.fr\/clg-les-mascareignes\/wp-content\/uploads\/sites\/21\/2014\/06\/Info6-5-4-150x150.jpg"},"medium":{"file":"Info6-5-4-300x182.jpg","width":300,"height":182,"mime_type":"image\/jpeg","source_url":"https:\/\/etab.ac-reunion.fr\/clg-les-mascareignes\/wp-content\/uploads\/sites\/21\/2014\/06\/Info6-5-4-300x182.jpg"},"large":{"file":"Info6-5-4-1024x623.jpg","width":1024,"height":623,"mime_type":"image\/jpeg","source_url":"https:\/\/etab.ac-reunion.fr\/clg-les-mascareignes\/wp-content\/uploads\/sites\/21\/2014\/06\/Info6-5-4-1024x623.jpg"},"et-blog-thumb":{"file":"Info6-5-4-630x210.jpg","width":630,"height":210,"mime_type":"image\/jpeg","source_url":"https:\/\/etab.ac-reunion.fr\/clg-les-mascareignes\/wp-content\/uploads\/sites\/21\/2014\/06\/Info6-5-4-630x210.jpg"},"et-featured-thumb":{"file":"Info6-5-4-960x360.jpg","width":960,"height":360,"mime_type":"image\/jpeg","source_url":"https:\/\/etab.ac-reunion.fr\/clg-les-mascareignes\/wp-content\/uploads\/sites\/21\/2014\/06\/Info6-5-4-960x360.jpg"},"et-widget-fromblog-thumb":{"file":"Info6-5-4-37x37.jpg","width":37,"height":37,"mime_type":"image\/jpeg","source_url":"https:\/\/etab.ac-reunion.fr\/clg-les-mascareignes\/wp-content\/uploads\/sites\/21\/2014\/06\/Info6-5-4-37x37.jpg"},"et-video-slider-thumb":{"file":"Info6-5-4-136x77.jpg","width":136,"height":77,"mime_type":"image\/jpeg","source_url":"https:\/\/etab.ac-reunion.fr\/clg-les-mascareignes\/wp-content\/uploads\/sites\/21\/2014\/06\/Info6-5-4-136x77.jpg"},"et-home-image-thumb":{"file":"Info6-5-4-128x128.jpg","width":128,"height":128,"mime_type":"image\/jpeg","source_url":"https:\/\/etab.ac-reunion.fr\/clg-les-mascareignes\/wp-content\/uploads\/sites\/21\/2014\/06\/Info6-5-4-128x128.jpg"},"et-blog-page-thumb":{"file":"Info6-5-4-184x184.jpg","width":184,"height":184,"mime_type":"image\/jpeg","source_url":"https:\/\/etab.ac-reunion.fr\/clg-les-mascareignes\/wp-content\/uploads\/sites\/21\/2014\/06\/Info6-5-4-184x184.jpg"},"et-gallery-page-thumb":{"file":"Info6-5-4-207x136.jpg","width":207,"height":136,"mime_type":"image\/jpeg","source_url":"https:\/\/etab.ac-reunion.fr\/clg-les-mascareignes\/wp-content\/uploads\/sites\/21\/2014\/06\/Info6-5-4-207x136.jpg"},"et-portfolio-medium-page-thumb":{"file":"Info6-5-4-260x170.jpg","width":260,"height":170,"mime_type":"image\/jpeg","source_url":"https:\/\/etab.ac-reunion.fr\/clg-les-mascareignes\/wp-content\/uploads\/sites\/21\/2014\/06\/Info6-5-4-260x170.jpg"},"et-portfolio-medium-portrait-page-thumb":{"file":"Info6-5-4-260x315.jpg","width":260,"height":315,"mime_type":"image\/jpeg","source_url":"https:\/\/etab.ac-reunion.fr\/clg-les-mascareignes\/wp-content\/uploads\/sites\/21\/2014\/06\/Info6-5-4-260x315.jpg"},"et-portfolio-small-page-thumb":{"file":"Info6-5-4-140x94.jpg","width":140,"height":94,"mime_type":"image\/jpeg","source_url":"https:\/\/etab.ac-reunion.fr\/clg-les-mascareignes\/wp-content\/uploads\/sites\/21\/2014\/06\/Info6-5-4-140x94.jpg"},"et-portfolio-small-portrait-page-thumb":{"file":"Info6-5-4-140x170.jpg","width":140,"height":170,"mime_type":"image\/jpeg","source_url":"https:\/\/etab.ac-reunion.fr\/clg-les-mascareignes\/wp-content\/uploads\/sites\/21\/2014\/06\/Info6-5-4-140x170.jpg"},"et-portfolio-large-page-thumb":{"file":"Info6-5-4-430x283.jpg","width":430,"height":283,"mime_type":"image\/jpeg","source_url":"https:\/\/etab.ac-reunion.fr\/clg-les-mascareignes\/wp-content\/uploads\/sites\/21\/2014\/06\/Info6-5-4-430x283.jpg"},"et-portfolio-large-portrait-page-thumb":{"file":"Info6-5-4-430x860.jpg","width":430,"height":860,"mime_type":"image\/jpeg","source_url":"https:\/\/etab.ac-reunion.fr\/clg-les-mascareignes\/wp-content\/uploads\/sites\/21\/2014\/06\/Info6-5-4-430x860.jpg"},"full":{"file":"Info6-5-4.jpg","width":1476,"height":898,"mime_type":"image\/jpeg","source_url":"https:\/\/etab.ac-reunion.fr\/clg-les-mascareignes\/wp-content\/uploads\/sites\/21\/2014\/06\/Info6-5-4.jpg"}},"image_meta":{"aperture":0,"credit":"","camera":"","caption":"","created_timestamp":0,"copyright":"","focal_length":0,"iso":0,"shutter_speed":0,"title":""}},"post":null,"source_url":"https:\/\/etab.ac-reunion.fr\/clg-les-mascareignes\/wp-content\/uploads\/sites\/21\/2014\/06\/Info6-5-4.jpg","_links":{"self":[{"href":"https:\/\/etab.ac-reunion.fr\/clg-les-mascareignes\/wp-json\/wp\/v2\/media\/1055","targetHints":{"allow":["GET"]}}],"collection":[{"href":"https:\/\/etab.ac-reunion.fr\/clg-les-mascareignes\/wp-json\/wp\/v2\/media"}],"about":[{"href":"https:\/\/etab.ac-reunion.fr\/clg-les-mascareignes\/wp-json\/wp\/v2\/types\/attachment"}],"author":[{"embeddable":true,"href":"https:\/\/etab.ac-reunion.fr\/clg-les-mascareignes\/wp-json\/wp\/v2\/users\/66"}]}}

<p class="attachment"><a href='https://etab.ac-reunion.fr/clg-les-mascareignes/wp-content/uploads/sites/21/2014/06/Info6-5-4.jpg'><img loading="lazy" decoding="async" width="300" height="182" src="https://etab.ac-reunion.fr/clg-les-mascareignes/wp-content/uploads/sites/21/2014/06/Info6-5-4-300x182.jpg" class="attachment-medium size-medium" alt="informations de fin d&#039;année 6ème, 5ème et 4ème" srcset="https://etab.ac-reunion.fr/clg-les-mascareignes/wp-content/uploads/sites/21/2014/06/Info6-5-4-300x182.jpg 300w, https://etab.ac-reunion.fr/clg-les-mascareignes/wp-content/uploads/sites/21/2014/06/Info6-5-4-1024x623.jpg 1024w, https://etab.ac-reunion.fr/clg-les-mascareignes/wp-content/uploads/sites/21/2014/06/Info6-5-4.jpg 1476w" sizes="auto, (max-width: 300px) 100vw, 300px" /></a></p>

informations de fin d'année 6ème, 5ème et 4ème
