{"id":2208,"date":"2019-02-28T13:40:59","date_gmt":"2019-02-28T09:40:59","guid":{"rendered":"http:\/\/college-ligne-bambous.ac-reunion.fr\/?page_id=2208"},"modified":"2020-04-06T20:28:24","modified_gmt":"2020-04-06T16:28:24","slug":"mentions-legales-donnees-personnelles","status":"publish","type":"page","link":"https:\/\/etab.ac-reunion.fr\/clg-ligne-des-bambous\/mentions-legales-donnees-personnelles\/","title":{"rendered":"Mentions l\u00e9gales \/ Donn\u00e9es personnelles"},"content":{"rendered":"<h3>Mentions l\u00e9gales<\/h3>\n<p><strong>Adresse de l&rsquo;\u00e9tablissement ;<\/strong><\/p>\n<p>Coll\u00e8ge de la Ligne des Bambous<br \/>\n37 rue Baillif<br \/>\n97432 Ligne des Bambous \/ Saint Pierre<br \/>\nT\u00e9l. : +262 (0)2 62 55 19 30<br \/>\nmail : ce.9741346v@ac-reunion.fr<\/p>\n<p><strong>Directeur de la publication<\/strong> :<\/p>\n<p>M. Techer, principal du coll\u00e8ge<\/p>\n<p><strong>H\u00e9bergeur du site :<\/strong><\/p>\n<p>Rectorat de l\u2019acad\u00e9mie de la R\u00e9union<br \/>\n24, avenue Georges Brassens<br \/>\nCS 71003<br \/>\n97743 Saint Denis Cedex 9<br \/>\nT\u00e9l. : +262 (0)2 62 48 10 10<\/p>\n<h3>Donn\u00e9es personnelles :<\/h3>\n<p>L\u2019\u00e9tablissement traite des donn\u00e9es personnelles conform\u00e9ment au R\u00e8glement G\u00e9n\u00e9ral sur la Protection des Donn\u00e9es (RGPD) et \u00e0 la loi Informatiques et Libert\u00e9s.<\/p>\n<p><strong>Politique de protection des donn\u00e9es : <\/strong><\/p>\n<p>Exercez vos droits :<br \/>\nPour toute information ou exercice de vos droits Informatique et Libert\u00e9s sur les traitements de donn\u00e9es personnelles g\u00e9r\u00e9s par l\u2019\u00e9tablissement, vous pouvez nous contacter :<br \/>\nPar courrier (avec copie de votre pi\u00e8ce d\u2019identit\u00e9 en cas d\u2019exercice de vos droits) \u00e0 l\u2019adresse du coll\u00e8ge indiqu\u00e9e ci-dessus dans la rubrique \u00ab\u00a0mentions l\u00e9gales\u00a0\u00bb.<br \/>\nPar mail : cdi.col-bambous@ac-reunion ou ce.9741346v@ac-reunion.fr<\/p>\n<p>&nbsp;<\/p>\n<p><strong>Toute publication d&rsquo;images \u00e9manant de ce site est strictement interdite.\u00a0<\/strong><\/p>\n<p>&nbsp;<\/p>\n<p>&nbsp;<\/p>\n<p>&nbsp;<\/p>\n","protected":false},"excerpt":{"rendered":"<p>Mentions l\u00e9gales Adresse de l&rsquo;\u00e9tablissement ; Coll\u00e8ge de la Ligne des Bambous 37 rue Baillif 97432 Ligne des Bambous \/ Saint Pierre T\u00e9l. : +262 (0)2 62 55 19 30 mail : ce.9741346v@ac-reunion.fr Directeur de la publication : M. Techer, principal du coll\u00e8ge H\u00e9bergeur du site : Rectorat de l\u2019acad\u00e9mie\u2026<\/p>\n<p class=\"continue-reading-button\"> <a class=\"continue-reading-link\" href=\"https:\/\/etab.ac-reunion.fr\/clg-ligne-des-bambous\/mentions-legales-donnees-personnelles\/\">Pour continuer \u00e0 lire<i class=\"crycon-right-dir\"><\/i><\/a><\/p>\n","protected":false},"author":16631,"featured_media":0,"parent":0,"menu_order":0,"comment_status":"closed","ping_status":"closed","template":"","meta":{"footnotes":""},"class_list":["post-2208","page","type-page","status-publish","hentry"],"_links":{"self":[{"href":"https:\/\/etab.ac-reunion.fr\/clg-ligne-des-bambous\/wp-json\/wp\/v2\/pages\/2208","targetHints":{"allow":["GET"]}}],"collection":[{"href":"https:\/\/etab.ac-reunion.fr\/clg-ligne-des-bambous\/wp-json\/wp\/v2\/pages"}],"about":[{"href":"https:\/\/etab.ac-reunion.fr\/clg-ligne-des-bambous\/wp-json\/wp\/v2\/types\/page"}],"author":[{"embeddable":true,"href":"https:\/\/etab.ac-reunion.fr\/clg-ligne-des-bambous\/wp-json\/wp\/v2\/users\/16631"}],"replies":[{"embeddable":true,"href":"https:\/\/etab.ac-reunion.fr\/clg-ligne-des-bambous\/wp-json\/wp\/v2\/comments?post=2208"}],"version-history":[{"count":7,"href":"https:\/\/etab.ac-reunion.fr\/clg-ligne-des-bambous\/wp-json\/wp\/v2\/pages\/2208\/revisions"}],"predecessor-version":[{"id":2676,"href":"https:\/\/etab.ac-reunion.fr\/clg-ligne-des-bambous\/wp-json\/wp\/v2\/pages\/2208\/revisions\/2676"}],"wp:attachment":[{"href":"https:\/\/etab.ac-reunion.fr\/clg-ligne-des-bambous\/wp-json\/wp\/v2\/media?parent=2208"}],"curies":[{"name":"wp","href":"https:\/\/api.w.org\/{rel}","templated":true}]}}