{"id":3133,"date":"2022-04-15T16:51:33","date_gmt":"2022-04-15T12:51:33","guid":{"rendered":"http:\/\/college-quartierfrancais.ac-reunion.fr\/?page_id=3133"},"modified":"2022-06-16T13:53:02","modified_gmt":"2022-06-16T09:53:02","slug":"assistante-sociale","status":"publish","type":"page","link":"https:\/\/etab.ac-reunion.fr\/clg-lucet-langenier\/assistante-sociale\/","title":{"rendered":"Assistante sociale"},"content":{"rendered":"<p>L\u2019assistante de service social m\u00e8nera des actions individuelles aupr\u00e8s des \u00e9l\u00e8ves et des familles (m\u00e9diation, conseil, soutien, aide , information, suivi, bilan)en partenariat avec les acteurs \u00a0internes et externes \u00e0 l\u2019\u00e9tablissement (r\u00e9unions, liaisons, bilans, synth\u00e8ses)et des actions collectives ( des \u00a0actions de pr\u00e9vention \u00e0 vis\u00e9e informative \u00a0aupr\u00e8s des \u00e9l\u00e8ves, des familles, de la communaut\u00e9 \u00e9ducative, sur diff\u00e9rents th\u00e8mes ).<\/p>\n<div>Elle accueille les parents :<\/div>\n<ul>\n<li>le lundi de 8h30 \u00e0 11h30 sans RDV,<\/li>\n<li>les mardi, mercredi et vendredi de 8h30 \u00e0 11h30 sur rdv,<\/li>\n<li>le jeudi de 12h30 \u00e0 15h30 sur RDV<\/li>\n<\/ul>\n","protected":false},"excerpt":{"rendered":"<p>L\u2019assistante de service social m\u00e8nera des actions individuelles aupr\u00e8s des \u00e9l\u00e8ves et des familles (m\u00e9diation, conseil, soutien, aide , information, suivi, bilan)en partenariat avec les acteurs \u00a0internes et externes \u00e0 l\u2019\u00e9tablissement (r\u00e9unions, liaisons, bilans, synth\u00e8ses)et des actions collectives ( des \u00a0actions de pr\u00e9vention \u00e0 vis\u00e9e informative \u00a0aupr\u00e8s des \u00e9l\u00e8ves, des familles, de la communaut\u00e9 \u00e9ducative, [&hellip;]<\/p>\n","protected":false},"author":28098,"featured_media":0,"parent":0,"menu_order":0,"comment_status":"closed","ping_status":"closed","template":"","meta":{"_et_pb_use_builder":"","_et_pb_old_content":"","_et_gb_content_width":"","footnotes":""},"class_list":["post-3133","page","type-page","status-publish","hentry"],"_links":{"self":[{"href":"https:\/\/etab.ac-reunion.fr\/clg-lucet-langenier\/wp-json\/wp\/v2\/pages\/3133","targetHints":{"allow":["GET"]}}],"collection":[{"href":"https:\/\/etab.ac-reunion.fr\/clg-lucet-langenier\/wp-json\/wp\/v2\/pages"}],"about":[{"href":"https:\/\/etab.ac-reunion.fr\/clg-lucet-langenier\/wp-json\/wp\/v2\/types\/page"}],"author":[{"embeddable":true,"href":"https:\/\/etab.ac-reunion.fr\/clg-lucet-langenier\/wp-json\/wp\/v2\/users\/28098"}],"replies":[{"embeddable":true,"href":"https:\/\/etab.ac-reunion.fr\/clg-lucet-langenier\/wp-json\/wp\/v2\/comments?post=3133"}],"version-history":[{"count":5,"href":"https:\/\/etab.ac-reunion.fr\/clg-lucet-langenier\/wp-json\/wp\/v2\/pages\/3133\/revisions"}],"predecessor-version":[{"id":3298,"href":"https:\/\/etab.ac-reunion.fr\/clg-lucet-langenier\/wp-json\/wp\/v2\/pages\/3133\/revisions\/3298"}],"wp:attachment":[{"href":"https:\/\/etab.ac-reunion.fr\/clg-lucet-langenier\/wp-json\/wp\/v2\/media?parent=3133"}],"curies":[{"name":"wp","href":"https:\/\/api.w.org\/{rel}","templated":true}]}}