{"id":2398,"date":"2020-12-01T18:05:18","date_gmt":"2020-12-01T17:05:18","guid":{"rendered":"http:\/\/college-mahe-labourdonnais.ac-reunion.fr\/?page_id=2398"},"modified":"2021-06-29T15:23:28","modified_gmt":"2021-06-29T11:23:28","slug":"carte-des-formations","status":"publish","type":"page","link":"https:\/\/etab.ac-reunion.fr\/clg-mahe-de-labourdonnais\/pedagogie\/carte-des-formations\/","title":{"rendered":"Carte des formations"},"content":{"rendered":"<p>Le coll\u00e8ge Mah\u00e9 de La Bourdonnais propose de nombreux parcours et options qui sont int\u00e9gr\u00e9s dans les emplois du temps des \u00e9l\u00e8ves :<\/p>\n<ul>\n<li><strong>En sport :<\/strong><\/li>\n<\/ul>\n<ol>\n<li><a href=\"https:\/\/etab.ac-reunion.fr\/clg-mahe-de-labourdonnais\/section-sportive-tennis\/\">Section Sportive Tennis<\/a>, d\u00e8s la 6\u00e8me<\/li>\n<li><a href=\"https:\/\/etab.ac-reunion.fr\/clg-mahe-de-labourdonnais\/section-sportive-pelote\/\">Section Sportive Pelote<\/a>, d\u00e8s la 6\u00e8me<\/li>\n<\/ol>\n<ul>\n<li><strong>En th\u00e9\u00e2tre :<\/strong><a href=\"https:\/\/etab.ac-reunion.fr\/clg-mahe-de-labourdonnais\/la-chat-classe-a-horaires-amenages-theatre\/\">La Classe \u00e0 Horaires Am\u00e9nag\u00e9s pour le Th\u00e9\u00e2tre (CHAT)<\/a>, d\u00e8s la 6\u00e8me<\/li>\n<li><strong>En langues :<\/strong><\/li>\n<\/ul>\n<ol>\n<li><a href=\"https:\/\/etab.ac-reunion.fr\/clg-mahe-de-labourdonnais\/la-classe-bilangue-espagnol\/\">Bilangue espagnol<\/a>, d\u00e8s la 6\u00e8me<\/li>\n<li><a href=\"https:\/\/etab.ac-reunion.fr\/clg-mahe-de-labourdonnais\/bilangue-allemand\/\">Bilangue allemand<\/a> d\u00e8s la 6\u00e8me, s&rsquo;il y a assez de demandes<\/li>\n<li><a href=\"https:\/\/etab.ac-reunion.fr\/clg-mahe-de-labourdonnais\/euro-anglais\/\">Euro Anglais<\/a>, \u00e0 partir de la 4\u00e8me<\/li>\n<\/ol>\n<ul>\n<li><strong>En SEGPA :<\/strong><\/li>\n<\/ul>\n<ol>\n<li>HAS (Hygi\u00e8ne, Alimentation, Services), d\u00e8s la 4\u00e8me<\/li>\n<li>Habitat (construction, cr\u00e9ation de meubles et d&rsquo;objets d\u00e9coratifs, etc&#8230;), d\u00e8s la 4\u00e8me<\/li>\n<\/ol>\n<ul>\n<li><strong>Pour les \u00e9l\u00e8ves de 3\u00e8me :\u00a0<\/strong><\/li>\n<\/ul>\n<ol>\n<li><a href=\"https:\/\/etab.ac-reunion.fr\/clg-mahe-de-labourdonnais\/la-3eme-prepa-metiers\/\">3\u00e8me Pr\u00e9pa Pro, d\u00e9couverte professionnelle<\/a><\/li>\n<li><a href=\"https:\/\/etab.ac-reunion.fr\/clg-mahe-de-labourdonnais\/classe-defense-et-securite\/\">3\u00e8me D\u00e9fense et S\u00e9curit\u00e9<\/a><\/li>\n<\/ol>\n<ul>\n<li><strong>ULIS<\/strong> : de la 6\u00e8me \u00e0 la 3\u00e8me, le coll\u00e8ge accueille une quinzaine d&rsquo;\u00e9l\u00e8ves porteurs de handicap. Ils sont suivis en classe, quand cela est n\u00e9cessaire, par un(e) assistant(e), et ils sont accompagn\u00e9s par deux r\u00e9f\u00e9rents pour le travail et la vie scolaire.<\/li>\n<\/ul>\n<p>&nbsp;<\/p>\n<ul>\n<li><strong>UPE2A<\/strong> : Ce dispositif propose un accompagnement pour la ma\u00eetrise de la langue fran\u00e7aise aux \u00e9l\u00e8ves allophones.<\/li>\n<\/ul>\n","protected":false},"excerpt":{"rendered":"<p>Le coll\u00e8ge Mah\u00e9 de La Bourdonnais propose de nombreux parcours et options qui sont int\u00e9gr\u00e9s dans les emplois du temps des \u00e9l\u00e8ves : En sport &hellip;<\/p>\n","protected":false},"author":2809,"featured_media":0,"parent":2400,"menu_order":0,"comment_status":"closed","ping_status":"closed","template":"","meta":{"footnotes":""},"class_list":["post-2398","page","type-page","status-publish","hentry"],"_links":{"self":[{"href":"https:\/\/etab.ac-reunion.fr\/clg-mahe-de-labourdonnais\/wp-json\/wp\/v2\/pages\/2398","targetHints":{"allow":["GET"]}}],"collection":[{"href":"https:\/\/etab.ac-reunion.fr\/clg-mahe-de-labourdonnais\/wp-json\/wp\/v2\/pages"}],"about":[{"href":"https:\/\/etab.ac-reunion.fr\/clg-mahe-de-labourdonnais\/wp-json\/wp\/v2\/types\/page"}],"author":[{"embeddable":true,"href":"https:\/\/etab.ac-reunion.fr\/clg-mahe-de-labourdonnais\/wp-json\/wp\/v2\/users\/2809"}],"replies":[{"embeddable":true,"href":"https:\/\/etab.ac-reunion.fr\/clg-mahe-de-labourdonnais\/wp-json\/wp\/v2\/comments?post=2398"}],"version-history":[{"count":10,"href":"https:\/\/etab.ac-reunion.fr\/clg-mahe-de-labourdonnais\/wp-json\/wp\/v2\/pages\/2398\/revisions"}],"predecessor-version":[{"id":3347,"href":"https:\/\/etab.ac-reunion.fr\/clg-mahe-de-labourdonnais\/wp-json\/wp\/v2\/pages\/2398\/revisions\/3347"}],"up":[{"embeddable":true,"href":"https:\/\/etab.ac-reunion.fr\/clg-mahe-de-labourdonnais\/wp-json\/wp\/v2\/pages\/2400"}],"wp:attachment":[{"href":"https:\/\/etab.ac-reunion.fr\/clg-mahe-de-labourdonnais\/wp-json\/wp\/v2\/media?parent=2398"}],"curies":[{"name":"wp","href":"https:\/\/api.w.org\/{rel}","templated":true}]}}