{"id":2472,"date":"2021-01-24T22:03:09","date_gmt":"2021-01-24T18:03:09","guid":{"rendered":"http:\/\/college-mahe-labourdonnais.ac-reunion.fr\/?page_id=2472"},"modified":"2021-06-15T22:58:37","modified_gmt":"2021-06-15T18:58:37","slug":"section-sportive-pelote","status":"publish","type":"page","link":"https:\/\/etab.ac-reunion.fr\/clg-mahe-de-labourdonnais\/section-sportive-pelote\/","title":{"rendered":"Section Sportive Pelote"},"content":{"rendered":"<p align=\"center\"><div class=\"su-image-carousel  su-image-carousel-has-spacing su-image-carousel-crop su-image-carousel-crop-4-3 su-image-carousel-has-outline su-image-carousel-adaptive su-image-carousel-slides-style-default su-image-carousel-controls-style-dark su-image-carousel-align-none\" style=\"\" data-flickity-options='{\"groupCells\":true,\"cellSelector\":\".su-image-carousel-item\",\"adaptiveHeight\":false,\"cellAlign\":\"left\",\"prevNextButtons\":true,\"pageDots\":true,\"autoPlay\":5000,\"imagesLoaded\":true,\"contain\":true,\"selectedAttraction\":0.025,\"friction\":0.28}' id=\"su_image_carousel_69f4a6782f816\"><div class=\"su-image-carousel-item\"><div class=\"su-image-carousel-item-content\"><img loading=\"lazy\" decoding=\"async\" width=\"1024\" height=\"682\" src=\"https:\/\/etab.ac-reunion.fr\/clg-mahe-de-labourdonnais\/wp-content\/uploads\/sites\/23\/2021\/04\/DAVIDBLAINEAU0692014584-30-1024x682.jpg\" class=\"\" alt=\"Pelote Basque\" srcset=\"https:\/\/etab.ac-reunion.fr\/clg-mahe-de-labourdonnais\/wp-content\/uploads\/sites\/23\/2021\/04\/DAVIDBLAINEAU0692014584-30-1024x682.jpg 1024w, https:\/\/etab.ac-reunion.fr\/clg-mahe-de-labourdonnais\/wp-content\/uploads\/sites\/23\/2021\/04\/DAVIDBLAINEAU0692014584-30-300x200.jpg 300w, https:\/\/etab.ac-reunion.fr\/clg-mahe-de-labourdonnais\/wp-content\/uploads\/sites\/23\/2021\/04\/DAVIDBLAINEAU0692014584-30-768x512.jpg 768w, https:\/\/etab.ac-reunion.fr\/clg-mahe-de-labourdonnais\/wp-content\/uploads\/sites\/23\/2021\/04\/DAVIDBLAINEAU0692014584-30-140x94.jpg 140w, https:\/\/etab.ac-reunion.fr\/clg-mahe-de-labourdonnais\/wp-content\/uploads\/sites\/23\/2021\/04\/DAVIDBLAINEAU0692014584-30.jpg 1280w\" sizes=\"auto, (max-width: 1024px) 100vw, 1024px\" \/><\/div><\/div><div class=\"su-image-carousel-item\"><div class=\"su-image-carousel-item-content\"><img loading=\"lazy\" decoding=\"async\" width=\"1024\" height=\"682\" src=\"https:\/\/etab.ac-reunion.fr\/clg-mahe-de-labourdonnais\/wp-content\/uploads\/sites\/23\/2021\/04\/DAVIDBLAINEAU0692014584-22-1024x682.jpg\" class=\"\" alt=\"\" srcset=\"https:\/\/etab.ac-reunion.fr\/clg-mahe-de-labourdonnais\/wp-content\/uploads\/sites\/23\/2021\/04\/DAVIDBLAINEAU0692014584-22-1024x682.jpg 1024w, https:\/\/etab.ac-reunion.fr\/clg-mahe-de-labourdonnais\/wp-content\/uploads\/sites\/23\/2021\/04\/DAVIDBLAINEAU0692014584-22-300x200.jpg 300w, https:\/\/etab.ac-reunion.fr\/clg-mahe-de-labourdonnais\/wp-content\/uploads\/sites\/23\/2021\/04\/DAVIDBLAINEAU0692014584-22-768x512.jpg 768w, https:\/\/etab.ac-reunion.fr\/clg-mahe-de-labourdonnais\/wp-content\/uploads\/sites\/23\/2021\/04\/DAVIDBLAINEAU0692014584-22-140x94.jpg 140w, https:\/\/etab.ac-reunion.fr\/clg-mahe-de-labourdonnais\/wp-content\/uploads\/sites\/23\/2021\/04\/DAVIDBLAINEAU0692014584-22.jpg 1280w\" sizes=\"auto, (max-width: 1024px) 100vw, 1024px\" \/><\/div><\/div><div class=\"su-image-carousel-item\"><div class=\"su-image-carousel-item-content\"><img loading=\"lazy\" decoding=\"async\" width=\"1024\" height=\"682\" src=\"https:\/\/etab.ac-reunion.fr\/clg-mahe-de-labourdonnais\/wp-content\/uploads\/sites\/23\/2021\/04\/DAVIDBLAINEAU0692014584-14-1024x682.jpg\" class=\"\" alt=\"\" srcset=\"https:\/\/etab.ac-reunion.fr\/clg-mahe-de-labourdonnais\/wp-content\/uploads\/sites\/23\/2021\/04\/DAVIDBLAINEAU0692014584-14-1024x682.jpg 1024w, https:\/\/etab.ac-reunion.fr\/clg-mahe-de-labourdonnais\/wp-content\/uploads\/sites\/23\/2021\/04\/DAVIDBLAINEAU0692014584-14-300x200.jpg 300w, https:\/\/etab.ac-reunion.fr\/clg-mahe-de-labourdonnais\/wp-content\/uploads\/sites\/23\/2021\/04\/DAVIDBLAINEAU0692014584-14-768x512.jpg 768w, https:\/\/etab.ac-reunion.fr\/clg-mahe-de-labourdonnais\/wp-content\/uploads\/sites\/23\/2021\/04\/DAVIDBLAINEAU0692014584-14-140x94.jpg 140w, https:\/\/etab.ac-reunion.fr\/clg-mahe-de-labourdonnais\/wp-content\/uploads\/sites\/23\/2021\/04\/DAVIDBLAINEAU0692014584-14.jpg 1280w\" sizes=\"auto, (max-width: 1024px) 100vw, 1024px\" \/><\/div><\/div><\/div><script id=\"su_image_carousel_69f4a6782f816_script\">if(window.SUImageCarousel){setTimeout(function() {window.SUImageCarousel.initGallery(document.getElementById(\"su_image_carousel_69f4a6782f816\"))}, 0);}var su_image_carousel_69f4a6782f816_script=document.getElementById(\"su_image_carousel_69f4a6782f816_script\");if(su_image_carousel_69f4a6782f816_script){su_image_carousel_69f4a6782f816_script.parentNode.removeChild(su_image_carousel_69f4a6782f816_script);}<\/script>\n<p align=\"center\"><span style=\"font-size: medium\"><u><b>CHOIX de l\u2019OPTION \u00ab\u00a0SECTION SPORTIVE PELOTE BASQUE\u00a0\u00bb ann\u00e9e 2021 -2022<\/b><\/u><\/span><\/p>\n<p>La section sportive pelote basque est une option destin\u00e9e aux \u00e9l\u00e8ves qui souhaitent pratiquer cette activit\u00e9 de fa\u00e7on intensive, comp\u00e9titive en compl\u00e9ment de l\u2019EPS, de l\u2019Association Sportive et du club.<\/p>\n<p>Les volumes horaires sont les suivants\u00a0:<\/p>\n<p>&#8211; EPS obligatoire\u00a0: 4h\/sem en 6\u00e8 puis 3h\/sem en 5\u00e8, 4\u00e8 et 3\u00e8.<\/p>\n<p>&#8211; Association Sportive\u00a0: 2h\/sem<\/p>\n<p>&#8211; Section sportive\u00a0: 4h\/sem<\/p>\n<p>&#8211; Club\u00a0: 2h\/sem<\/p>\n<p>Total de pratique de l\u2019activit\u00e9 sup\u00e9rieur \u00e0 10h par semaine.<\/p>\n<p><u><b>Conditions pour int\u00e9grer la SECTION SPORTIVE en 2021 -2022\u00a0:<\/b><\/u><\/p>\n<p>&#8211; faire la preuve de leur engagement en EPS et de leur capacit\u00e9 \u00e0 supporter toute cette pratique physique.<\/p>\n<p>&#8211; <b>participer \u00e0 l\u2019Association Sportive Pelote cette ann\u00e9e\u00a0! <\/b><\/p>\n<p><b>Les nouvelles candidatures d\u2019\u00e9l\u00e8ves d\u00e9butants en 5\u00e8 \/ 4\u00e8 \/ 3\u00e8 ne seront pas retenues.<\/b><\/p>\n<p><b>Association sportive\u00a0<\/b>: tous les mercredis de 12h30 \u00e0 14h30 au gymnase Fontano Welmant \u00e0 c\u00f4t\u00e9 de l\u2019\u00e9cole Damase Legros<\/p>\n<p><b>P.SANGLAR <\/b>(Enseignant d\u2019EPS, responsable de la section sportive pelote basque)<\/p>\n<div style=\"width: 960px;\" class=\"wp-video\"><video class=\"wp-video-shortcode\" id=\"video-2472-1\" width=\"960\" height=\"540\" preload=\"metadata\" controls=\"controls\"><source type=\"video\/mp4\" src=\"https:\/\/etab.ac-reunion.fr\/clg-mahe-de-labourdonnais\/wp-content\/uploads\/sites\/23\/2021\/06\/vide\u0301o-pelote-ultralight.mp4?_=1\" \/><a href=\"https:\/\/etab.ac-reunion.fr\/clg-mahe-de-labourdonnais\/wp-content\/uploads\/sites\/23\/2021\/06\/vide\u0301o-pelote-ultralight.mp4\">https:\/\/etab.ac-reunion.fr\/clg-mahe-de-labourdonnais\/wp-content\/uploads\/sites\/23\/2021\/06\/vide\u0301o-pelote-ultralight.mp4<\/a><\/video><\/div>\n<div class=\"su-divider su-divider-style-default\" style=\"margin:15px 0;border-width:3px;border-color:#999999\"><\/div>\n","protected":false},"excerpt":{"rendered":"<p>CHOIX de l\u2019OPTION \u00ab\u00a0SECTION SPORTIVE PELOTE BASQUE\u00a0\u00bb ann\u00e9e 2021 -2022 La section sportive pelote basque est une option destin\u00e9e aux \u00e9l\u00e8ves qui souhaitent pratiquer cette &hellip;<\/p>\n","protected":false},"author":2809,"featured_media":0,"parent":0,"menu_order":0,"comment_status":"closed","ping_status":"closed","template":"page-template-portfolio.php","meta":{"footnotes":""},"class_list":["post-2472","page","type-page","status-publish","hentry"],"_links":{"self":[{"href":"https:\/\/etab.ac-reunion.fr\/clg-mahe-de-labourdonnais\/wp-json\/wp\/v2\/pages\/2472","targetHints":{"allow":["GET"]}}],"collection":[{"href":"https:\/\/etab.ac-reunion.fr\/clg-mahe-de-labourdonnais\/wp-json\/wp\/v2\/pages"}],"about":[{"href":"https:\/\/etab.ac-reunion.fr\/clg-mahe-de-labourdonnais\/wp-json\/wp\/v2\/types\/page"}],"author":[{"embeddable":true,"href":"https:\/\/etab.ac-reunion.fr\/clg-mahe-de-labourdonnais\/wp-json\/wp\/v2\/users\/2809"}],"replies":[{"embeddable":true,"href":"https:\/\/etab.ac-reunion.fr\/clg-mahe-de-labourdonnais\/wp-json\/wp\/v2\/comments?post=2472"}],"version-history":[{"count":7,"href":"https:\/\/etab.ac-reunion.fr\/clg-mahe-de-labourdonnais\/wp-json\/wp\/v2\/pages\/2472\/revisions"}],"predecessor-version":[{"id":3152,"href":"https:\/\/etab.ac-reunion.fr\/clg-mahe-de-labourdonnais\/wp-json\/wp\/v2\/pages\/2472\/revisions\/3152"}],"wp:attachment":[{"href":"https:\/\/etab.ac-reunion.fr\/clg-mahe-de-labourdonnais\/wp-json\/wp\/v2\/media?parent=2472"}],"curies":[{"name":"wp","href":"https:\/\/api.w.org\/{rel}","templated":true}]}}

<p align="center"><div class="su-image-carousel  su-image-carousel-has-spacing su-image-carousel-crop su-image-carousel-crop-4-3 su-image-carousel-has-outline su-image-carousel-adaptive su-image-carousel-slides-style-default su-image-carousel-controls-style-dark su-image-carousel-align-none" style="" data-flickity-options='{"groupCells":true,"cellSelector":".su-image-carousel-item","adaptiveHeight":false,"cellAlign":"left","prevNextButtons":true,"pageDots":true,"autoPlay":5000,"imagesLoaded":true,"contain":true,"selectedAttraction":0.025,"friction":0.28}' id="su_image_carousel_69f4a6782f816"><div class="su-image-carousel-item"><div class="su-image-carousel-item-content"><img loading="lazy" decoding="async" width="1024" height="682" src="https://etab.ac-reunion.fr/clg-mahe-de-labourdonnais/wp-content/uploads/sites/23/2021/04/DAVIDBLAINEAU0692014584-30-1024x682.jpg" class="" alt="Pelote Basque" srcset="https://etab.ac-reunion.fr/clg-mahe-de-labourdonnais/wp-content/uploads/sites/23/2021/04/DAVIDBLAINEAU0692014584-30-1024x682.jpg 1024w, https://etab.ac-reunion.fr/clg-mahe-de-labourdonnais/wp-content/uploads/sites/23/2021/04/DAVIDBLAINEAU0692014584-30-300x200.jpg 300w, https://etab.ac-reunion.fr/clg-mahe-de-labourdonnais/wp-content/uploads/sites/23/2021/04/DAVIDBLAINEAU0692014584-30-768x512.jpg 768w, https://etab.ac-reunion.fr/clg-mahe-de-labourdonnais/wp-content/uploads/sites/23/2021/04/DAVIDBLAINEAU0692014584-30-140x94.jpg 140w, https://etab.ac-reunion.fr/clg-mahe-de-labourdonnais/wp-content/uploads/sites/23/2021/04/DAVIDBLAINEAU0692014584-30.jpg 1280w" sizes="auto, (max-width: 1024px) 100vw, 1024px" /></div></div><div class="su-image-carousel-item"><div class="su-image-carousel-item-content"><img loading="lazy" decoding="async" width="1024" height="682" src="https://etab.ac-reunion.fr/clg-mahe-de-labourdonnais/wp-content/uploads/sites/23/2021/04/DAVIDBLAINEAU0692014584-22-1024x682.jpg" class="" alt="" srcset="https://etab.ac-reunion.fr/clg-mahe-de-labourdonnais/wp-content/uploads/sites/23/2021/04/DAVIDBLAINEAU0692014584-22-1024x682.jpg 1024w, https://etab.ac-reunion.fr/clg-mahe-de-labourdonnais/wp-content/uploads/sites/23/2021/04/DAVIDBLAINEAU0692014584-22-300x200.jpg 300w, https://etab.ac-reunion.fr/clg-mahe-de-labourdonnais/wp-content/uploads/sites/23/2021/04/DAVIDBLAINEAU0692014584-22-768x512.jpg 768w, https://etab.ac-reunion.fr/clg-mahe-de-labourdonnais/wp-content/uploads/sites/23/2021/04/DAVIDBLAINEAU0692014584-22-140x94.jpg 140w, https://etab.ac-reunion.fr/clg-mahe-de-labourdonnais/wp-content/uploads/sites/23/2021/04/DAVIDBLAINEAU0692014584-22.jpg 1280w" sizes="auto, (max-width: 1024px) 100vw, 1024px" /></div></div><div class="su-image-carousel-item"><div class="su-image-carousel-item-content"><img loading="lazy" decoding="async" width="1024" height="682" src="https://etab.ac-reunion.fr/clg-mahe-de-labourdonnais/wp-content/uploads/sites/23/2021/04/DAVIDBLAINEAU0692014584-14-1024x682.jpg" class="" alt="" srcset="https://etab.ac-reunion.fr/clg-mahe-de-labourdonnais/wp-content/uploads/sites/23/2021/04/DAVIDBLAINEAU0692014584-14-1024x682.jpg 1024w, https://etab.ac-reunion.fr/clg-mahe-de-labourdonnais/wp-content/uploads/sites/23/2021/04/DAVIDBLAINEAU0692014584-14-300x200.jpg 300w, https://etab.ac-reunion.fr/clg-mahe-de-labourdonnais/wp-content/uploads/sites/23/2021/04/DAVIDBLAINEAU0692014584-14-768x512.jpg 768w, https://etab.ac-reunion.fr/clg-mahe-de-labourdonnais/wp-content/uploads/sites/23/2021/04/DAVIDBLAINEAU0692014584-14-140x94.jpg 140w, https://etab.ac-reunion.fr/clg-mahe-de-labourdonnais/wp-content/uploads/sites/23/2021/04/DAVIDBLAINEAU0692014584-14.jpg 1280w" sizes="auto, (max-width: 1024px) 100vw, 1024px" /></div></div></div><script id="su_image_carousel_69f4a6782f816_script">if(window.SUImageCarousel){setTimeout(function() {window.SUImageCarousel.initGallery(document.getElementById("su_image_carousel_69f4a6782f816"))}, 0);}var su_image_carousel_69f4a6782f816_script=document.getElementById("su_image_carousel_69f4a6782f816_script");if(su_image_carousel_69f4a6782f816_script){su_image_carousel_69f4a6782f816_script.parentNode.removeChild(su_image_carousel_69f4a6782f816_script);}</script>
<p align="center"><span style="font-size: medium"><u><b>CHOIX de l’OPTION « SECTION SPORTIVE PELOTE BASQUE » année 2021 -2022</b></u></span></p>
<p>La section sportive pelote basque est une option destinée aux élèves qui souhaitent pratiquer cette activité de façon intensive, compétitive en complément de l’EPS, de l’Association Sportive et du club.</p>
<p>Les volumes horaires sont les suivants :</p>
<p>&#8211; EPS obligatoire : 4h/sem en 6è puis 3h/sem en 5è, 4è et 3è.</p>
<p>&#8211; Association Sportive : 2h/sem</p>
<p>&#8211; Section sportive : 4h/sem</p>
<p>&#8211; Club : 2h/sem</p>
<p>Total de pratique de l’activité supérieur à 10h par semaine.</p>
<p><u><b>Conditions pour intégrer la SECTION SPORTIVE en 2021 -2022 :</b></u></p>
<p>&#8211; faire la preuve de leur engagement en EPS et de leur capacité à supporter toute cette pratique physique.</p>
<p>&#8211; <b>participer à l’Association Sportive Pelote cette année ! </b></p>
<p><b>Les nouvelles candidatures d’élèves débutants en 5è / 4è / 3è ne seront pas retenues.</b></p>
<p><b>Association sportive </b>: tous les mercredis de 12h30 à 14h30 au gymnase Fontano Welmant à côté de l’école Damase Legros</p>
<p><b>P.SANGLAR </b>(Enseignant d’EPS, responsable de la section sportive pelote basque)</p>
<div style="width: 960px;" class="wp-video"><video class="wp-video-shortcode" id="video-2472-1" width="960" height="540" preload="metadata" controls="controls"><source type="video/mp4" src="https://etab.ac-reunion.fr/clg-mahe-de-labourdonnais/wp-content/uploads/sites/23/2021/06/vidéo-pelote-ultralight.mp4?_=1" /><a href="https://etab.ac-reunion.fr/clg-mahe-de-labourdonnais/wp-content/uploads/sites/23/2021/06/vidéo-pelote-ultralight.mp4">https://etab.ac-reunion.fr/clg-mahe-de-labourdonnais/wp-content/uploads/sites/23/2021/06/vidéo-pelote-ultralight.mp4</a></video></div>
<div class="su-divider su-divider-style-default" style="margin:15px 0;border-width:3px;border-color:#999999"></div>

<p>CHOIX de l’OPTION « SECTION SPORTIVE PELOTE BASQUE » année 2021 -2022 La section sportive pelote basque est une option destinée aux élèves qui souhaitent pratiquer cette &hellip;</p>
