{"id":2474,"date":"2021-01-24T22:03:23","date_gmt":"2021-01-24T18:03:23","guid":{"rendered":"http:\/\/college-mahe-labourdonnais.ac-reunion.fr\/?page_id=2474"},"modified":"2021-06-28T13:30:56","modified_gmt":"2021-06-28T09:30:56","slug":"section-sportive-tennis","status":"publish","type":"page","link":"https:\/\/etab.ac-reunion.fr\/clg-mahe-de-labourdonnais\/section-sportive-tennis\/","title":{"rendered":"Section sportive Tennis"},"content":{"rendered":"<p>D\u00e8s la classe de 6\u00e8me, les \u00e9l\u00e8ves de la section Tennis ont 2 heures d\u00e9di\u00e9es \u00e0 ce sport dans leur emploi du temps, en compl\u00e9ment de leur emploi du temps normal. Ils b\u00e9n\u00e9ficient d&rsquo;un partenariat entre l&rsquo;\u00e9tablissement et le TCD (Tennis Club Dionysien), qui se trouvent en face l&rsquo;un de l&rsquo;autre.<\/p>\n<p>Cette pratique sportive leur permet d&rsquo;apprendre la pers\u00e9v\u00e9rance et le d\u00e9passement de soi, tout en leur offrant un cadre dans lequel ils ou elles peuvent s&rsquo;\u00e9panouir.<\/p>\n<p>N&rsquo;h\u00e9sitez pas \u00e0 demander plus d&rsquo;information sur la section au moment de l&rsquo;inscription de votre enfant.<\/p>\n<div class=\"su-image-carousel  su-image-carousel-has-spacing su-image-carousel-has-outline su-image-carousel-adaptive su-image-carousel-slides-style-default su-image-carousel-controls-style-light su-image-carousel-align-none\" style=\"\" data-flickity-options='{\"groupCells\":true,\"cellSelector\":\".su-image-carousel-item\",\"adaptiveHeight\":true,\"cellAlign\":\"left\",\"prevNextButtons\":true,\"pageDots\":true,\"autoPlay\":5000,\"imagesLoaded\":true,\"contain\":false,\"selectedAttraction\":0.025,\"friction\":0.28}' id=\"su_image_carousel_69f2c3bb2bb6b\"><div class=\"su-image-carousel-item\"><div class=\"su-image-carousel-item-content\"><img loading=\"lazy\" decoding=\"async\" width=\"1024\" height=\"768\" src=\"https:\/\/etab.ac-reunion.fr\/clg-mahe-de-labourdonnais\/wp-content\/uploads\/sites\/23\/2021\/06\/Tennis-1-1024x768.jpg\" class=\"\" alt=\"\" srcset=\"https:\/\/etab.ac-reunion.fr\/clg-mahe-de-labourdonnais\/wp-content\/uploads\/sites\/23\/2021\/06\/Tennis-1-1024x768.jpg 1024w, https:\/\/etab.ac-reunion.fr\/clg-mahe-de-labourdonnais\/wp-content\/uploads\/sites\/23\/2021\/06\/Tennis-1-300x225.jpg 300w, https:\/\/etab.ac-reunion.fr\/clg-mahe-de-labourdonnais\/wp-content\/uploads\/sites\/23\/2021\/06\/Tennis-1-768x576.jpg 768w, https:\/\/etab.ac-reunion.fr\/clg-mahe-de-labourdonnais\/wp-content\/uploads\/sites\/23\/2021\/06\/Tennis-1-1536x1152.jpg 1536w, https:\/\/etab.ac-reunion.fr\/clg-mahe-de-labourdonnais\/wp-content\/uploads\/sites\/23\/2021\/06\/Tennis-1-2048x1536.jpg 2048w\" sizes=\"auto, (max-width: 1024px) 100vw, 1024px\" \/><\/div><\/div><div class=\"su-image-carousel-item\"><div class=\"su-image-carousel-item-content\"><img loading=\"lazy\" decoding=\"async\" width=\"1024\" height=\"768\" src=\"https:\/\/etab.ac-reunion.fr\/clg-mahe-de-labourdonnais\/wp-content\/uploads\/sites\/23\/2021\/06\/Tennis-2-1024x768.jpg\" class=\"\" alt=\"\" srcset=\"https:\/\/etab.ac-reunion.fr\/clg-mahe-de-labourdonnais\/wp-content\/uploads\/sites\/23\/2021\/06\/Tennis-2-1024x768.jpg 1024w, https:\/\/etab.ac-reunion.fr\/clg-mahe-de-labourdonnais\/wp-content\/uploads\/sites\/23\/2021\/06\/Tennis-2-300x225.jpg 300w, https:\/\/etab.ac-reunion.fr\/clg-mahe-de-labourdonnais\/wp-content\/uploads\/sites\/23\/2021\/06\/Tennis-2-768x576.jpg 768w, https:\/\/etab.ac-reunion.fr\/clg-mahe-de-labourdonnais\/wp-content\/uploads\/sites\/23\/2021\/06\/Tennis-2-1536x1152.jpg 1536w, https:\/\/etab.ac-reunion.fr\/clg-mahe-de-labourdonnais\/wp-content\/uploads\/sites\/23\/2021\/06\/Tennis-2-2048x1536.jpg 2048w\" sizes=\"auto, (max-width: 1024px) 100vw, 1024px\" \/><\/div><\/div><div class=\"su-image-carousel-item\"><div class=\"su-image-carousel-item-content\"><img loading=\"lazy\" decoding=\"async\" width=\"1024\" height=\"768\" src=\"https:\/\/etab.ac-reunion.fr\/clg-mahe-de-labourdonnais\/wp-content\/uploads\/sites\/23\/2021\/06\/Tennis-3-1024x768.jpg\" class=\"\" alt=\"\" srcset=\"https:\/\/etab.ac-reunion.fr\/clg-mahe-de-labourdonnais\/wp-content\/uploads\/sites\/23\/2021\/06\/Tennis-3-1024x768.jpg 1024w, https:\/\/etab.ac-reunion.fr\/clg-mahe-de-labourdonnais\/wp-content\/uploads\/sites\/23\/2021\/06\/Tennis-3-300x225.jpg 300w, https:\/\/etab.ac-reunion.fr\/clg-mahe-de-labourdonnais\/wp-content\/uploads\/sites\/23\/2021\/06\/Tennis-3-768x576.jpg 768w, https:\/\/etab.ac-reunion.fr\/clg-mahe-de-labourdonnais\/wp-content\/uploads\/sites\/23\/2021\/06\/Tennis-3-1536x1152.jpg 1536w, https:\/\/etab.ac-reunion.fr\/clg-mahe-de-labourdonnais\/wp-content\/uploads\/sites\/23\/2021\/06\/Tennis-3-2048x1536.jpg 2048w\" sizes=\"auto, (max-width: 1024px) 100vw, 1024px\" \/><\/div><\/div><div class=\"su-image-carousel-item\"><div class=\"su-image-carousel-item-content\"><img loading=\"lazy\" decoding=\"async\" width=\"768\" height=\"1024\" src=\"https:\/\/etab.ac-reunion.fr\/clg-mahe-de-labourdonnais\/wp-content\/uploads\/sites\/23\/2021\/06\/Tennis-4-768x1024.jpg\" class=\"\" alt=\"\" srcset=\"https:\/\/etab.ac-reunion.fr\/clg-mahe-de-labourdonnais\/wp-content\/uploads\/sites\/23\/2021\/06\/Tennis-4-768x1024.jpg 768w, https:\/\/etab.ac-reunion.fr\/clg-mahe-de-labourdonnais\/wp-content\/uploads\/sites\/23\/2021\/06\/Tennis-4-225x300.jpg 225w, https:\/\/etab.ac-reunion.fr\/clg-mahe-de-labourdonnais\/wp-content\/uploads\/sites\/23\/2021\/06\/Tennis-4-1152x1536.jpg 1152w, https:\/\/etab.ac-reunion.fr\/clg-mahe-de-labourdonnais\/wp-content\/uploads\/sites\/23\/2021\/06\/Tennis-4-1536x2048.jpg 1536w, https:\/\/etab.ac-reunion.fr\/clg-mahe-de-labourdonnais\/wp-content\/uploads\/sites\/23\/2021\/06\/Tennis-4-scaled.jpg 1920w\" sizes=\"auto, (max-width: 768px) 100vw, 768px\" \/><\/div><\/div><div class=\"su-image-carousel-item\"><div class=\"su-image-carousel-item-content\"><img loading=\"lazy\" decoding=\"async\" width=\"768\" height=\"1024\" src=\"https:\/\/etab.ac-reunion.fr\/clg-mahe-de-labourdonnais\/wp-content\/uploads\/sites\/23\/2021\/06\/Tennis-5-768x1024.jpg\" class=\"\" alt=\"\" srcset=\"https:\/\/etab.ac-reunion.fr\/clg-mahe-de-labourdonnais\/wp-content\/uploads\/sites\/23\/2021\/06\/Tennis-5-768x1024.jpg 768w, https:\/\/etab.ac-reunion.fr\/clg-mahe-de-labourdonnais\/wp-content\/uploads\/sites\/23\/2021\/06\/Tennis-5-225x300.jpg 225w, https:\/\/etab.ac-reunion.fr\/clg-mahe-de-labourdonnais\/wp-content\/uploads\/sites\/23\/2021\/06\/Tennis-5-1152x1536.jpg 1152w, https:\/\/etab.ac-reunion.fr\/clg-mahe-de-labourdonnais\/wp-content\/uploads\/sites\/23\/2021\/06\/Tennis-5-1536x2048.jpg 1536w, https:\/\/etab.ac-reunion.fr\/clg-mahe-de-labourdonnais\/wp-content\/uploads\/sites\/23\/2021\/06\/Tennis-5-scaled.jpg 1920w\" sizes=\"auto, (max-width: 768px) 100vw, 768px\" \/><\/div><\/div><\/div><script id=\"su_image_carousel_69f2c3bb2bb6b_script\">if(window.SUImageCarousel){setTimeout(function() {window.SUImageCarousel.initGallery(document.getElementById(\"su_image_carousel_69f2c3bb2bb6b\"))}, 0);}var su_image_carousel_69f2c3bb2bb6b_script=document.getElementById(\"su_image_carousel_69f2c3bb2bb6b_script\");if(su_image_carousel_69f2c3bb2bb6b_script){su_image_carousel_69f2c3bb2bb6b_script.parentNode.removeChild(su_image_carousel_69f2c3bb2bb6b_script);}<\/script>\n","protected":false},"excerpt":{"rendered":"<p>D\u00e8s la classe de 6\u00e8me, les \u00e9l\u00e8ves de la section Tennis ont 2 heures d\u00e9di\u00e9es \u00e0 ce sport dans leur emploi du temps, en compl\u00e9ment &hellip;<\/p>\n","protected":false},"author":2809,"featured_media":0,"parent":0,"menu_order":0,"comment_status":"closed","ping_status":"closed","template":"","meta":{"footnotes":""},"class_list":["post-2474","page","type-page","status-publish","hentry"],"_links":{"self":[{"href":"https:\/\/etab.ac-reunion.fr\/clg-mahe-de-labourdonnais\/wp-json\/wp\/v2\/pages\/2474","targetHints":{"allow":["GET"]}}],"collection":[{"href":"https:\/\/etab.ac-reunion.fr\/clg-mahe-de-labourdonnais\/wp-json\/wp\/v2\/pages"}],"about":[{"href":"https:\/\/etab.ac-reunion.fr\/clg-mahe-de-labourdonnais\/wp-json\/wp\/v2\/types\/page"}],"author":[{"embeddable":true,"href":"https:\/\/etab.ac-reunion.fr\/clg-mahe-de-labourdonnais\/wp-json\/wp\/v2\/users\/2809"}],"replies":[{"embeddable":true,"href":"https:\/\/etab.ac-reunion.fr\/clg-mahe-de-labourdonnais\/wp-json\/wp\/v2\/comments?post=2474"}],"version-history":[{"count":3,"href":"https:\/\/etab.ac-reunion.fr\/clg-mahe-de-labourdonnais\/wp-json\/wp\/v2\/pages\/2474\/revisions"}],"predecessor-version":[{"id":3286,"href":"https:\/\/etab.ac-reunion.fr\/clg-mahe-de-labourdonnais\/wp-json\/wp\/v2\/pages\/2474\/revisions\/3286"}],"wp:attachment":[{"href":"https:\/\/etab.ac-reunion.fr\/clg-mahe-de-labourdonnais\/wp-json\/wp\/v2\/media?parent=2474"}],"curies":[{"name":"wp","href":"https:\/\/api.w.org\/{rel}","templated":true}]}}