{"id":2479,"date":"2021-01-24T22:03:46","date_gmt":"2021-01-24T18:03:46","guid":{"rendered":"http:\/\/college-mahe-labourdonnais.ac-reunion.fr\/?page_id=2479"},"modified":"2021-06-28T13:17:43","modified_gmt":"2021-06-28T09:17:43","slug":"classe-defense-et-securite","status":"publish","type":"page","link":"https:\/\/etab.ac-reunion.fr\/clg-mahe-de-labourdonnais\/classe-defense-et-securite\/","title":{"rendered":"Classe D\u00e9fense et S\u00e9curit\u00e9"},"content":{"rendered":"<figure id=\"attachment_3278\" aria-describedby=\"caption-attachment-3278\" style=\"width: 300px\" class=\"wp-caption aligncenter\"><img loading=\"lazy\" decoding=\"async\" class=\"wp-image-3278 size-medium\" src=\"https:\/\/etab.ac-reunion.fr\/clg-mahe-de-labourdonnais\/wp-content\/uploads\/sites\/23\/2021\/06\/logo-defense-securite-300x284.png\" alt=\"\" width=\"300\" height=\"284\" srcset=\"https:\/\/etab.ac-reunion.fr\/clg-mahe-de-labourdonnais\/wp-content\/uploads\/sites\/23\/2021\/06\/logo-defense-securite-300x284.png 300w, https:\/\/etab.ac-reunion.fr\/clg-mahe-de-labourdonnais\/wp-content\/uploads\/sites\/23\/2021\/06\/logo-defense-securite.png 496w\" sizes=\"auto, (max-width: 300px) 100vw, 300px\" \/><figcaption id=\"caption-attachment-3278\" class=\"wp-caption-text\">Blason cr\u00e9\u00e9 par les \u00e9l\u00e8ves de 3\u00e8me Galois &#8211; 2020 \/ 2021<\/figcaption><\/figure>\n<p><span style=\"font-family: Times New Roman, serif\">A l\u2019\u00e9chelle nationale, les classes d\u00e9fense et s\u00e9curit\u00e9 globale constituent un dispositif de partenariat entre le minist\u00e8re des Arm\u00e9es et le minist\u00e8re de l&rsquo;\u00c9ducation nationale en faveur de l&rsquo;insertion sociale et de la r\u00e9ussite scolaire. <\/span><span style=\"font-family: Times New Roman, serif\"><span lang=\"fr-FR\">Il existe sept classes de ce type \u00e0 la R\u00e9union.<\/span><\/span><\/p>\n<p><span style=\"font-family: Times New Roman, serif\">Dans notre \u00e9tablissement, depuis la rentr\u00e9e 2019, il concerne une classe de 3<\/span><sup><span style=\"font-family: Times New Roman, serif\">\u00e8me<\/span><\/sup><span style=\"font-family: Times New Roman, serif\"> en partenariat unique \u00e0 la R\u00e9union avec le SDIS (Service D\u00e9partementale Incendie et Secours). \u00c0 l\u2019issue de l\u2019ann\u00e9e de 4\u00e8me, les \u00e9l\u00e8ves qui le souhaitent peuvent demander \u00e0 choisir l\u2019option \u00ab\u00a0d\u00e9fense et s\u00e9curit\u00e9\u00a0\u00bb pour l\u2019ann\u00e9e de 3\u00e8me. <\/span><\/p>\n<p><span style=\"font-family: Times New Roman, serif\">Des officiers du SDIS interviennent tout au long de l\u2019ann\u00e9e pour sensibiliser les \u00e9l\u00e8ves au m\u00e9tier de pompier et \u00e0 ces diff\u00e9rentes sp\u00e9cialit\u00e9s (pilote de drone, conducteur d\u2019engins\u2026). Chaque \u00e9l\u00e8ve participe activement \u00e0 la construction de son parcours citoyen en s\u2019engageant dans des actions et en participant \u00e0 des formations li\u00e9es \u00e0 la s\u00e9curit\u00e9 civile (alerte incendie, PPMS, formation aux gestes de premiers secours, formation au Sauvetage Secourisme du Travail\u2026). A la suite de leur formation, les \u00e9l\u00e8ves re\u00e7oivent un dipl\u00f4me attestant de leur certification, pouvant repr\u00e9senter un levier pour leur avenir. <\/span><\/p>\n<p><span style=\"font-family: Times New Roman, serif\">Cette classe a \u00e9galement pour objectif de construire une repr\u00e9sentation positive de soi, et ce, gr\u00e2ce \u00e0 une \u00e9quipe enseignante dynamique qui inscrit les \u00e9l\u00e8ves dans un projet motivant et valorisant.<\/span><\/p>\n<p><img loading=\"lazy\" decoding=\"async\" class=\"aligncenter wp-image-3275 size-full\" src=\"https:\/\/etab.ac-reunion.fr\/clg-mahe-de-labourdonnais\/wp-content\/uploads\/sites\/23\/2021\/06\/pompiers-camion.jpg\" alt=\"\" width=\"846\" height=\"557\" srcset=\"https:\/\/etab.ac-reunion.fr\/clg-mahe-de-labourdonnais\/wp-content\/uploads\/sites\/23\/2021\/06\/pompiers-camion.jpg 846w, https:\/\/etab.ac-reunion.fr\/clg-mahe-de-labourdonnais\/wp-content\/uploads\/sites\/23\/2021\/06\/pompiers-camion-300x198.jpg 300w, https:\/\/etab.ac-reunion.fr\/clg-mahe-de-labourdonnais\/wp-content\/uploads\/sites\/23\/2021\/06\/pompiers-camion-768x506.jpg 768w, https:\/\/etab.ac-reunion.fr\/clg-mahe-de-labourdonnais\/wp-content\/uploads\/sites\/23\/2021\/06\/pompiers-camion-207x136.jpg 207w, https:\/\/etab.ac-reunion.fr\/clg-mahe-de-labourdonnais\/wp-content\/uploads\/sites\/23\/2021\/06\/pompiers-camion-260x170.jpg 260w, https:\/\/etab.ac-reunion.fr\/clg-mahe-de-labourdonnais\/wp-content\/uploads\/sites\/23\/2021\/06\/pompiers-camion-430x283.jpg 430w\" sizes=\"auto, (max-width: 846px) 100vw, 846px\" \/><\/p>\n<p>&nbsp;<\/p>\n<p><strong><em>Pour en savoir plus :<\/em> <\/strong><\/p>\n<p><a href=\"https:\/\/eduscol.education.fr\/601\/les-dispositifs-classes-defense-et-securite-globales-cdsg-et-cadets-de-la-defense\">https:\/\/eduscol.education.fr\/601\/les-dispositifs-classes-defense-et-securite-globales-cdsg-et-cadets-de-la-defense<\/a><\/p>\n<p>&nbsp;<\/p>\n","protected":false},"excerpt":{"rendered":"<p>A l\u2019\u00e9chelle nationale, les classes d\u00e9fense et s\u00e9curit\u00e9 globale constituent un dispositif de partenariat entre le minist\u00e8re des Arm\u00e9es et le minist\u00e8re de l&rsquo;\u00c9ducation nationale &hellip;<\/p>\n","protected":false},"author":2809,"featured_media":0,"parent":0,"menu_order":0,"comment_status":"closed","ping_status":"closed","template":"","meta":{"footnotes":""},"class_list":["post-2479","page","type-page","status-publish","hentry"],"_links":{"self":[{"href":"https:\/\/etab.ac-reunion.fr\/clg-mahe-de-labourdonnais\/wp-json\/wp\/v2\/pages\/2479","targetHints":{"allow":["GET"]}}],"collection":[{"href":"https:\/\/etab.ac-reunion.fr\/clg-mahe-de-labourdonnais\/wp-json\/wp\/v2\/pages"}],"about":[{"href":"https:\/\/etab.ac-reunion.fr\/clg-mahe-de-labourdonnais\/wp-json\/wp\/v2\/types\/page"}],"author":[{"embeddable":true,"href":"https:\/\/etab.ac-reunion.fr\/clg-mahe-de-labourdonnais\/wp-json\/wp\/v2\/users\/2809"}],"replies":[{"embeddable":true,"href":"https:\/\/etab.ac-reunion.fr\/clg-mahe-de-labourdonnais\/wp-json\/wp\/v2\/comments?post=2479"}],"version-history":[{"count":5,"href":"https:\/\/etab.ac-reunion.fr\/clg-mahe-de-labourdonnais\/wp-json\/wp\/v2\/pages\/2479\/revisions"}],"predecessor-version":[{"id":3279,"href":"https:\/\/etab.ac-reunion.fr\/clg-mahe-de-labourdonnais\/wp-json\/wp\/v2\/pages\/2479\/revisions\/3279"}],"wp:attachment":[{"href":"https:\/\/etab.ac-reunion.fr\/clg-mahe-de-labourdonnais\/wp-json\/wp\/v2\/media?parent=2479"}],"curies":[{"name":"wp","href":"https:\/\/api.w.org\/{rel}","templated":true}]}}

Classe Défense et Sécurité

<figure id="attachment_3278" aria-describedby="caption-attachment-3278" style="width: 300px" class="wp-caption aligncenter"><img loading="lazy" decoding="async" class="wp-image-3278 size-medium" src="https://etab.ac-reunion.fr/clg-mahe-de-labourdonnais/wp-content/uploads/sites/23/2021/06/logo-defense-securite-300x284.png" alt="" width="300" height="284" srcset="https://etab.ac-reunion.fr/clg-mahe-de-labourdonnais/wp-content/uploads/sites/23/2021/06/logo-defense-securite-300x284.png 300w, https://etab.ac-reunion.fr/clg-mahe-de-labourdonnais/wp-content/uploads/sites/23/2021/06/logo-defense-securite.png 496w" sizes="auto, (max-width: 300px) 100vw, 300px" /><figcaption id="caption-attachment-3278" class="wp-caption-text">Blason créé par les élèves de 3ème Galois &#8211; 2020 / 2021</figcaption></figure>
<p><span style="font-family: Times New Roman, serif">A l’échelle nationale, les classes défense et sécurité globale constituent un dispositif de partenariat entre le ministère des Armées et le ministère de l&rsquo;Éducation nationale en faveur de l&rsquo;insertion sociale et de la réussite scolaire. </span><span style="font-family: Times New Roman, serif"><span lang="fr-FR">Il existe sept classes de ce type à la Réunion.</span></span></p>
<p><span style="font-family: Times New Roman, serif">Dans notre établissement, depuis la rentrée 2019, il concerne une classe de 3</span><sup><span style="font-family: Times New Roman, serif">ème</span></sup><span style="font-family: Times New Roman, serif"> en partenariat unique à la Réunion avec le SDIS (Service Départementale Incendie et Secours). À l’issue de l’année de 4ème, les élèves qui le souhaitent peuvent demander à choisir l’option « défense et sécurité » pour l’année de 3ème. </span></p>
<p><span style="font-family: Times New Roman, serif">Des officiers du SDIS interviennent tout au long de l’année pour sensibiliser les élèves au métier de pompier et à ces différentes spécialités (pilote de drone, conducteur d’engins…). Chaque élève participe activement à la construction de son parcours citoyen en s’engageant dans des actions et en participant à des formations liées à la sécurité civile (alerte incendie, PPMS, formation aux gestes de premiers secours, formation au Sauvetage Secourisme du Travail…). A la suite de leur formation, les élèves reçoivent un diplôme attestant de leur certification, pouvant représenter un levier pour leur avenir. </span></p>
<p><span style="font-family: Times New Roman, serif">Cette classe a également pour objectif de construire une représentation positive de soi, et ce, grâce à une équipe enseignante dynamique qui inscrit les élèves dans un projet motivant et valorisant.</span></p>
<p><img loading="lazy" decoding="async" class="aligncenter wp-image-3275 size-full" src="https://etab.ac-reunion.fr/clg-mahe-de-labourdonnais/wp-content/uploads/sites/23/2021/06/pompiers-camion.jpg" alt="" width="846" height="557" srcset="https://etab.ac-reunion.fr/clg-mahe-de-labourdonnais/wp-content/uploads/sites/23/2021/06/pompiers-camion.jpg 846w, https://etab.ac-reunion.fr/clg-mahe-de-labourdonnais/wp-content/uploads/sites/23/2021/06/pompiers-camion-300x198.jpg 300w, https://etab.ac-reunion.fr/clg-mahe-de-labourdonnais/wp-content/uploads/sites/23/2021/06/pompiers-camion-768x506.jpg 768w, https://etab.ac-reunion.fr/clg-mahe-de-labourdonnais/wp-content/uploads/sites/23/2021/06/pompiers-camion-207x136.jpg 207w, https://etab.ac-reunion.fr/clg-mahe-de-labourdonnais/wp-content/uploads/sites/23/2021/06/pompiers-camion-260x170.jpg 260w, https://etab.ac-reunion.fr/clg-mahe-de-labourdonnais/wp-content/uploads/sites/23/2021/06/pompiers-camion-430x283.jpg 430w" sizes="auto, (max-width: 846px) 100vw, 846px" /></p>
<p>&nbsp;</p>
<p><strong><em>Pour en savoir plus :</em> </strong></p>
<p><a href="https://eduscol.education.fr/601/les-dispositifs-classes-defense-et-securite-globales-cdsg-et-cadets-de-la-defense">https://eduscol.education.fr/601/les-dispositifs-classes-defense-et-securite-globales-cdsg-et-cadets-de-la-defense</a></p>
<p>&nbsp;</p>

<p>A l’échelle nationale, les classes défense et sécurité globale constituent un dispositif de partenariat entre le ministère des Armées et le ministère de l&rsquo;Éducation nationale &hellip;</p>
