{"id":112,"date":"2016-11-29T09:05:58","date_gmt":"2016-11-29T05:05:58","guid":{"rendered":"http:\/\/college-marcel-goulette-tmp.ac-reunion.fr\/?page_id=112"},"modified":"2023-05-28T11:22:17","modified_gmt":"2023-05-28T07:22:17","slug":"contact","status":"publish","type":"page","link":"https:\/\/etab.ac-reunion.fr\/clg-marcel-goulette\/contact\/","title":{"rendered":"Contact"},"content":{"rendered":"<p><span style=\"font-family: arial, helvetica, sans-serif;font-size: 12pt\"><strong>Coll\u00e8ge Marcel Goulette<br \/>\n<\/strong>2, rue Julien Dupont BP 10<br \/>\n97424 Piton St-Leu<\/span><\/p>\n<p><span style=\"font-family: arial, helvetica, sans-serif;font-size: 12pt\">Tel : 0262 34 31 71<br \/>\nFax : 0262 34 18 60<\/span><\/p>\n<p>&nbsp;<\/p>\n<p><span style=\"font-family: arial, helvetica, sans-serif\">\n<div class=\"wpcf7 no-js\" id=\"wpcf7-f1450-o1\" lang=\"fr-FR\" dir=\"ltr\" data-wpcf7-id=\"1450\">\n<div class=\"screen-reader-response\"><p role=\"status\" aria-live=\"polite\" aria-atomic=\"true\"><\/p> <ul><\/ul><\/div>\n<form action=\"\/clg-marcel-goulette\/wp-json\/wp\/v2\/pages\/112#wpcf7-f1450-o1\" method=\"post\" class=\"wpcf7-form init\" aria-label=\"Formulaire de contact\" novalidate=\"novalidate\" data-status=\"init\">\n<fieldset class=\"hidden-fields-container\"><input type=\"hidden\" name=\"_wpcf7\" value=\"1450\" \/><input type=\"hidden\" name=\"_wpcf7_version\" value=\"6.1.5\" \/><input type=\"hidden\" name=\"_wpcf7_locale\" value=\"fr_FR\" \/><input type=\"hidden\" name=\"_wpcf7_unit_tag\" value=\"wpcf7-f1450-o1\" \/><input type=\"hidden\" name=\"_wpcf7_container_post\" value=\"0\" \/><input type=\"hidden\" name=\"_wpcf7_posted_data_hash\" value=\"\" \/>\n<\/fieldset>\n<p><label> Votre nom (Obligatoire)<br \/>\n<span class=\"wpcf7-form-control-wrap\" data-name=\"your-name\"><input size=\"40\" maxlength=\"400\" class=\"wpcf7-form-control wpcf7-text wpcf7-validates-as-required\" aria-required=\"true\" aria-invalid=\"false\" value=\"\" type=\"text\" name=\"your-name\" \/><\/span> <\/label>\n<\/p>\n<p><label> S\u00e9lectionner votre profil (Obligatoire) <\/label><br \/>\n<span class=\"wpcf7-form-control-wrap\" data-name=\"your-profil\"><span class=\"wpcf7-form-control wpcf7-checkbox wpcf7-validates-as-required\"><span class=\"wpcf7-list-item first\"><input type=\"checkbox\" name=\"your-profil[]\" value=\"Parent\" \/><span class=\"wpcf7-list-item-label\">Parent<\/span><\/span><span class=\"wpcf7-list-item\"><input type=\"checkbox\" name=\"your-profil[]\" value=\"El\u00e8ve\" \/><span class=\"wpcf7-list-item-label\">El\u00e8ve<\/span><\/span><span class=\"wpcf7-list-item last\"><input type=\"checkbox\" name=\"your-profil[]\" value=\"Autre (A pr\u00e9ciser dans votre message)\" \/><span class=\"wpcf7-list-item-label\">Autre (A pr\u00e9ciser dans votre message)<\/span><\/span><\/span><\/span>\n<\/p>\n<p><label> Votre adresse de messagerie (Obligatoire)<br \/>\n<span class=\"wpcf7-form-control-wrap\" data-name=\"your-email\"><input size=\"40\" maxlength=\"400\" class=\"wpcf7-form-control wpcf7-email wpcf7-validates-as-required wpcf7-text wpcf7-validates-as-email\" aria-required=\"true\" aria-invalid=\"false\" value=\"\" type=\"email\" name=\"your-email\" \/><\/span> <\/label>\n<\/p>\n<p><label> Objet (Obligatoire)<br \/>\n<span class=\"wpcf7-form-control-wrap\" data-name=\"your-subject\"><input size=\"40\" maxlength=\"400\" class=\"wpcf7-form-control wpcf7-text wpcf7-validates-as-required\" aria-required=\"true\" aria-invalid=\"false\" value=\"\" type=\"text\" name=\"your-subject\" \/><\/span> <\/label>\n<\/p>\n<p><label> Votre message (Obligatoire)<br \/>\n<span class=\"wpcf7-form-control-wrap\" data-name=\"your-message\"><textarea cols=\"40\" rows=\"10\" maxlength=\"2000\" class=\"wpcf7-form-control wpcf7-textarea wpcf7-validates-as-required\" aria-required=\"true\" aria-invalid=\"false\" name=\"your-message\"><\/textarea><\/span> <\/label>\n<\/p>\n<p><span class=\"wpcf7-form-control-wrap\" data-name=\"quiz-942\"><label><span class=\"wpcf7-quiz-label\">Quel nombre entier suit 5 ?<\/span> <input size=\"40\" class=\"wpcf7-form-control wpcf7-quiz\" autocomplete=\"off\" aria-required=\"true\" aria-invalid=\"false\" type=\"text\" name=\"quiz-942\" \/><\/label><input type=\"hidden\" name=\"_wpcf7_quiz_answer_quiz-942\" value=\"ff75d830e22cbc9c10fa23ec04ef8f2e\" \/><\/span>\n<\/p>\n<p><label> Les informations recueillies \u00e0 partir de ce formulaire sont transmises uniquement aux destinataires. Elles ne sont pas conserv\u00e9es ou transmises \u00e0 des tiers. <\/label><label><br \/>\n<span id=\"wpcf7-69d5114fcc4ee-wrapper\" class=\"wpcf7-form-control-wrap honeypot-clgmg-wrap\" style=\"display:none !important; visibility:hidden !important;\"><label for=\"wpcf7-69d5114fcc4ee-field\" class=\"hp-message\">Veuillez laisser ce champ vide.<\/label><input id=\"wpcf7-69d5114fcc4ee-field\"  class=\"wpcf7-form-control wpcf7-text\" type=\"text\" name=\"honeypot-clgmg\" value=\"\" size=\"40\" tabindex=\"-1\" autocomplete=\"new-password\" \/><\/span><br \/>\n<input class=\"wpcf7-form-control wpcf7-submit has-spinner\" type=\"submit\" value=\"Envoyer\" \/><\/label>\n<\/p><div class=\"wpcf7-response-output\" aria-hidden=\"true\"><\/div>\n<\/form>\n<\/div>\n<\/span><\/p>\n","protected":false},"excerpt":{"rendered":"<p>Coll\u00e8ge Marcel Goulette 2, rue Julien Dupont BP 10 97424 Piton St-Leu Tel : 0262 34 31 71 Fax : 0262 34 18 60 &nbsp;<\/p>\n<p class=\"continue-reading-button\"> <a class=\"continue-reading-link\" href=\"https:\/\/etab.ac-reunion.fr\/clg-marcel-goulette\/contact\/\">Lire la suite&#8230;<i class=\"crycon-right-dir\"><\/i><\/a><\/p>\n","protected":false},"author":13467,"featured_media":0,"parent":0,"menu_order":0,"comment_status":"closed","ping_status":"closed","template":"","meta":{"footnotes":""},"class_list":["post-112","page","type-page","status-publish","hentry"],"_links":{"self":[{"href":"https:\/\/etab.ac-reunion.fr\/clg-marcel-goulette\/wp-json\/wp\/v2\/pages\/112","targetHints":{"allow":["GET"]}}],"collection":[{"href":"https:\/\/etab.ac-reunion.fr\/clg-marcel-goulette\/wp-json\/wp\/v2\/pages"}],"about":[{"href":"https:\/\/etab.ac-reunion.fr\/clg-marcel-goulette\/wp-json\/wp\/v2\/types\/page"}],"author":[{"embeddable":true,"href":"https:\/\/etab.ac-reunion.fr\/clg-marcel-goulette\/wp-json\/wp\/v2\/users\/13467"}],"replies":[{"embeddable":true,"href":"https:\/\/etab.ac-reunion.fr\/clg-marcel-goulette\/wp-json\/wp\/v2\/comments?post=112"}],"version-history":[{"count":7,"href":"https:\/\/etab.ac-reunion.fr\/clg-marcel-goulette\/wp-json\/wp\/v2\/pages\/112\/revisions"}],"predecessor-version":[{"id":7013,"href":"https:\/\/etab.ac-reunion.fr\/clg-marcel-goulette\/wp-json\/wp\/v2\/pages\/112\/revisions\/7013"}],"wp:attachment":[{"href":"https:\/\/etab.ac-reunion.fr\/clg-marcel-goulette\/wp-json\/wp\/v2\/media?parent=112"}],"curies":[{"name":"wp","href":"https:\/\/api.w.org\/{rel}","templated":true}]}}