{"id":4529,"date":"2022-09-27T11:07:43","date_gmt":"2022-09-27T07:07:43","guid":{"rendered":"https:\/\/etab.ac-reunion.fr\/clg-marcel-goulette\/?page_id=4529"},"modified":"2025-12-09T10:41:13","modified_gmt":"2025-12-09T06:41:13","slug":"qui-etait-marcel-goulette","status":"publish","type":"page","link":"https:\/\/etab.ac-reunion.fr\/clg-marcel-goulette\/college__trashed\/qui-etait-marcel-goulette\/","title":{"rendered":"Qui \u00e9tait Marcel Goulette ?"},"content":{"rendered":"<table>\n<tbody>\n<tr>\n<td style=\"vertical-align: middle\">\n<p style=\"text-align: justify\"><b>Marcel Fran\u00e7ois Goulette<\/b> est un <a title=\"Ing\u00e9nieur\" href=\"https:\/\/fr.wikipedia.org\/wiki\/Ing%C3%A9nieur\">ing\u00e9nieur<\/a>, un <a title=\"Poilu\" href=\"https:\/\/fr.wikipedia.org\/wiki\/Poilu\">poilu<\/a> et un <a title=\"Pilote (aviation)\" href=\"https:\/\/fr.wikipedia.org\/wiki\/Pilote_(aviation)\">aviateur<\/a> <a title=\"France\" href=\"https:\/\/fr.wikipedia.org\/wiki\/France\">fran\u00e7ais<\/a> n\u00e9 le <a title=\"7 d\u00e9cembre\" href=\"https:\/\/fr.wikipedia.org\/wiki\/7_d%C3%A9cembre\">7<\/a> <a title=\"D\u00e9cembre 1893\" href=\"https:\/\/fr.wikipedia.org\/wiki\/D%C3%A9cembre_1893\">d\u00e9cembre<\/a> <a title=\"1893\" href=\"https:\/\/fr.wikipedia.org\/wiki\/1893\">1893<\/a> \u00e0 <a title=\"Charmes (Vosges)\" href=\"https:\/\/fr.wikipedia.org\/wiki\/Charmes_(Vosges)\">Charmes<\/a>, dans les <a title=\"Vosges (d\u00e9partement)\" href=\"https:\/\/fr.wikipedia.org\/wiki\/Vosges_(d%C3%A9partement)\">Vosges<\/a> et mort dans l&rsquo;\u00e9crasement de son avion le <a title=\"25 mai\" href=\"https:\/\/fr.wikipedia.org\/wiki\/25_mai\">25<\/a> <a title=\"Mai 1932\" href=\"https:\/\/fr.wikipedia.org\/wiki\/Mai_1932\">mai<\/a> <a title=\"1932\" href=\"https:\/\/fr.wikipedia.org\/wiki\/1932\">1932<\/a> \u00e0 <a title=\"Veroli\" href=\"https:\/\/fr.wikipedia.org\/wiki\/Veroli\">Veroli<\/a>, dans les <a title=\"Apennins\" href=\"https:\/\/fr.wikipedia.org\/wiki\/Apennins\">Apennins<\/a> en <a title=\"Italie\" href=\"https:\/\/fr.wikipedia.org\/wiki\/Italie\">Italie<\/a>. D\u00e9tenteur de plusieurs records de vitesse en avion sur de tr\u00e8s longues distances, il\u00a0 est le premier \u00e0 avoir pos\u00e9 un appareil sur l&rsquo;\u00eele de <a title=\"La R\u00e9union\" href=\"https:\/\/fr.wikipedia.org\/wiki\/La_R%C3%A9union\">La R\u00e9union<\/a> le <a title=\"26 novembre\" href=\"https:\/\/fr.wikipedia.org\/wiki\/26_novembre\">26<\/a> <a title=\"Novembre 1929\" href=\"https:\/\/fr.wikipedia.org\/wiki\/Novembre_1929\">novembre<\/a> <a title=\"1929\" href=\"https:\/\/fr.wikipedia.org\/wiki\/1929\">1929<\/a><sup id=\"cite_ref-Lyc\u00e9e_Marcel-Goulette_1-0\" class=\"reference\"><\/sup>, il devient ensuite le premier aviateur \u00e0 relier la <a title=\"France\" href=\"https:\/\/fr.wikipedia.org\/wiki\/France\">France<\/a> \u00e0 <a title=\"Madagascar\" href=\"https:\/\/fr.wikipedia.org\/wiki\/Madagascar\">Madagascar<\/a> en avion.<\/p>\n<p><em>Source : <a href=\"https:\/\/fr.wikipedia.org\/wiki\/Marcel_Goulette\">https:\/\/fr.wikipedia.org\/wiki\/Marcel_Goulette<\/a><\/em><\/td>\n<td style=\"text-align: justify\"><img loading=\"lazy\" decoding=\"async\" class=\"aligncenter wp-image-4530 size-thumbnail\" src=\"https:\/\/etab.ac-reunion.fr\/clg-marcel-goulette\/wp-content\/uploads\/sites\/153\/2022\/09\/marcel_goulette-119x150.jpg\" alt=\"\" width=\"119\" height=\"150\" srcset=\"https:\/\/etab.ac-reunion.fr\/clg-marcel-goulette\/wp-content\/uploads\/sites\/153\/2022\/09\/marcel_goulette-119x150.jpg 119w, https:\/\/etab.ac-reunion.fr\/clg-marcel-goulette\/wp-content\/uploads\/sites\/153\/2022\/09\/marcel_goulette-238x300.jpg 238w, https:\/\/etab.ac-reunion.fr\/clg-marcel-goulette\/wp-content\/uploads\/sites\/153\/2022\/09\/marcel_goulette.jpg 320w\" sizes=\"auto, (max-width: 119px) 100vw, 119px\" \/><\/td>\n<\/tr>\n<tr>\n<td style=\"vertical-align: middle\" colspan=\"2\"><b>Le 26 novembre 1929, <\/b>Marcel Goulette chef de mission et navigateur \u00e0 bord du <strong>FARMAN-AJJB<\/strong> assist\u00e9 du pilote Ren\u00e9 Marchesseau et du m\u00e9canicien Jean-Michel Bourgeois, r\u00e9alise la premi\u00e8re liaison a\u00e9rienne France-R\u00e9union, apr\u00e8s une \u00e9pop\u00e9e de plusieurs semaines, riche en p\u00e9rip\u00e9ties. Depuis le lever du jour, une foule impressionnante s&rsquo;\u00e9tait mass\u00e9e autour du terrain. L&rsquo;avion qui ne poss\u00e9dait alors aucun instrument de guidage devait pour trouver l&rsquo;\u00eele rep\u00e9rer un bateau des Messageries Maritimes, le Gandidier. L&rsquo;avion se pose sur les terres d&rsquo;un certain Gillot, d&rsquo;o\u00f9 le nom donn\u00e9 \u00e0 l&rsquo;A\u00e9roport qui y sera construit apr\u00e8s 1946.<style>\n       .errordiv { padding:10px; margin:10px; border: 1px solid #555555;color: #000000;background-color: #f8f8f8; width:500px; }#advanced_iframe {visibility:visible;opacity:1;vertical-align:top;}.ai-info-bottom-iframe { position: fixed; z-index: 10000; bottom:0; left: 0; margin: 0px; text-align: center; width: 100%; background-color: #ff9999; padding-left: 5px;padding-bottom: 5px; border-top: 1px solid #aaa } a.ai-bold {font-weight: bold;}#ai-layer-div-advanced_iframe p {height:100%;margin:0;padding:0}<\/style><script type=\"text\/javascript\">var ai_iframe_width_advanced_iframe = 0;var ai_iframe_height_advanced_iframe = 0;function aiReceiveMessageadvanced_iframe(event) {  aiProcessMessage(event,\"advanced_iframe\", \"true\",\"\",\"false\",\"false\");}if (window.addEventListener) {  window.addEventListener(\"message\", aiReceiveMessageadvanced_iframe);} else if (el.attachEvent)  {  el.attachEvent(\"message\", aiReceiveMessageadvanced_iframe);}var aiOnloadScrollTop=\"true\";var aiShowDebug=false;\n\t\tif (typeof aiReadyCallbacks === 'undefined') {\n\t\t\tvar aiReadyCallbacks = [];\n\t\t} else if (!(aiReadyCallbacks instanceof Array)) {\n\t\t\tvar aiReadyCallbacks = [];\n\t\t}    function aiShowIframeId(id_iframe) { jQuery(\"#\"+id_iframe).css(\"visibility\", \"visible\");    }    function aiResizeIframeHeight(height) { aiResizeIframeHeight(height,advanced_iframe); }    function aiResizeIframeHeightId(height,width,id) {aiResizeIframeHeightById(id,height);}<\/script><iframe id=\"advanced_iframe\"  name=\"advanced_iframe\"  src=\"https:\/\/videos-fr.antenne.re\/nas\/V2-avion-1911261230.mp4\"  width=\"100%\"  height=\"600\"  frameborder=\"0\"  border=\"0\"  allowtransparency=\"true\"  loading=\"lazy\"  style=\";border-width: 0px;;border: none;;width:100%;;height:600px;\" ><\/iframe><script type=\"text\/javascript\">var ifrm_advanced_iframe = document.getElementById(\"advanced_iframe\");var hiddenTabsDoneadvanced_iframe = false;\nfunction resizeCallbackadvanced_iframe() {}<\/script><script type=\"text\/javascript\"><\/script><p style=\"display:block !important; visibility:visible !important;margin: -18px 14px 0 0;padding-left: 3px;padding-top:3px;background: white; overflow: hidden; position: relative; line-height:15px;width: fit-content;\"><small style=\"display:block !important;visibility:visible !important\">powered by Advanced iFrame<\/small><\/p><\/td>\n<\/tr>\n<\/tbody>\n<\/table>\n","protected":false},"excerpt":{"rendered":"<p>Marcel Fran\u00e7ois Goulette est un ing\u00e9nieur, un poilu et un aviateur fran\u00e7ais n\u00e9 le 7 d\u00e9cembre 1893 \u00e0 Charmes, dans les Vosges et mort dans l&rsquo;\u00e9crasement de son avion le\u2026<\/p>\n<p class=\"continue-reading-button\"> <a class=\"continue-reading-link\" href=\"https:\/\/etab.ac-reunion.fr\/clg-marcel-goulette\/college__trashed\/qui-etait-marcel-goulette\/\">Lire la suite&#8230;<i class=\"crycon-right-dir\"><\/i><\/a><\/p>\n","protected":false},"author":32163,"featured_media":0,"parent":29,"menu_order":1,"comment_status":"closed","ping_status":"closed","template":"","meta":{"footnotes":""},"class_list":["post-4529","page","type-page","status-publish","hentry"],"_links":{"self":[{"href":"https:\/\/etab.ac-reunion.fr\/clg-marcel-goulette\/wp-json\/wp\/v2\/pages\/4529","targetHints":{"allow":["GET"]}}],"collection":[{"href":"https:\/\/etab.ac-reunion.fr\/clg-marcel-goulette\/wp-json\/wp\/v2\/pages"}],"about":[{"href":"https:\/\/etab.ac-reunion.fr\/clg-marcel-goulette\/wp-json\/wp\/v2\/types\/page"}],"author":[{"embeddable":true,"href":"https:\/\/etab.ac-reunion.fr\/clg-marcel-goulette\/wp-json\/wp\/v2\/users\/32163"}],"replies":[{"embeddable":true,"href":"https:\/\/etab.ac-reunion.fr\/clg-marcel-goulette\/wp-json\/wp\/v2\/comments?post=4529"}],"version-history":[{"count":13,"href":"https:\/\/etab.ac-reunion.fr\/clg-marcel-goulette\/wp-json\/wp\/v2\/pages\/4529\/revisions"}],"predecessor-version":[{"id":7807,"href":"https:\/\/etab.ac-reunion.fr\/clg-marcel-goulette\/wp-json\/wp\/v2\/pages\/4529\/revisions\/7807"}],"up":[{"embeddable":true,"href":"https:\/\/etab.ac-reunion.fr\/clg-marcel-goulette\/wp-json\/wp\/v2\/pages\/29"}],"wp:attachment":[{"href":"https:\/\/etab.ac-reunion.fr\/clg-marcel-goulette\/wp-json\/wp\/v2\/media?parent=4529"}],"curies":[{"name":"wp","href":"https:\/\/api.w.org\/{rel}","templated":true}]}}