{"id":4676,"date":"2022-10-19T11:36:12","date_gmt":"2022-10-19T07:36:12","guid":{"rendered":"https:\/\/etab.ac-reunion.fr\/clg-marcel-goulette\/?page_id=4676"},"modified":"2025-12-12T08:46:11","modified_gmt":"2025-12-12T04:46:11","slug":"lassistante-sociale","status":"publish","type":"page","link":"https:\/\/etab.ac-reunion.fr\/clg-marcel-goulette\/lassistante-sociale\/","title":{"rendered":"L&rsquo;Assistante Sociale du coll\u00e8ge"},"content":{"rendered":"\n<p><br><\/p>\n\n\n<div class=\"wp-block-image\">\n<figure class=\"aligncenter size-large\"><img loading=\"lazy\" decoding=\"async\" width=\"1024\" height=\"205\" src=\"https:\/\/etab.ac-reunion.fr\/clg-marcel-goulette\/wp-content\/uploads\/sites\/153\/2025\/12\/Assistante-social1-1024x205.png\" alt=\"\" class=\"wp-image-7840\" srcset=\"https:\/\/etab.ac-reunion.fr\/clg-marcel-goulette\/wp-content\/uploads\/sites\/153\/2025\/12\/Assistante-social1-1024x205.png 1024w, https:\/\/etab.ac-reunion.fr\/clg-marcel-goulette\/wp-content\/uploads\/sites\/153\/2025\/12\/Assistante-social1-300x60.png 300w, https:\/\/etab.ac-reunion.fr\/clg-marcel-goulette\/wp-content\/uploads\/sites\/153\/2025\/12\/Assistante-social1-120x24.png 120w, https:\/\/etab.ac-reunion.fr\/clg-marcel-goulette\/wp-content\/uploads\/sites\/153\/2025\/12\/Assistante-social1-768x154.png 768w, https:\/\/etab.ac-reunion.fr\/clg-marcel-goulette\/wp-content\/uploads\/sites\/153\/2025\/12\/Assistante-social1-1536x307.png 1536w, https:\/\/etab.ac-reunion.fr\/clg-marcel-goulette\/wp-content\/uploads\/sites\/153\/2025\/12\/Assistante-social1-150x30.png 150w, https:\/\/etab.ac-reunion.fr\/clg-marcel-goulette\/wp-content\/uploads\/sites\/153\/2025\/12\/Assistante-social1.png 2000w\" sizes=\"auto, (max-width: 1024px) 100vw, 1024px\" \/><\/figure>\n<\/div>\n\n\n<hr class=\"wp-block-separator has-alpha-channel-opacity is-style-wide\" \/>\n\n\n\n<div style=\"height:50px\" aria-hidden=\"true\" class=\"wp-block-spacer is-style-wide\"><\/div>\n\n\n\n<h3 class=\"wp-block-heading\">Ses missions<\/h3>\n\n\n\n<p>L\u2019assistante sociale intervient aupr\u00e8s des \u00e9l\u00e8ves afin de <strong>favoriser leur bien-\u00eatre et leur r\u00e9ussite scolaire<\/strong>.<\/p>\n\n\n\n<p>Elle peut \u00eatre sollicit\u00e9e :<\/p>\n\n\n\n<ul class=\"wp-block-list\">\n<li>par <strong>les familles<\/strong> (sur rendez-vous),<\/li>\n\n\n\n<li>par <strong>les membres de la communaut\u00e9 \u00e9ducative<\/strong>,<\/li>\n\n\n\n<li>par <strong>l\u2019\u00e9l\u00e8ve lui-m\u00eame<\/strong>.<\/li>\n<\/ul>\n\n\n\n<h3 class=\"wp-block-heading\">Son r\u00f4le<\/h3>\n\n\n\n<p>Elle assure :<\/p>\n\n\n\n<ul class=\"wp-block-list\">\n<li>une <strong>\u00e9coute bienveillante<\/strong>,<\/li>\n\n\n\n<li>un <strong>soutien adapt\u00e9<\/strong> aux situations,<\/li>\n\n\n\n<li>une <strong>information<\/strong> sur les dispositifs existants.<\/li>\n<\/ul>\n\n\n\n<p>Elle accompagne les \u00e9l\u00e8ves confront\u00e9s \u00e0 des difficult\u00e9s :<\/p>\n\n\n\n<ul class=\"wp-block-list\">\n<li><strong>personnelles<\/strong>,<\/li>\n\n\n\n<li><strong>familiales<\/strong>,<\/li>\n\n\n\n<li><strong>relationnelles<\/strong>,<\/li>\n\n\n\n<li><strong>scolaires<\/strong>,<\/li>\n\n\n\n<li><strong>mat\u00e9rielles ou financi\u00e8res<\/strong>.<\/li>\n<\/ul>\n\n\n\n<div style=\"height:50px\" aria-hidden=\"true\" class=\"wp-block-spacer is-style-wide\"><\/div>\n\n\n\n<hr class=\"wp-block-separator has-alpha-channel-opacity is-style-wide\" \/>\n\n\n\n<div style=\"height:50px\" aria-hidden=\"true\" class=\"wp-block-spacer is-style-wide\"><\/div>\n\n\n\n<h2 class=\"wp-block-heading\" style=\"font-size:22px\"><strong>Le secret professionnel : ce que les familles doivent savoir<\/strong><\/h2>\n\n\n\n<p>L\u2019assistante sociale est <strong>soumise au secret professionnel<\/strong>, conform\u00e9ment aux articles L411-3 du Code de l\u2019Action Sociale et des Familles et 226-13 du Code p\u00e9nal.<br>Cela signifie que <strong>toutes les informations confi\u00e9es par un \u00e9l\u00e8ve ou une famille sont strictement confidentielles<\/strong>.<\/p>\n\n\n\n<h3 class=\"wp-block-heading\" style=\"font-size:22px\"><strong>Ce que cela garantit<\/strong><\/h3>\n\n\n\n<ul class=\"wp-block-list\">\n<li>Vos \u00e9changes restent <strong>priv\u00e9s<\/strong>.<\/li>\n\n\n\n<li>Rien n\u2019est transmis \u00e0 l\u2019\u00e9quipe \u00e9ducative <strong>sans votre accord<\/strong>.<\/li>\n\n\n\n<li>L\u2019\u00e9l\u00e8ve peut venir consulter l\u2019assistante sociale en toute <strong>confiance et discr\u00e9tion<\/strong>.<\/li>\n<\/ul>\n\n\n\n<h3 class=\"wp-block-heading\" style=\"font-size:22px\"><strong>Un cadre pour accompagner au mieux les \u00e9l\u00e8ves<\/strong><\/h3>\n\n\n\n<p>Ce secret professionnel permet d\u2019instaurer un <strong>climat de confiance<\/strong>, indispensable pour \u00e9couter, soutenir et orienter les \u00e9l\u00e8ves et leurs familles avec respect et s\u00e9curit\u00e9.<\/p>\n\n\n\n<p><\/p>\n","protected":false},"excerpt":{"rendered":"<p>Ses missions L\u2019assistante sociale intervient aupr\u00e8s des \u00e9l\u00e8ves afin de favoriser leur bien-\u00eatre et leur r\u00e9ussite scolaire. Elle peut \u00eatre sollicit\u00e9e : Son r\u00f4le Elle assure : Elle accompagne les\u2026<\/p>\n<p class=\"continue-reading-button\"> <a class=\"continue-reading-link\" href=\"https:\/\/etab.ac-reunion.fr\/clg-marcel-goulette\/lassistante-sociale\/\">Lire la suite&#8230;<i class=\"crycon-right-dir\"><\/i><\/a><\/p>\n","protected":false},"author":32163,"featured_media":0,"parent":0,"menu_order":0,"comment_status":"closed","ping_status":"closed","template":"","meta":{"footnotes":""},"class_list":["post-4676","page","type-page","status-publish","hentry"],"_links":{"self":[{"href":"https:\/\/etab.ac-reunion.fr\/clg-marcel-goulette\/wp-json\/wp\/v2\/pages\/4676","targetHints":{"allow":["GET"]}}],"collection":[{"href":"https:\/\/etab.ac-reunion.fr\/clg-marcel-goulette\/wp-json\/wp\/v2\/pages"}],"about":[{"href":"https:\/\/etab.ac-reunion.fr\/clg-marcel-goulette\/wp-json\/wp\/v2\/types\/page"}],"author":[{"embeddable":true,"href":"https:\/\/etab.ac-reunion.fr\/clg-marcel-goulette\/wp-json\/wp\/v2\/users\/32163"}],"replies":[{"embeddable":true,"href":"https:\/\/etab.ac-reunion.fr\/clg-marcel-goulette\/wp-json\/wp\/v2\/comments?post=4676"}],"version-history":[{"count":15,"href":"https:\/\/etab.ac-reunion.fr\/clg-marcel-goulette\/wp-json\/wp\/v2\/pages\/4676\/revisions"}],"predecessor-version":[{"id":7842,"href":"https:\/\/etab.ac-reunion.fr\/clg-marcel-goulette\/wp-json\/wp\/v2\/pages\/4676\/revisions\/7842"}],"wp:attachment":[{"href":"https:\/\/etab.ac-reunion.fr\/clg-marcel-goulette\/wp-json\/wp\/v2\/media?parent=4676"}],"curies":[{"name":"wp","href":"https:\/\/api.w.org\/{rel}","templated":true}]}}