{"id":4722,"date":"2022-10-21T12:58:54","date_gmt":"2022-10-21T08:58:54","guid":{"rendered":"https:\/\/etab.ac-reunion.fr\/clg-marcel-goulette\/?page_id=4722"},"modified":"2024-03-21T19:22:03","modified_gmt":"2024-03-21T15:22:03","slug":"voir-le-travail-a-faire","status":"publish","type":"page","link":"https:\/\/etab.ac-reunion.fr\/clg-marcel-goulette\/voir-le-travail-a-faire\/","title":{"rendered":"Comment voir le travail \u00e0 faire ?"},"content":{"rendered":"<p><span style=\"font-family: arial, helvetica, sans-serif;font-size: 12pt\">Pour acc\u00e9der \u00e0 Pronote en tant qu&rsquo;\u00e9l\u00e8ve, <strong>il faut d&rsquo;abord se connecter \u00e0 M\u00e9tice !<\/strong><\/span><\/p>\n<p><span style=\"font-family: arial, helvetica, sans-serif;font-size: 12pt\"><a href=\"http:\/\/metice.ac-reunion.fr\/\" target=\"_blank\" rel=\"noopener\"><img loading=\"lazy\" decoding=\"async\" class=\"size-full wp-image-4714 aligncenter\" src=\"https:\/\/etab.ac-reunion.fr\/clg-marcel-goulette\/wp-content\/uploads\/sites\/153\/2022\/10\/Capture-du-2022-10-21-10-46-52.png\" alt=\"\" width=\"231\" height=\"33\" srcset=\"https:\/\/etab.ac-reunion.fr\/clg-marcel-goulette\/wp-content\/uploads\/sites\/153\/2022\/10\/Capture-du-2022-10-21-10-46-52.png 231w, https:\/\/etab.ac-reunion.fr\/clg-marcel-goulette\/wp-content\/uploads\/sites\/153\/2022\/10\/Capture-du-2022-10-21-10-46-52-150x21.png 150w\" sizes=\"auto, (max-width: 231px) 100vw, 231px\" \/><\/a>Vos identifiants sont identiques \u00e0 ceux utilis\u00e9s sur les ordinateurs dans l\u2019\u00e9tablissement.<\/span><\/p>\n<p><span style=\"font-family: arial, helvetica, sans-serif;font-size: 12pt\"><span style=\"color: #ff0000\">Identifiant ou mot de passe perdu ?<\/span> Contactez votre professeur principal ou un responsable informatique de l\u2019\u00e9tablissement.<\/span><\/p>\n<p><script>document.addEventListener('DOMContentLoaded', function() {(tarteaucitron.job = tarteaucitron.job || []).push('vimeo');});<\/script><\/p>\n<div class=\"vimeo_player\" videoID=\"121466531\" width=\"100%\" height=\"100%\" style=\"height:50vw\"><\/div>\n","protected":false},"excerpt":{"rendered":"<p>Pour acc\u00e9der \u00e0 Pronote en tant qu&rsquo;\u00e9l\u00e8ve, il faut d&rsquo;abord se connecter \u00e0 M\u00e9tice ! Vos identifiants sont identiques \u00e0 ceux utilis\u00e9s sur les ordinateurs dans l\u2019\u00e9tablissement. Identifiant ou mot\u2026<\/p>\n<p class=\"continue-reading-button\"> <a class=\"continue-reading-link\" href=\"https:\/\/etab.ac-reunion.fr\/clg-marcel-goulette\/voir-le-travail-a-faire\/\">Lire la suite&#8230;<i class=\"crycon-right-dir\"><\/i><\/a><\/p>\n","protected":false},"author":32163,"featured_media":0,"parent":0,"menu_order":0,"comment_status":"closed","ping_status":"closed","template":"","meta":{"footnotes":""},"class_list":["post-4722","page","type-page","status-publish","hentry"],"_links":{"self":[{"href":"https:\/\/etab.ac-reunion.fr\/clg-marcel-goulette\/wp-json\/wp\/v2\/pages\/4722","targetHints":{"allow":["GET"]}}],"collection":[{"href":"https:\/\/etab.ac-reunion.fr\/clg-marcel-goulette\/wp-json\/wp\/v2\/pages"}],"about":[{"href":"https:\/\/etab.ac-reunion.fr\/clg-marcel-goulette\/wp-json\/wp\/v2\/types\/page"}],"author":[{"embeddable":true,"href":"https:\/\/etab.ac-reunion.fr\/clg-marcel-goulette\/wp-json\/wp\/v2\/users\/32163"}],"replies":[{"embeddable":true,"href":"https:\/\/etab.ac-reunion.fr\/clg-marcel-goulette\/wp-json\/wp\/v2\/comments?post=4722"}],"version-history":[{"count":6,"href":"https:\/\/etab.ac-reunion.fr\/clg-marcel-goulette\/wp-json\/wp\/v2\/pages\/4722\/revisions"}],"predecessor-version":[{"id":6111,"href":"https:\/\/etab.ac-reunion.fr\/clg-marcel-goulette\/wp-json\/wp\/v2\/pages\/4722\/revisions\/6111"}],"wp:attachment":[{"href":"https:\/\/etab.ac-reunion.fr\/clg-marcel-goulette\/wp-json\/wp\/v2\/media?parent=4722"}],"curies":[{"name":"wp","href":"https:\/\/api.w.org\/{rel}","templated":true}]}}