{"id":6267,"date":"2024-05-31T15:04:16","date_gmt":"2024-05-31T11:04:16","guid":{"rendered":"https:\/\/etab.ac-reunion.fr\/clg-marcel-goulette\/?post_type=tribe_events&#038;p=6267"},"modified":"2024-05-31T15:31:15","modified_gmt":"2024-05-31T11:31:15","slug":"inscriptions-en-6eme-pour-la-rentree-2024-2025","status":"publish","type":"tribe_events","link":"https:\/\/etab.ac-reunion.fr\/clg-marcel-goulette\/event\/inscriptions-en-6eme-pour-la-rentree-2024-2025\/","title":{"rendered":"Inscriptions en 6\u00e8me 2024 &#8211; 2025"},"content":{"rendered":"<p><span style=\"font-size: 12pt;font-family: arial, helvetica, sans-serif\">Toutes les informations et documents utiles \u00e0 t\u00e9l\u00e9charger ici : <strong><a href=\"https:\/\/etab.ac-reunion.fr\/clg-marcel-goulette\/inscriptions-en-6eme-pour-la-rentree-2024-2025\/\">Inscriptions en 6\u00e8me pour la rentr\u00e9e 2024-2025<\/a><\/strong><\/span><\/p>\n","protected":false},"excerpt":{"rendered":"<p>Toutes les informations et documents utiles \u00e0 t\u00e9l\u00e9charger ici : Inscriptions en 6\u00e8me pour la rentr\u00e9e 2024-2025<\/p>\n<p class=\"continue-reading-button\"> <a class=\"continue-reading-link\" href=\"https:\/\/etab.ac-reunion.fr\/clg-marcel-goulette\/event\/inscriptions-en-6eme-pour-la-rentree-2024-2025\/\">Lire la suite&#8230;<i class=\"crycon-right-dir\"><\/i><\/a><\/p>\n","protected":false},"author":32163,"featured_media":0,"template":"","meta":{"_tribe_events_status":"","_tribe_events_status_reason":"","footnotes":""},"tags":[],"tribe_events_cat":[],"class_list":["post-6267","tribe_events","type-tribe_events","status-publish","hentry"],"_links":{"self":[{"href":"https:\/\/etab.ac-reunion.fr\/clg-marcel-goulette\/wp-json\/wp\/v2\/tribe_events\/6267","targetHints":{"allow":["GET"]}}],"collection":[{"href":"https:\/\/etab.ac-reunion.fr\/clg-marcel-goulette\/wp-json\/wp\/v2\/tribe_events"}],"about":[{"href":"https:\/\/etab.ac-reunion.fr\/clg-marcel-goulette\/wp-json\/wp\/v2\/types\/tribe_events"}],"author":[{"embeddable":true,"href":"https:\/\/etab.ac-reunion.fr\/clg-marcel-goulette\/wp-json\/wp\/v2\/users\/32163"}],"version-history":[{"count":2,"href":"https:\/\/etab.ac-reunion.fr\/clg-marcel-goulette\/wp-json\/wp\/v2\/tribe_events\/6267\/revisions"}],"predecessor-version":[{"id":6275,"href":"https:\/\/etab.ac-reunion.fr\/clg-marcel-goulette\/wp-json\/wp\/v2\/tribe_events\/6267\/revisions\/6275"}],"wp:attachment":[{"href":"https:\/\/etab.ac-reunion.fr\/clg-marcel-goulette\/wp-json\/wp\/v2\/media?parent=6267"}],"wp:term":[{"taxonomy":"post_tag","embeddable":true,"href":"https:\/\/etab.ac-reunion.fr\/clg-marcel-goulette\/wp-json\/wp\/v2\/tags?post=6267"},{"taxonomy":"tribe_events_cat","embeddable":true,"href":"https:\/\/etab.ac-reunion.fr\/clg-marcel-goulette\/wp-json\/wp\/v2\/tribe_events_cat?post=6267"}],"curies":[{"name":"wp","href":"https:\/\/api.w.org\/{rel}","templated":true}]}}

Inscriptions en 6ème 2024 &#8211; 2025

<p><span style="font-size: 12pt;font-family: arial, helvetica, sans-serif">Toutes les informations et documents utiles à télécharger ici : <strong><a href="https://etab.ac-reunion.fr/clg-marcel-goulette/inscriptions-en-6eme-pour-la-rentree-2024-2025/">Inscriptions en 6ème pour la rentrée 2024-2025</a></strong></span></p>

<p>Toutes les informations et documents utiles à télécharger ici : Inscriptions en 6ème pour la rentrée 2024-2025</p>
<p class="continue-reading-button"> <a class="continue-reading-link" href="https://etab.ac-reunion.fr/clg-marcel-goulette/event/inscriptions-en-6eme-pour-la-rentree-2024-2025/">Lire la suite&#8230;<i class="crycon-right-dir"></i></a></p>
