{"id":31,"date":"2014-05-10T23:09:17","date_gmt":"2014-05-10T19:09:17","guid":{"rendered":"http:\/\/college-mdebre.ac-reunion.fr\/?page_id=31"},"modified":"2021-06-14T10:37:05","modified_gmt":"2021-06-14T06:37:05","slug":"mentions-legales","status":"publish","type":"page","link":"https:\/\/etab.ac-reunion.fr\/clg-michel-debre\/mentions-legales\/","title":{"rendered":"Mentions l\u00e9gales"},"content":{"rendered":"<p><strong>Directeur de la publication<\/strong> : Monsieur Jean-Fran\u00e7ois OGNARD.<\/p>\n<p><strong>Nom et adresse de l&rsquo;\u00e9tablissement<\/strong> : Coll\u00e8ge Michel DEBR\u00c9 &#8211; BP9 &#8211; 97418 la Plaine des Cafres.<\/p>\n<p><strong>Webmestre<\/strong> : Monsieur Nicolas BOUNEA.<\/p>\n<p><strong>H\u00e9bergeur<\/strong> : Rectorat de la REUNION.<\/p>\n","protected":false},"excerpt":{"rendered":"<p>Directeur de la publication : Monsieur Jean-Fran\u00e7ois OGNARD. Nom et adresse de l&rsquo;\u00e9tablissement : Coll\u00e8ge Michel DEBR\u00c9 &#8211; BP9 &#8211; 97418 la Plaine des Cafres. Webmestre : Monsieur Nicolas BOUNEA. H\u00e9bergeur : Rectorat de la REUNION.<\/p>\n","protected":false},"author":1036,"featured_media":0,"parent":0,"menu_order":0,"comment_status":"closed","ping_status":"closed","template":"","meta":{"footnotes":""},"class_list":["post-31","page","type-page","status-publish","hentry"],"_links":{"self":[{"href":"https:\/\/etab.ac-reunion.fr\/clg-michel-debre\/wp-json\/wp\/v2\/pages\/31","targetHints":{"allow":["GET"]}}],"collection":[{"href":"https:\/\/etab.ac-reunion.fr\/clg-michel-debre\/wp-json\/wp\/v2\/pages"}],"about":[{"href":"https:\/\/etab.ac-reunion.fr\/clg-michel-debre\/wp-json\/wp\/v2\/types\/page"}],"author":[{"embeddable":true,"href":"https:\/\/etab.ac-reunion.fr\/clg-michel-debre\/wp-json\/wp\/v2\/users\/1036"}],"replies":[{"embeddable":true,"href":"https:\/\/etab.ac-reunion.fr\/clg-michel-debre\/wp-json\/wp\/v2\/comments?post=31"}],"version-history":[{"count":5,"href":"https:\/\/etab.ac-reunion.fr\/clg-michel-debre\/wp-json\/wp\/v2\/pages\/31\/revisions"}],"predecessor-version":[{"id":1820,"href":"https:\/\/etab.ac-reunion.fr\/clg-michel-debre\/wp-json\/wp\/v2\/pages\/31\/revisions\/1820"}],"wp:attachment":[{"href":"https:\/\/etab.ac-reunion.fr\/clg-michel-debre\/wp-json\/wp\/v2\/media?parent=31"}],"curies":[{"name":"wp","href":"https:\/\/api.w.org\/{rel}","templated":true}]}}