{"id":1920,"date":"2016-08-01T15:02:55","date_gmt":"2016-08-01T11:02:55","guid":{"rendered":"http:\/\/college-oasis.ac-reunion.fr\/?page_id=1920"},"modified":"2021-04-30T17:54:12","modified_gmt":"2021-04-30T13:54:12","slug":"orientation","status":"publish","type":"page","link":"https:\/\/etab.ac-reunion.fr\/clg-oasis\/orientation\/","title":{"rendered":"Orientation"},"content":{"rendered":"[et_pb_section fb_built=\u00a0\u00bb1&Prime; admin_label=\u00a0\u00bbsection\u00a0\u00bb _builder_version=\u00a0\u00bb3.22&Prime;][et_pb_row admin_label=\u00a0\u00bbrow\u00a0\u00bb _builder_version=\u00a0\u00bb3.25&Prime; background_size=\u00a0\u00bbinitial\u00a0\u00bb background_position=\u00a0\u00bbtop_left\u00a0\u00bb background_repeat=\u00a0\u00bbrepeat\u00a0\u00bb hover_enabled=\u00a0\u00bb0&Prime; sticky_enabled=\u00a0\u00bb0&Prime;][et_pb_column type=\u00a0\u00bb4_4&Prime; _builder_version=\u00a0\u00bb3.25&Prime; custom_padding=\u00a0\u00bb|||\u00a0\u00bb custom_padding__hover=\u00a0\u00bb|||\u00a0\u00bb][et_pb_text admin_label=\u00a0\u00bbText\u00a0\u00bb _builder_version=\u00a0\u00bb3.27.4&Prime; background_size=\u00a0\u00bbinitial\u00a0\u00bb background_position=\u00a0\u00bbtop_left\u00a0\u00bb background_repeat=\u00a0\u00bbrepeat\u00a0\u00bb custom_padding=\u00a0\u00bb||0px|||\u00a0\u00bb inline_fonts=\u00a0\u00bbVerdana\u00a0\u00bb]\n<h3><span style=\"text-decoration: underline;font-family: Verdana;font-weight: normal\"><strong>LYCEE JEAN HINGLO <\/strong><\/span><\/h3>\n<h3><span style=\"font-family: Verdana;font-weight: normal\"><a href=\"https:\/\/etab.ac-reunion.fr\/clg-oasis\/wp-content\/uploads\/sites\/39\/2020\/05\/diaporama-pr\u00e9sentation-lyc\u00e9e-jean-hinglo-28.04.2020.pdf\">Voie G\u00e9n\u00e9rale et Technologique<\/a><\/span><\/h3>\n<h3><span style=\"font-family: Verdana;font-weight: normal\"><a href=\"https:\/\/etab.ac-reunion.fr\/clg-oasis\/wp-content\/uploads\/sites\/39\/2020\/05\/Diaporama_presentation-SEP-Hinglo.pdf\">Voie Professionnelle<\/a> 2020<\/span><\/h3>\n<p>&nbsp;<\/p>\n<h3><\/h3>\n<h3><span style=\"font-family: Verdana;font-weight: normal\"><strong><span style=\"text-decoration: underline\">Guides Onisep 2021<\/span><\/strong><\/span><\/h3>\n<h3><span style=\"font-family: Verdana;font-weight: normal\"><a href=\"https:\/\/fr.calameo.com\/read\/00003754700b3040d8b60\">Pr\u00e9parer son orientation<\/a><\/span><\/h3>\n<h3><span style=\"font-family: Verdana;font-weight: normal\"><a href=\"https:\/\/etab.ac-reunion.fr\/clg-oasis\/wp-content\/uploads\/sites\/39\/2021\/04\/Additif-Guide-En-classe-de-3e-preparer-son-orientation-2021.pdf\">Additif Pr\u00e9parer son orientation Avril 2021<\/a><\/span><\/h3>\n<h3><span style=\"font-family: Verdana;font-weight: normal\"><a href=\"https:\/\/fr.calameo.com\/read\/0000375474d78a9718869\">Les Bac Pro 2020<\/a><\/span><\/h3>\n<h3><span style=\"font-family: Verdana;font-weight: normal\"><a href=\"https:\/\/etab.ac-reunion.fr\/clg-oasis\/wp-content\/uploads\/sites\/39\/2021\/04\/ONISEP-Reunion-_-Un-CAP-pour-un-metier-2021-1.pdf\">Les CAP<\/a><\/span><\/h3>\n<p><span style=\"font-family: Verdana;font-weight: normal\"><strong>\u00a0<\/strong><\/span><\/p>\n<h3><span style=\"font-family: Verdana;font-weight: normal\"><a href=\"https:\/\/www.ac-reunion.fr\/orientation-formation\/sinformer-et-sorienter\/les-centres-dinformation-et-dorientation-cio.html\">Les centres d&rsquo;information et d&rsquo;orientation<\/a><\/span><\/h3>\n<h3><span style=\"font-family: Verdana;font-weight: normal\"><a href=\"http:\/\/www.education.gouv.fr\/cid155\/se-former-par-l-apprentissage.html\">L&rsquo;apprentissage<\/a><\/span><\/h3>\n<h3><span style=\"font-family: Verdana;font-weight: normal\"><a href=\"http:\/\/eduscol.education.fr\/cid46878\/le-parcours-decouverte-des-metiers-des-formations.html\">Le parcours avenir<\/a><\/span><\/h3>\n[\/et_pb_text][\/et_pb_column][\/et_pb_row][\/et_pb_section]\n<!-- AddThis Advanced Settings generic via filter on the_content --><!-- AddThis Share Buttons generic via filter on the_content -->","protected":false},"excerpt":{"rendered":"<p>LYCEE JEAN HINGLO Voie G\u00e9n\u00e9rale et Technologique Voie Professionnelle 2020 &nbsp; Guides Onisep 2021 Pr\u00e9parer son orientation Additif Pr\u00e9parer son orientation Avril 2021 Les Bac Pro 2020 Les CAP \u00a0 [&hellip;]<\/p>\n<p><!-- AddThis Advanced Settings generic via filter on get_the_excerpt --><!-- AddThis Share Buttons generic via filter on get_the_excerpt --><\/p>\n","protected":false},"author":10087,"featured_media":0,"parent":0,"menu_order":0,"comment_status":"closed","ping_status":"closed","template":"","meta":{"_et_pb_use_builder":"on","_et_pb_old_content":"<h3><span style=\"text-decoration: underline\"><strong>LYCEE JEAN HINGLO <\/strong><\/span><\/h3>\r\n<h3><a href=\"https:\/\/etab.ac-reunion.fr\/clg-oasis\/wp-content\/uploads\/sites\/39\/2020\/05\/diaporama-pr\u00e9sentation-lyc\u00e9e-jean-hinglo-28.04.2020.pdf\">Voie G\u00e9n\u00e9rale et Technologique<\/a><\/h3>\r\n<h3><a href=\"https:\/\/etab.ac-reunion.fr\/clg-oasis\/wp-content\/uploads\/sites\/39\/2020\/05\/Diaporama_presentation-SEP-Hinglo.pdf\">Voie Professionnelle<\/a> 2020<\/h3>\r\n<h3><\/h3>\r\n<h3><span style=\"text-decoration: underline\"><strong>Guides Onisep 2021<\/strong><\/span><\/h3>\r\n<h3><a href=\"https:\/\/fr.calameo.com\/read\/00003754700b3040d8b60\">Pr\u00e9parer son orientation<\/a><\/h3>\r\n<h3><a href=\"https:\/\/etab.ac-reunion.fr\/clg-oasis\/wp-content\/uploads\/sites\/39\/2021\/04\/Additif-Guide-En-classe-de-3e-preparer-son-orientation-2021.pdf\">Additif Pr\u00e9parer son orientation Avril 2021<\/a><\/h3>\r\n<h3><a href=\"https:\/\/fr.calameo.com\/read\/0000375474d78a9718869\">Les Bac Pro 2020<\/a><\/h3>\r\n<h3><a href=\"https:\/\/etab.ac-reunion.fr\/clg-oasis\/wp-content\/uploads\/sites\/39\/2021\/04\/ONISEP-Reunion-_-Un-CAP-pour-un-metier-2021-1.pdf\">Les CAP\u00a0<\/a><\/h3>\r\n&nbsp;\r\n<h3><a href=\"https:\/\/www.ac-reunion.fr\/orientation-formation\/sinformer-et-sorienter\/les-centres-dinformation-et-dorientation-cio.html\">Les centres d'information et d'orientation<\/a><\/h3>\r\n<h3><a href=\"http:\/\/www.education.gouv.fr\/cid155\/se-former-par-l-apprentissage.html\">L'apprentissage<\/a><\/h3>\r\n<h3><a href=\"http:\/\/eduscol.education.fr\/cid46878\/le-parcours-decouverte-des-metiers-des-formations.html\">Le parcours avenir<\/a><\/h3>","_et_gb_content_width":"","footnotes":""},"class_list":["post-1920","page","type-page","status-publish","hentry"],"_links":{"self":[{"href":"https:\/\/etab.ac-reunion.fr\/clg-oasis\/wp-json\/wp\/v2\/pages\/1920","targetHints":{"allow":["GET"]}}],"collection":[{"href":"https:\/\/etab.ac-reunion.fr\/clg-oasis\/wp-json\/wp\/v2\/pages"}],"about":[{"href":"https:\/\/etab.ac-reunion.fr\/clg-oasis\/wp-json\/wp\/v2\/types\/page"}],"author":[{"embeddable":true,"href":"https:\/\/etab.ac-reunion.fr\/clg-oasis\/wp-json\/wp\/v2\/users\/10087"}],"replies":[{"embeddable":true,"href":"https:\/\/etab.ac-reunion.fr\/clg-oasis\/wp-json\/wp\/v2\/comments?post=1920"}],"version-history":[{"count":15,"href":"https:\/\/etab.ac-reunion.fr\/clg-oasis\/wp-json\/wp\/v2\/pages\/1920\/revisions"}],"predecessor-version":[{"id":4007,"href":"https:\/\/etab.ac-reunion.fr\/clg-oasis\/wp-json\/wp\/v2\/pages\/1920\/revisions\/4007"}],"wp:attachment":[{"href":"https:\/\/etab.ac-reunion.fr\/clg-oasis\/wp-json\/wp\/v2\/media?parent=1920"}],"curies":[{"name":"wp","href":"https:\/\/api.w.org\/{rel}","templated":true}]}}