{"id":1929,"date":"2016-08-01T15:32:06","date_gmt":"2016-08-01T11:32:06","guid":{"rendered":"http:\/\/college-oasis.ac-reunion.fr\/?page_id=1929"},"modified":"2018-02-01T19:12:54","modified_gmt":"2018-02-01T15:12:54","slug":"les-horaires","status":"publish","type":"page","link":"https:\/\/etab.ac-reunion.fr\/clg-oasis\/les-horaires\/","title":{"rendered":"Horaires"},"content":{"rendered":"<p>\u00c9tablissement ouvert du lundi au vendredi de 7h15 \u00e0 17h00 (mercredi de 7h15 \u00e0 12h35)<\/p>\n<p>Mise en rang des \u00e9l\u00e8ves dans la cour et prise en charge par les professeurs \u00e0 7h25, 9h40, 12h55 et 15h05<\/p>\n<p><span style=\"text-decoration: underline\">R\u00e9cr\u00e9ations :\u00a0<\/span><\/p>\n<ul>\n<li>de 9h25 \u00e0 9h40 (15 min)<\/li>\n<li>de 14h55 \u00e0 15h05 (10 min)<\/li>\n<\/ul>\n<p><span style=\"text-decoration: underline\">Cours:<\/span><\/p>\n<p><img loading=\"lazy\" decoding=\"async\" class=\"alignnone wp-image-1937\" src=\"https:\/\/etab.ac-reunion.fr\/clg-oasis\/wp-content\/uploads\/sites\/39\/2016\/08\/Horaires-1.png\" alt=\"Horaires\" width=\"509\" height=\"220\" srcset=\"https:\/\/etab.ac-reunion.fr\/clg-oasis\/wp-content\/uploads\/sites\/39\/2016\/08\/Horaires-1.png 722w, https:\/\/etab.ac-reunion.fr\/clg-oasis\/wp-content\/uploads\/sites\/39\/2016\/08\/Horaires-1-300x130.png 300w\" sizes=\"(max-width: 509px) 100vw, 509px\" \/><\/p>\n<!-- AddThis Advanced Settings generic via filter on the_content --><!-- AddThis Share Buttons generic via filter on the_content -->","protected":false},"excerpt":{"rendered":"<p>\u00c9tablissement ouvert du lundi au vendredi de 7h15 \u00e0 17h00 (mercredi de 7h15 \u00e0 12h35) Mise en rang des \u00e9l\u00e8ves dans la cour et prise en charge par les professeurs [&hellip;]<!-- AddThis Advanced Settings generic via filter on get_the_excerpt --><!-- AddThis Share Buttons generic via filter on get_the_excerpt --><\/p>\n","protected":false},"author":10087,"featured_media":0,"parent":0,"menu_order":0,"comment_status":"closed","ping_status":"closed","template":"","meta":{"_et_pb_use_builder":"","_et_pb_old_content":"","_et_gb_content_width":"","footnotes":""},"class_list":["post-1929","page","type-page","status-publish","hentry"],"_links":{"self":[{"href":"https:\/\/etab.ac-reunion.fr\/clg-oasis\/wp-json\/wp\/v2\/pages\/1929","targetHints":{"allow":["GET"]}}],"collection":[{"href":"https:\/\/etab.ac-reunion.fr\/clg-oasis\/wp-json\/wp\/v2\/pages"}],"about":[{"href":"https:\/\/etab.ac-reunion.fr\/clg-oasis\/wp-json\/wp\/v2\/types\/page"}],"author":[{"embeddable":true,"href":"https:\/\/etab.ac-reunion.fr\/clg-oasis\/wp-json\/wp\/v2\/users\/10087"}],"replies":[{"embeddable":true,"href":"https:\/\/etab.ac-reunion.fr\/clg-oasis\/wp-json\/wp\/v2\/comments?post=1929"}],"version-history":[{"count":11,"href":"https:\/\/etab.ac-reunion.fr\/clg-oasis\/wp-json\/wp\/v2\/pages\/1929\/revisions"}],"predecessor-version":[{"id":2623,"href":"https:\/\/etab.ac-reunion.fr\/clg-oasis\/wp-json\/wp\/v2\/pages\/1929\/revisions\/2623"}],"wp:attachment":[{"href":"https:\/\/etab.ac-reunion.fr\/clg-oasis\/wp-json\/wp\/v2\/media?parent=1929"}],"curies":[{"name":"wp","href":"https:\/\/api.w.org\/{rel}","templated":true}]}}