{"id":2074,"date":"2016-08-17T16:45:11","date_gmt":"2016-08-17T12:45:11","guid":{"rendered":"http:\/\/college-oasis.ac-reunion.fr\/?page_id=2074"},"modified":"2021-04-30T17:16:39","modified_gmt":"2021-04-30T13:16:39","slug":"infirmerie","status":"publish","type":"page","link":"https:\/\/etab.ac-reunion.fr\/clg-oasis\/infirmerie\/","title":{"rendered":"Infirmerie"},"content":{"rendered":"<p><strong><a href=\"https:\/\/etab.ac-reunion.fr\/clg-oasis\/wp-content\/uploads\/sites\/39\/2016\/08\/Infirmerie.gif\"><img loading=\"lazy\" decoding=\"async\" class=\"alignnone wp-image-2075\" src=\"https:\/\/etab.ac-reunion.fr\/clg-oasis\/wp-content\/uploads\/sites\/39\/2016\/08\/Infirmerie.gif\" alt=\"Infirmerie\" width=\"82\" height=\"82\" \/><\/a> Mmes Briand Claire et Brenon Linda,<\/strong> infirmi\u00e8res scolaires,<strong>\u00a0<\/strong>accueillent les \u00e9l\u00e8ves :<\/p>\n<ul>\n<li>les\u00a0<strong>lundi<\/strong>,\u00a0<strong>mardi, jeudi et vendredi\u00a0<\/strong>de <strong>7h15 \u00e0 17h00<\/strong><\/li>\n<li>le <strong>mercredi<\/strong> de <strong>7h15 \u00e0 12h40<\/strong>.<\/li>\n<\/ul>\n<p>Leurs\u00a0missions regroupent l&rsquo;accueil des \u00e9l\u00e8ves souffrants, \u00a0l&rsquo;organisation des soins et les urgences, \u00a0l\u2019int\u00e9gration des \u00e9l\u00e8ves\u00a0en difficult\u00e9, l\u2019int\u00e9gration scolaire des jeunes handicap\u00e9s et des jeunes atteints de maladies chroniques, \u00a0la mise en place des actions permettant d\u2019am\u00e9liorer la qualit\u00e9 de vie des \u00e9l\u00e8ves en mati\u00e8re d\u2019hygi\u00e8ne, de s\u00e9curit\u00e9 et d\u2019ergonomie, \u00a0la pr\u00e9vention (addiction, ob\u00e9sit\u00e9, grossesse pr\u00e9coce, absent\u00e9isme), le suivi personnalis\u00e9 &#8230;<\/p>\n<p><strong>Il est important que les \u00e9l\u00e8ves fassent compl\u00e9ter la page 56 du carnet de liaison par le professeur en charge avant d&rsquo;\u00eatre\u00a0accompagn\u00e9\u00a0\u00e0 l&rsquo;infirmerie.\u00a0<\/strong><\/p>\n<p>En cas d&rsquo;absence des infirmi\u00e8res, les \u00e9l\u00e8ves souffrants pourront \u00eatre accompagn\u00e9s au bureau de la Vie Scolaire.<\/p>\n<!-- AddThis Advanced Settings generic via filter on the_content --><!-- AddThis Share Buttons generic via filter on the_content -->","protected":false},"excerpt":{"rendered":"<p>Mmes Briand Claire et Brenon Linda, infirmi\u00e8res scolaires,\u00a0accueillent les \u00e9l\u00e8ves : les\u00a0lundi,\u00a0mardi, jeudi et vendredi\u00a0de 7h15 \u00e0 17h00 le mercredi de 7h15 \u00e0 12h40. Leurs\u00a0missions regroupent l&rsquo;accueil des \u00e9l\u00e8ves souffrants, [&hellip;]<!-- AddThis Advanced Settings generic via filter on get_the_excerpt --><!-- AddThis Share Buttons generic via filter on get_the_excerpt --><\/p>\n","protected":false},"author":10087,"featured_media":0,"parent":0,"menu_order":0,"comment_status":"closed","ping_status":"closed","template":"","meta":{"_et_pb_use_builder":"","_et_pb_old_content":"","_et_gb_content_width":"","footnotes":""},"class_list":["post-2074","page","type-page","status-publish","hentry"],"_links":{"self":[{"href":"https:\/\/etab.ac-reunion.fr\/clg-oasis\/wp-json\/wp\/v2\/pages\/2074","targetHints":{"allow":["GET"]}}],"collection":[{"href":"https:\/\/etab.ac-reunion.fr\/clg-oasis\/wp-json\/wp\/v2\/pages"}],"about":[{"href":"https:\/\/etab.ac-reunion.fr\/clg-oasis\/wp-json\/wp\/v2\/types\/page"}],"author":[{"embeddable":true,"href":"https:\/\/etab.ac-reunion.fr\/clg-oasis\/wp-json\/wp\/v2\/users\/10087"}],"replies":[{"embeddable":true,"href":"https:\/\/etab.ac-reunion.fr\/clg-oasis\/wp-json\/wp\/v2\/comments?post=2074"}],"version-history":[{"count":5,"href":"https:\/\/etab.ac-reunion.fr\/clg-oasis\/wp-json\/wp\/v2\/pages\/2074\/revisions"}],"predecessor-version":[{"id":3997,"href":"https:\/\/etab.ac-reunion.fr\/clg-oasis\/wp-json\/wp\/v2\/pages\/2074\/revisions\/3997"}],"wp:attachment":[{"href":"https:\/\/etab.ac-reunion.fr\/clg-oasis\/wp-json\/wp\/v2\/media?parent=2074"}],"curies":[{"name":"wp","href":"https:\/\/api.w.org\/{rel}","templated":true}]}}