{"id":2137,"date":"2016-10-16T19:09:37","date_gmt":"2016-10-16T15:09:37","guid":{"rendered":"http:\/\/college-oasis.ac-reunion.fr\/?page_id=2137"},"modified":"2016-10-19T08:22:23","modified_gmt":"2016-10-19T04:22:23","slug":"upe2a","status":"publish","type":"page","link":"https:\/\/etab.ac-reunion.fr\/clg-oasis\/upe2a\/","title":{"rendered":"UPE2A"},"content":{"rendered":"<p>Pr\u00e9sentation du dispositif : <a href=\"https:\/\/www.ac-reunion.fr\/casnav.html\">CASNAV de la R\u00e9union<\/a><\/p>\n<p><a href=\"https:\/\/etab.ac-reunion.fr\/clg-oasis\/wp-content\/uploads\/sites\/39\/2016\/10\/BILANS-DES-PROJETS-DE-2012-%C3%80-2015-DE-LA-CLA-UPE2A-AVEC.pdf\">Les Projets\u00a0de 2012 \u00e0 2015<\/a>\u00a0:<\/p>\n<ul>\n<li><a href=\"https:\/\/etab.ac-reunion.fr\/clg-oasis\/tikomik\/\">Tikomik<\/a><\/li>\n<li><a href=\"https:\/\/etab.ac-reunion.fr\/clg-oasis\/delegation-europeenne\/\">D\u00e9l\u00e9gation Europ\u00e9enne<\/a><\/li>\n<li><a href=\"https:\/\/etab.ac-reunion.fr\/clg-oasis\/dis-moi-dix-mots\/\">Dis moi dix mots<\/a><\/li>\n<li><a href=\"https:\/\/etab.ac-reunion.fr\/clg-oasis\/petites-histoires\/\">Petites histoires<\/a><\/li>\n<li><a href=\"https:\/\/etab.ac-reunion.fr\/clg-oasis\/wp-content\/uploads\/sites\/39\/2016\/10\/MAGIK.pdf\">Magik le magicien<\/a><\/li>\n<li><a href=\"https:\/\/etab.ac-reunion.fr\/clg-oasis\/?page_id=2232&amp;preview=true\">Carnaval<\/a>\u00a0: F\u00e9erie \/ Ti Jean &amp; co<\/li>\n<li><a href=\"https:\/\/etab.ac-reunion.fr\/clg-oasis\/semaine-de-la-presse\/\">Semaine de la presse<\/a><\/li>\n<\/ul>\n<p>&nbsp;<\/p>\n<p>&nbsp;<\/p>\n<!-- AddThis Advanced Settings generic via filter on the_content --><!-- AddThis Share Buttons generic via filter on the_content -->","protected":false},"excerpt":{"rendered":"<p>Pr\u00e9sentation du dispositif : CASNAV de la R\u00e9union Les Projets\u00a0de 2012 \u00e0 2015\u00a0: Tikomik D\u00e9l\u00e9gation Europ\u00e9enne Dis moi dix mots Petites histoires Magik le magicien Carnaval\u00a0: F\u00e9erie \/ Ti Jean [&hellip;]<!-- AddThis Advanced Settings generic via filter on get_the_excerpt --><!-- AddThis Share Buttons generic via filter on get_the_excerpt --><\/p>\n","protected":false},"author":10087,"featured_media":2157,"parent":0,"menu_order":0,"comment_status":"closed","ping_status":"closed","template":"","meta":{"_et_pb_use_builder":"","_et_pb_old_content":"","_et_gb_content_width":"","footnotes":""},"class_list":["post-2137","page","type-page","status-publish","has-post-thumbnail","hentry"],"_links":{"self":[{"href":"https:\/\/etab.ac-reunion.fr\/clg-oasis\/wp-json\/wp\/v2\/pages\/2137","targetHints":{"allow":["GET"]}}],"collection":[{"href":"https:\/\/etab.ac-reunion.fr\/clg-oasis\/wp-json\/wp\/v2\/pages"}],"about":[{"href":"https:\/\/etab.ac-reunion.fr\/clg-oasis\/wp-json\/wp\/v2\/types\/page"}],"author":[{"embeddable":true,"href":"https:\/\/etab.ac-reunion.fr\/clg-oasis\/wp-json\/wp\/v2\/users\/10087"}],"replies":[{"embeddable":true,"href":"https:\/\/etab.ac-reunion.fr\/clg-oasis\/wp-json\/wp\/v2\/comments?post=2137"}],"version-history":[{"count":16,"href":"https:\/\/etab.ac-reunion.fr\/clg-oasis\/wp-json\/wp\/v2\/pages\/2137\/revisions"}],"predecessor-version":[{"id":2234,"href":"https:\/\/etab.ac-reunion.fr\/clg-oasis\/wp-json\/wp\/v2\/pages\/2137\/revisions\/2234"}],"wp:featuredmedia":[{"embeddable":true,"href":"https:\/\/etab.ac-reunion.fr\/clg-oasis\/wp-json\/wp\/v2\/media\/2157"}],"wp:attachment":[{"href":"https:\/\/etab.ac-reunion.fr\/clg-oasis\/wp-json\/wp\/v2\/media?parent=2137"}],"curies":[{"name":"wp","href":"https:\/\/api.w.org\/{rel}","templated":true}]}}