{"id":687,"date":"2014-03-26T13:41:26","date_gmt":"2014-03-26T09:41:26","guid":{"rendered":"http:\/\/college-oasis.ac-reunion.fr\/?page_id=687"},"modified":"2022-09-09T07:48:08","modified_gmt":"2022-09-09T03:48:08","slug":"hygiene-et-securite","status":"publish","type":"page","link":"https:\/\/etab.ac-reunion.fr\/clg-oasis\/hygiene-et-securite\/","title":{"rendered":"Hygi\u00e8ne et S\u00e9curit\u00e9"},"content":{"rendered":"<p><a href=\"https:\/\/etab.ac-reunion.fr\/clg-oasis\/wp-content\/uploads\/sites\/39\/2014\/03\/HS.jpg\"><img loading=\"lazy\" decoding=\"async\" class=\"wp-image-2036 alignleft\" src=\"https:\/\/etab.ac-reunion.fr\/clg-oasis\/wp-content\/uploads\/sites\/39\/2014\/03\/HS.jpg\" alt=\"HS\" width=\"87\" height=\"107\" srcset=\"https:\/\/etab.ac-reunion.fr\/clg-oasis\/wp-content\/uploads\/sites\/39\/2014\/03\/HS.jpg 246w, https:\/\/etab.ac-reunion.fr\/clg-oasis\/wp-content\/uploads\/sites\/39\/2014\/03\/HS-244x300.jpg 244w, https:\/\/etab.ac-reunion.fr\/clg-oasis\/wp-content\/uploads\/sites\/39\/2014\/03\/HS-140x170.jpg 140w\" sizes=\"(max-width: 87px) 100vw, 87px\" \/><\/a><\/p>\n<ul>\n<li><a href=\"https:\/\/etab.ac-reunion.fr\/clg-oasis\/chs\/\">CHS<\/a><\/li>\n<li><a href=\"https:\/\/etab.ac-reunion.fr\/clg-oasis\/wp-content\/uploads\/sites\/39\/2022\/09\/DU-2022.pdf\">DUER<\/a> (Document Unique d\u2019\u00c9valuation des Risques)<\/li>\n<li><a href=\"https:\/\/etab.ac-reunion.fr\/clg-oasis\/incendie\/\">Incendie<\/a><\/li>\n<li><a href=\"https:\/\/etab.ac-reunion.fr\/clg-oasis\/ppms\/\">PPMS<\/a><\/li>\n<li><a href=\"https:\/\/etab.ac-reunion.fr\/clg-oasis\/securite\/\">S\u00e9curit\u00e9<\/a><\/li>\n<\/ul>\n<p>&nbsp;<\/p>\n<p>&nbsp;<\/p>\n<p>&nbsp;<\/p>\n<p>&nbsp;<\/p>\n<p>&nbsp;<\/p>\n<!-- AddThis Advanced Settings generic via filter on the_content --><!-- AddThis Share Buttons generic via filter on the_content -->","protected":false},"excerpt":{"rendered":"<p>CHS DUER (Document Unique d\u2019\u00c9valuation des Risques) Incendie PPMS S\u00e9curit\u00e9 &nbsp; &nbsp; &nbsp; &nbsp; &nbsp;<!-- AddThis Advanced Settings generic via filter on get_the_excerpt --><!-- AddThis Share Buttons generic via filter on get_the_excerpt --><\/p>\n","protected":false},"author":269,"featured_media":0,"parent":0,"menu_order":0,"comment_status":"closed","ping_status":"closed","template":"","meta":{"_et_pb_use_builder":"","_et_pb_old_content":"","_et_gb_content_width":"","footnotes":""},"class_list":["post-687","page","type-page","status-publish","hentry"],"_links":{"self":[{"href":"https:\/\/etab.ac-reunion.fr\/clg-oasis\/wp-json\/wp\/v2\/pages\/687","targetHints":{"allow":["GET"]}}],"collection":[{"href":"https:\/\/etab.ac-reunion.fr\/clg-oasis\/wp-json\/wp\/v2\/pages"}],"about":[{"href":"https:\/\/etab.ac-reunion.fr\/clg-oasis\/wp-json\/wp\/v2\/types\/page"}],"author":[{"embeddable":true,"href":"https:\/\/etab.ac-reunion.fr\/clg-oasis\/wp-json\/wp\/v2\/users\/269"}],"replies":[{"embeddable":true,"href":"https:\/\/etab.ac-reunion.fr\/clg-oasis\/wp-json\/wp\/v2\/comments?post=687"}],"version-history":[{"count":56,"href":"https:\/\/etab.ac-reunion.fr\/clg-oasis\/wp-json\/wp\/v2\/pages\/687\/revisions"}],"predecessor-version":[{"id":4212,"href":"https:\/\/etab.ac-reunion.fr\/clg-oasis\/wp-json\/wp\/v2\/pages\/687\/revisions\/4212"}],"wp:attachment":[{"href":"https:\/\/etab.ac-reunion.fr\/clg-oasis\/wp-json\/wp\/v2\/media?parent=687"}],"curies":[{"name":"wp","href":"https:\/\/api.w.org\/{rel}","templated":true}]}}