{"id":754,"date":"2014-04-17T20:33:21","date_gmt":"2014-04-17T16:33:21","guid":{"rendered":"http:\/\/college-oasis.ac-reunion.fr\/?page_id=754"},"modified":"2016-08-01T14:26:15","modified_gmt":"2016-08-01T10:26:15","slug":"eist","status":"publish","type":"page","link":"https:\/\/etab.ac-reunion.fr\/clg-oasis\/pedagogie\/eist\/","title":{"rendered":"EIST"},"content":{"rendered":"<p><span style=\"color: #000080\"><a href=\"https:\/\/etab.ac-reunion.fr\/clg-oasis\/wp-content\/uploads\/sites\/39\/2014\/04\/EIST.gif\"><img loading=\"lazy\" decoding=\"async\" class=\"alignleft size-full wp-image-773\" src=\"https:\/\/etab.ac-reunion.fr\/clg-oasis\/wp-content\/uploads\/sites\/39\/2014\/04\/EIST.gif\" alt=\"EIST\" width=\"256\" height=\"256\" \/><\/a>Qu&rsquo;est-ce que l&rsquo;EIST ?<\/span><\/p>\n<p><span style=\"color: #000080\">l&rsquo;Enseignement Int\u00e9gr\u00e9 des Sciences et Technologies (EIST) est mis en place depuis 2006 en\u00a0sixi\u00e8me et\u00a0cinqui\u00e8me. Il permet de mettre en \u0153uvre la d\u00e9marche d&rsquo;investigation caract\u00e9ristique des pratiques scientifiques et technologiques et favorise le d\u00e9cloisonnement entre disciplines&#8230;..Pour en savoir plus, consulter le document Powerpoint&#8230;<a title=\"Document PowerPoint (1,2 Mo)\" href=\"https:\/\/etab.ac-reunion.fr\/clg-oasis\/wp-content\/uploads\/sites\/39\/2014\/04\/presentation_EIST.pptx\" target=\"_blank\">en cliquant ici<\/a><\/span><\/p>\n<!-- AddThis Advanced Settings generic via filter on the_content --><!-- AddThis Share Buttons generic via filter on the_content -->","protected":false},"excerpt":{"rendered":"<p>Qu&rsquo;est-ce que l&rsquo;EIST ? l&rsquo;Enseignement Int\u00e9gr\u00e9 des Sciences et Technologies (EIST) est mis en place depuis 2006 en\u00a0sixi\u00e8me et\u00a0cinqui\u00e8me. Il permet de mettre en \u0153uvre la d\u00e9marche d&rsquo;investigation caract\u00e9ristique des [&hellip;]<!-- AddThis Advanced Settings generic via filter on get_the_excerpt --><!-- AddThis Share Buttons generic via filter on get_the_excerpt --><\/p>\n","protected":false},"author":269,"featured_media":0,"parent":29,"menu_order":0,"comment_status":"closed","ping_status":"open","template":"","meta":{"_et_pb_use_builder":"","_et_pb_old_content":"","_et_gb_content_width":"","footnotes":""},"class_list":["post-754","page","type-page","status-publish","hentry"],"_links":{"self":[{"href":"https:\/\/etab.ac-reunion.fr\/clg-oasis\/wp-json\/wp\/v2\/pages\/754","targetHints":{"allow":["GET"]}}],"collection":[{"href":"https:\/\/etab.ac-reunion.fr\/clg-oasis\/wp-json\/wp\/v2\/pages"}],"about":[{"href":"https:\/\/etab.ac-reunion.fr\/clg-oasis\/wp-json\/wp\/v2\/types\/page"}],"author":[{"embeddable":true,"href":"https:\/\/etab.ac-reunion.fr\/clg-oasis\/wp-json\/wp\/v2\/users\/269"}],"replies":[{"embeddable":true,"href":"https:\/\/etab.ac-reunion.fr\/clg-oasis\/wp-json\/wp\/v2\/comments?post=754"}],"version-history":[{"count":8,"href":"https:\/\/etab.ac-reunion.fr\/clg-oasis\/wp-json\/wp\/v2\/pages\/754\/revisions"}],"predecessor-version":[{"id":777,"href":"https:\/\/etab.ac-reunion.fr\/clg-oasis\/wp-json\/wp\/v2\/pages\/754\/revisions\/777"}],"up":[{"embeddable":true,"href":"https:\/\/etab.ac-reunion.fr\/clg-oasis\/wp-json\/wp\/v2\/pages\/29"}],"wp:attachment":[{"href":"https:\/\/etab.ac-reunion.fr\/clg-oasis\/wp-json\/wp\/v2\/media?parent=754"}],"curies":[{"name":"wp","href":"https:\/\/api.w.org\/{rel}","templated":true}]}}