{"id":2219,"date":"2022-10-06T16:02:53","date_gmt":"2022-10-06T12:02:53","guid":{"rendered":"https:\/\/etab.ac-reunion.fr\/clg-plateau-caillou\/?page_id=2219"},"modified":"2022-10-06T16:02:53","modified_gmt":"2022-10-06T12:02:53","slug":"semaine-europeenne-du-developpement-durable","status":"publish","type":"page","link":"https:\/\/etab.ac-reunion.fr\/clg-plateau-caillou\/svt\/semaine-europeenne-du-developpement-durable\/","title":{"rendered":"Semaine europ\u00e9enne du D\u00e9veloppement Durable"},"content":{"rendered":"<p align=\"left\"><img loading=\"lazy\" decoding=\"async\" class=\" wp-image-2216 alignleft\" src=\"https:\/\/etab.ac-reunion.fr\/clg-plateau-caillou\/wp-content\/uploads\/sites\/103\/2022\/10\/semaine-devedurable.png\" alt=\"\" width=\"215\" height=\"162\" srcset=\"https:\/\/etab.ac-reunion.fr\/clg-plateau-caillou\/wp-content\/uploads\/sites\/103\/2022\/10\/semaine-devedurable.png 259w, https:\/\/etab.ac-reunion.fr\/clg-plateau-caillou\/wp-content\/uploads\/sites\/103\/2022\/10\/semaine-devedurable-150x113.png 150w\" sizes=\"auto, (max-width: 215px) 100vw, 215px\" \/><\/p>\n<p align=\"left\"><strong><span style=\"color: #1c1c1c\"><span style=\"font-family: Arial, sans-serif\"><span style=\"font-size: medium\">Le 20 septembre dernier, les \u00e9l\u00e8ves de la classe de 5e1 ont fait une sortie \u00e0 la plage de Cap noir, au Cap Lahoussaye. Au programme de cette matin\u00e9e : une bonne action pour l\u2019environnement et la mise en place d&rsquo;un protocole scientifique pour le projet acad\u00e9mique \u00ab\u00a0Plastique \u00e0 la loupe\u00a0\u00bb. <\/span><\/span><\/span><\/strong><span style=\"color: #000000\"><span style=\"font-family: Arial, sans-serif\"><span style=\"font-size: medium\">Ce projet a \u00e9t\u00e9 men\u00e9 par leur professeure de SVT, Mme Rostaing et par Mme Albany, CPE du coll\u00e8ge.<\/span><\/span><\/span><\/p>\n<p align=\"left\"><img loading=\"lazy\" decoding=\"async\" class=\" wp-image-2221 aligncenter\" src=\"https:\/\/etab.ac-reunion.fr\/clg-plateau-caillou\/wp-content\/uploads\/sites\/103\/2022\/10\/Sortie-plage-300x150.jpg\" alt=\"\" width=\"340\" height=\"170\" srcset=\"https:\/\/etab.ac-reunion.fr\/clg-plateau-caillou\/wp-content\/uploads\/sites\/103\/2022\/10\/Sortie-plage-300x150.jpg 300w, https:\/\/etab.ac-reunion.fr\/clg-plateau-caillou\/wp-content\/uploads\/sites\/103\/2022\/10\/Sortie-plage-768x383.jpg 768w, https:\/\/etab.ac-reunion.fr\/clg-plateau-caillou\/wp-content\/uploads\/sites\/103\/2022\/10\/Sortie-plage-150x75.jpg 150w, https:\/\/etab.ac-reunion.fr\/clg-plateau-caillou\/wp-content\/uploads\/sites\/103\/2022\/10\/Sortie-plage.jpg 980w\" sizes=\"auto, (max-width: 340px) 100vw, 340px\" \/><\/p>\n<p align=\"left\"><span style=\"color: #000000\"><span style=\"font-family: Arial, sans-serif\"><span style=\"font-size: medium\">Divis\u00e9s en groupes, les \u00e9l\u00e8ves ont r\u00e9alis\u00e9 un nettoyage de plage en collectant 4,7 kilos de d\u00e9chets. Il faut sensibiliser pour montrer l\u2019exemple. Ramasser des d\u00e9chets est un petit geste pour une grande cause. Notre action fait ainsi partie des <\/span><\/span><\/span><span style=\"color: #000000\"><span style=\"font-family: Arial, sans-serif\"><span style=\"font-size: medium\"><i>Initiatives Oc\u00e9anes<\/i><\/span><\/span><\/span><span style=\"color: #000000\"><span style=\"font-family: Arial, sans-serif\"><span style=\"font-size: medium\">, men\u00e9es par la <\/span><\/span><\/span><em><span style=\"color: #000000\"><span style=\"font-family: Arial, sans-serif\"><span style=\"font-size: medium\"><i>Surfrider Foundation Europe (<\/i><\/span><\/span><\/span><\/em><em><span style=\"color: #000000\"><span style=\"font-family: Arial, sans-serif\"><span style=\"font-size: medium\">visibles sur le site <\/span><\/span><\/span><\/em><strong><a href=\"https:\/\/www.initiativesoceanes.org\/\" target=\"_blank\" rel=\"noopener\">initiativesoceanes.org<\/a><\/strong><strong><span style=\"color: #000000\"><span style=\"font-family: Arial, sans-serif\"><span style=\"font-size: medium\"><i>)<\/i><\/span><\/span><\/span><\/strong><\/p>\n<p align=\"left\"><img loading=\"lazy\" decoding=\"async\" class=\"size-medium wp-image-2224 alignleft\" src=\"https:\/\/etab.ac-reunion.fr\/clg-plateau-caillou\/wp-content\/uploads\/sites\/103\/2022\/10\/ramassage3-300x195.png\" alt=\"\" width=\"300\" height=\"195\" srcset=\"https:\/\/etab.ac-reunion.fr\/clg-plateau-caillou\/wp-content\/uploads\/sites\/103\/2022\/10\/ramassage3-300x195.png 300w, https:\/\/etab.ac-reunion.fr\/clg-plateau-caillou\/wp-content\/uploads\/sites\/103\/2022\/10\/ramassage3-768x499.png 768w, https:\/\/etab.ac-reunion.fr\/clg-plateau-caillou\/wp-content\/uploads\/sites\/103\/2022\/10\/ramassage3-150x98.png 150w, https:\/\/etab.ac-reunion.fr\/clg-plateau-caillou\/wp-content\/uploads\/sites\/103\/2022\/10\/ramassage3.png 1003w\" sizes=\"auto, (max-width: 300px) 100vw, 300px\" \/> <img loading=\"lazy\" decoding=\"async\" class=\"wp-image-2223 alignnone\" src=\"https:\/\/etab.ac-reunion.fr\/clg-plateau-caillou\/wp-content\/uploads\/sites\/103\/2022\/10\/ramassage2-300x208.png\" alt=\"\" width=\"279\" height=\"194\" srcset=\"https:\/\/etab.ac-reunion.fr\/clg-plateau-caillou\/wp-content\/uploads\/sites\/103\/2022\/10\/ramassage2-300x208.png 300w, https:\/\/etab.ac-reunion.fr\/clg-plateau-caillou\/wp-content\/uploads\/sites\/103\/2022\/10\/ramassage2-768x532.png 768w, https:\/\/etab.ac-reunion.fr\/clg-plateau-caillou\/wp-content\/uploads\/sites\/103\/2022\/10\/ramassage2-150x104.png 150w, https:\/\/etab.ac-reunion.fr\/clg-plateau-caillou\/wp-content\/uploads\/sites\/103\/2022\/10\/ramassage2.png 958w\" sizes=\"auto, (max-width: 279px) 100vw, 279px\" \/><\/p>\n<p align=\"left\">\n<p align=\"left\">\n<p align=\"left\"><span style=\"color: #000000\"><span style=\"font-family: Arial, sans-serif\"><span style=\"font-size: medium\">Malgr\u00e9 le soleil ardent, les \u00e9l\u00e8ves ont \u00e9t\u00e9 efficaces et ont pu exp\u00e9rimenter le protocole de \u00ab\u00a0Plastique \u00e0 la loupe\u00a0\u00bb en collectant des \u00e9chantillons qu&rsquo;ils analyseront en classe durant les prochaines semaines, pour leur projet acad\u00e9mique. Comme pour les f\u00e9liciter de leur travail, une baleine est venue faire le show non loin du rivage.<\/span><\/span><\/span><\/p>\n<p align=\"left\"><img loading=\"lazy\" decoding=\"async\" class=\"alignnone size-medium wp-image-2222 aligncenter\" src=\"https:\/\/etab.ac-reunion.fr\/clg-plateau-caillou\/wp-content\/uploads\/sites\/103\/2022\/10\/baleine-300x154.jpg\" alt=\"\" width=\"300\" height=\"154\" srcset=\"https:\/\/etab.ac-reunion.fr\/clg-plateau-caillou\/wp-content\/uploads\/sites\/103\/2022\/10\/baleine-300x154.jpg 300w, https:\/\/etab.ac-reunion.fr\/clg-plateau-caillou\/wp-content\/uploads\/sites\/103\/2022\/10\/baleine-150x77.jpg 150w, https:\/\/etab.ac-reunion.fr\/clg-plateau-caillou\/wp-content\/uploads\/sites\/103\/2022\/10\/baleine.jpg 621w\" sizes=\"auto, (max-width: 300px) 100vw, 300px\" \/><\/p>\n<p align=\"left\">\n","protected":false},"excerpt":{"rendered":"<p>Le 20 septembre dernier, les \u00e9l\u00e8ves de la classe de 5e1 ont fait une sortie \u00e0 la plage de Cap noir, au Cap Lahoussaye. Au programme de cette matin\u00e9e : une bonne action pour l\u2019environnement et la mise en place d&rsquo;un protocole scientifique pour le projet acad\u00e9mique \u00ab\u00a0Plastique \u00e0 la&#8230;<\/p>\n<p> <a class=\"continue-reading-link\" href=\"https:\/\/etab.ac-reunion.fr\/clg-plateau-caillou\/svt\/semaine-europeenne-du-developpement-durable\/\"><span>Lire la suite<\/span><i class=\"crycon-right-dir\"><\/i><\/a> <\/p>\n","protected":false},"author":7283,"featured_media":0,"parent":1339,"menu_order":0,"comment_status":"closed","ping_status":"closed","template":"","meta":{"footnotes":""},"class_list":["post-2219","page","type-page","status-publish","hentry"],"_links":{"self":[{"href":"https:\/\/etab.ac-reunion.fr\/clg-plateau-caillou\/wp-json\/wp\/v2\/pages\/2219","targetHints":{"allow":["GET"]}}],"collection":[{"href":"https:\/\/etab.ac-reunion.fr\/clg-plateau-caillou\/wp-json\/wp\/v2\/pages"}],"about":[{"href":"https:\/\/etab.ac-reunion.fr\/clg-plateau-caillou\/wp-json\/wp\/v2\/types\/page"}],"author":[{"embeddable":true,"href":"https:\/\/etab.ac-reunion.fr\/clg-plateau-caillou\/wp-json\/wp\/v2\/users\/7283"}],"replies":[{"embeddable":true,"href":"https:\/\/etab.ac-reunion.fr\/clg-plateau-caillou\/wp-json\/wp\/v2\/comments?post=2219"}],"version-history":[{"count":1,"href":"https:\/\/etab.ac-reunion.fr\/clg-plateau-caillou\/wp-json\/wp\/v2\/pages\/2219\/revisions"}],"predecessor-version":[{"id":2225,"href":"https:\/\/etab.ac-reunion.fr\/clg-plateau-caillou\/wp-json\/wp\/v2\/pages\/2219\/revisions\/2225"}],"up":[{"embeddable":true,"href":"https:\/\/etab.ac-reunion.fr\/clg-plateau-caillou\/wp-json\/wp\/v2\/pages\/1339"}],"wp:attachment":[{"href":"https:\/\/etab.ac-reunion.fr\/clg-plateau-caillou\/wp-json\/wp\/v2\/media?parent=2219"}],"curies":[{"name":"wp","href":"https:\/\/api.w.org\/{rel}","templated":true}]}}