{"id":2368,"date":"2022-11-21T13:43:15","date_gmt":"2022-11-21T09:43:15","guid":{"rendered":"https:\/\/etab.ac-reunion.fr\/clg-plateau-caillou\/?page_id=2368"},"modified":"2022-11-21T13:43:15","modified_gmt":"2022-11-21T09:43:15","slug":"visite-du-port-ouest-et-grand-port-de-la-reunion","status":"publish","type":"page","link":"https:\/\/etab.ac-reunion.fr\/clg-plateau-caillou\/histoire-geographie\/visite-du-port-ouest-et-grand-port-de-la-reunion\/","title":{"rendered":"Visite du Port Ouest et Grand Port de La R\u00e9union"},"content":{"rendered":"<p style=\"text-align: justify\">Mardi 8\/11\/2022 les \u00e9l\u00e8ves des classes de 4e3 et 4e4 de Madame Acama-Virama Ra\u00efna ont eu l&rsquo;honneur de pouvoir visiter le Grand Port maritime de l&rsquo;\u00eele en compagnie de Messieurs Ham-Chou-Chong et Leperlier. En lien avec le programme de G\u00e9ographie \u00e9tudi\u00e9 en classe (\u00c9tude des espaces transform\u00e9s par la mondialisation), les \u00e9l\u00e8ves ont pu parfaire leur connaissance d&rsquo;un espace industrialo-portuaire et de ses am\u00e9nagements (infrastructures, conteneurisation, grues, porte-conteneur, d\u00e9chargement de marchandises, employ\u00e9s, agrandissements) et mieux cerner les enjeux de la mondialisation depuis les espaces maritimes.<\/p>\n<p style=\"text-align: justify\">Au cours de la visite conduite par Monsieur Ham-Chou-Chong, Directeur Adjoint, les \u00e9l\u00e8ves ont pu observer les diff\u00e9rents terminaux en pr\u00e9sence : terminal passagers (gare maritime, quais et navires pr\u00e9sents, bateaux de croisi\u00e8re, transports en h\u00e9licopt\u00e8re), terminal conteneurs et marchandises conventionnelles (manutention et livraison des conteneurs, v\u00e9hicules et marchandises), terminal vrac port Est (livraison et manutention des produits c\u00e9r\u00e9aliers, charbon), terminal p\u00e9trolier (SRPP), terminal EDF. Ils ont \u00e9galement pu se rendre compte des diverses installations portuaires : terminal sucrier, bitumier, gazier, cimentier.<\/p>\n<p style=\"text-align: justify\">Cette visite a \u00e9galement \u00e9t\u00e9 co-conduite par Monsieur Leperlier de la Mairie du Port pour tout ce qui concerne l&rsquo;architecture des lieux et leur dimension patrimoniale. Les \u00e9l\u00e8ves ont pu d\u00e9couvrir la ville du Port et toutes ses richesses (b\u00e2timents, architectures, \u00e9coles, zone pi\u00e9tonne, arts&#8230;.).<\/p>\n<p><img loading=\"lazy\" decoding=\"async\" class=\" wp-image-2730 aligncenter\" src=\"https:\/\/etab.ac-reunion.fr\/clg-plateau-caillou\/wp-content\/uploads\/sites\/103\/2022\/11\/photo-grand-port-raina-300x225.jpeg\" alt=\"\" width=\"545\" height=\"409\" srcset=\"https:\/\/etab.ac-reunion.fr\/clg-plateau-caillou\/wp-content\/uploads\/sites\/103\/2022\/11\/photo-grand-port-raina-300x225.jpeg 300w, https:\/\/etab.ac-reunion.fr\/clg-plateau-caillou\/wp-content\/uploads\/sites\/103\/2022\/11\/photo-grand-port-raina-1024x768.jpeg 1024w, https:\/\/etab.ac-reunion.fr\/clg-plateau-caillou\/wp-content\/uploads\/sites\/103\/2022\/11\/photo-grand-port-raina-768x576.jpeg 768w, https:\/\/etab.ac-reunion.fr\/clg-plateau-caillou\/wp-content\/uploads\/sites\/103\/2022\/11\/photo-grand-port-raina-1536x1152.jpeg 1536w, https:\/\/etab.ac-reunion.fr\/clg-plateau-caillou\/wp-content\/uploads\/sites\/103\/2022\/11\/photo-grand-port-raina-2048x1536.jpeg 2048w, https:\/\/etab.ac-reunion.fr\/clg-plateau-caillou\/wp-content\/uploads\/sites\/103\/2022\/11\/photo-grand-port-raina-150x113.jpeg 150w\" sizes=\"auto, (max-width: 545px) 100vw, 545px\" \/><\/p>\n<p style=\"text-align: center\">Le coll\u00e8ge remercie tous les acteurs qui ont rendu possible cette visite exceptionnelle pour nos \u00e9l\u00e8ves en permettant, dans le respect des r\u00e8gles de s\u00e9curit\u00e9 li\u00e9es aux acc\u00e8s r\u00e8glement\u00e9s, d&rsquo;ouvrir les portes du Grand Port d&rsquo;habitude ferm\u00e9es au grand public.<\/p>\n","protected":false},"excerpt":{"rendered":"<p>Mardi 8\/11\/2022 les \u00e9l\u00e8ves des classes de 4e3 et 4e4 de Madame Acama-Virama Ra\u00efna ont eu l&rsquo;honneur de pouvoir visiter le Grand Port maritime de l&rsquo;\u00eele en compagnie de Messieurs Ham-Chou-Chong et Leperlier. En lien avec le programme de G\u00e9ographie \u00e9tudi\u00e9 en classe (\u00c9tude des espaces transform\u00e9s par la mondialisation),&#8230;<\/p>\n<p> <a class=\"continue-reading-link\" href=\"https:\/\/etab.ac-reunion.fr\/clg-plateau-caillou\/histoire-geographie\/visite-du-port-ouest-et-grand-port-de-la-reunion\/\"><span>Lire la suite<\/span><i class=\"crycon-right-dir\"><\/i><\/a> <\/p>\n","protected":false},"author":7283,"featured_media":0,"parent":1329,"menu_order":0,"comment_status":"closed","ping_status":"closed","template":"","meta":{"footnotes":""},"class_list":["post-2368","page","type-page","status-publish","hentry"],"_links":{"self":[{"href":"https:\/\/etab.ac-reunion.fr\/clg-plateau-caillou\/wp-json\/wp\/v2\/pages\/2368","targetHints":{"allow":["GET"]}}],"collection":[{"href":"https:\/\/etab.ac-reunion.fr\/clg-plateau-caillou\/wp-json\/wp\/v2\/pages"}],"about":[{"href":"https:\/\/etab.ac-reunion.fr\/clg-plateau-caillou\/wp-json\/wp\/v2\/types\/page"}],"author":[{"embeddable":true,"href":"https:\/\/etab.ac-reunion.fr\/clg-plateau-caillou\/wp-json\/wp\/v2\/users\/7283"}],"replies":[{"embeddable":true,"href":"https:\/\/etab.ac-reunion.fr\/clg-plateau-caillou\/wp-json\/wp\/v2\/comments?post=2368"}],"version-history":[{"count":6,"href":"https:\/\/etab.ac-reunion.fr\/clg-plateau-caillou\/wp-json\/wp\/v2\/pages\/2368\/revisions"}],"predecessor-version":[{"id":2731,"href":"https:\/\/etab.ac-reunion.fr\/clg-plateau-caillou\/wp-json\/wp\/v2\/pages\/2368\/revisions\/2731"}],"up":[{"embeddable":true,"href":"https:\/\/etab.ac-reunion.fr\/clg-plateau-caillou\/wp-json\/wp\/v2\/pages\/1329"}],"wp:attachment":[{"href":"https:\/\/etab.ac-reunion.fr\/clg-plateau-caillou\/wp-json\/wp\/v2\/media?parent=2368"}],"curies":[{"name":"wp","href":"https:\/\/api.w.org\/{rel}","templated":true}]}}