{"id":2762,"date":"2022-11-21T15:19:41","date_gmt":"2022-11-21T11:19:41","guid":{"rendered":"https:\/\/etab.ac-reunion.fr\/clg-plateau-caillou\/?page_id=2762"},"modified":"2025-05-19T10:52:37","modified_gmt":"2025-05-19T06:52:37","slug":"college-au-cinema","status":"publish","type":"page","link":"https:\/\/etab.ac-reunion.fr\/clg-plateau-caillou\/francais\/college-au-cinema\/","title":{"rendered":"Coll\u00e8ge au cin\u00e9ma"},"content":{"rendered":"<p><img loading=\"lazy\" decoding=\"async\" class=\" wp-image-2763 alignleft\" src=\"https:\/\/etab.ac-reunion.fr\/clg-plateau-caillou\/wp-content\/uploads\/sites\/103\/2022\/11\/college-cinema.jpg\" alt=\"\" width=\"250\" height=\"232\" srcset=\"https:\/\/etab.ac-reunion.fr\/clg-plateau-caillou\/wp-content\/uploads\/sites\/103\/2022\/11\/college-cinema.jpg 233w, https:\/\/etab.ac-reunion.fr\/clg-plateau-caillou\/wp-content\/uploads\/sites\/103\/2022\/11\/college-cinema-150x139.jpg 150w\" sizes=\"auto, (max-width: 250px) 100vw, 250px\" \/><\/p>\n<p style=\"text-align: justify\">La DAAC\/rectorat, en partenariat avec Cin\u00e9Festival oc\u00e9an Indien et l&rsquo;Agence Film R\u00e9union propose aux \u00e9l\u00e8ves de 6\u00e8me\/5\u00e8me et\/ou de 4\u00e8me\/3\u00e8me de participer au dispositif national Coll\u00e8ge au cin\u00e9ma. Il s&rsquo;agit de d\u00e9couvrir des \u0153uvres cin\u00e9matographiques lors de projections organis\u00e9es sp\u00e9cialement \u00e0 leur intention dans les salles de cin\u00e9ma. Cela permet de constituer, gr\u00e2ce au travail p\u00e9dagogique d&rsquo;accompagnement conduit par les enseignants et les partenaires culturels, les bases d&rsquo;une culture cin\u00e9matographique.<\/p>\n<p style=\"text-align: center\">Depuis 2022, nous participons \u00e0 ce projet, nos \u00e9l\u00e8ves des classes de 3e ont pu voir diff\u00e9rents films et proc\u00e9der \u00e0 leur analyse.<\/p>\n","protected":false},"excerpt":{"rendered":"<p>La DAAC\/rectorat, en partenariat avec Cin\u00e9Festival oc\u00e9an Indien et l&rsquo;Agence Film R\u00e9union propose aux \u00e9l\u00e8ves de 6\u00e8me\/5\u00e8me et\/ou de 4\u00e8me\/3\u00e8me de participer au dispositif national Coll\u00e8ge au cin\u00e9ma. Il s&rsquo;agit de d\u00e9couvrir des \u0153uvres cin\u00e9matographiques lors de projections organis\u00e9es sp\u00e9cialement \u00e0 leur intention dans les salles de cin\u00e9ma. Cela permet&#8230;<\/p>\n<p> <a class=\"continue-reading-link\" href=\"https:\/\/etab.ac-reunion.fr\/clg-plateau-caillou\/francais\/college-au-cinema\/\"><span>Lire la suite<\/span><i class=\"crycon-right-dir\"><\/i><\/a> <\/p>\n","protected":false},"author":7283,"featured_media":0,"parent":1323,"menu_order":0,"comment_status":"closed","ping_status":"closed","template":"","meta":{"footnotes":""},"class_list":["post-2762","page","type-page","status-publish","hentry"],"_links":{"self":[{"href":"https:\/\/etab.ac-reunion.fr\/clg-plateau-caillou\/wp-json\/wp\/v2\/pages\/2762","targetHints":{"allow":["GET"]}}],"collection":[{"href":"https:\/\/etab.ac-reunion.fr\/clg-plateau-caillou\/wp-json\/wp\/v2\/pages"}],"about":[{"href":"https:\/\/etab.ac-reunion.fr\/clg-plateau-caillou\/wp-json\/wp\/v2\/types\/page"}],"author":[{"embeddable":true,"href":"https:\/\/etab.ac-reunion.fr\/clg-plateau-caillou\/wp-json\/wp\/v2\/users\/7283"}],"replies":[{"embeddable":true,"href":"https:\/\/etab.ac-reunion.fr\/clg-plateau-caillou\/wp-json\/wp\/v2\/comments?post=2762"}],"version-history":[{"count":4,"href":"https:\/\/etab.ac-reunion.fr\/clg-plateau-caillou\/wp-json\/wp\/v2\/pages\/2762\/revisions"}],"predecessor-version":[{"id":4799,"href":"https:\/\/etab.ac-reunion.fr\/clg-plateau-caillou\/wp-json\/wp\/v2\/pages\/2762\/revisions\/4799"}],"up":[{"embeddable":true,"href":"https:\/\/etab.ac-reunion.fr\/clg-plateau-caillou\/wp-json\/wp\/v2\/pages\/1323"}],"wp:attachment":[{"href":"https:\/\/etab.ac-reunion.fr\/clg-plateau-caillou\/wp-json\/wp\/v2\/media?parent=2762"}],"curies":[{"name":"wp","href":"https:\/\/api.w.org\/{rel}","templated":true}]}}