{"id":2844,"date":"2023-01-26T10:55:54","date_gmt":"2023-01-26T06:55:54","guid":{"rendered":"https:\/\/etab.ac-reunion.fr\/clg-plateau-caillou\/?page_id=2844"},"modified":"2023-01-26T11:01:20","modified_gmt":"2023-01-26T07:01:20","slug":"cyclo-smoothie-une-animation-originale-et-innovante","status":"publish","type":"page","link":"https:\/\/etab.ac-reunion.fr\/clg-plateau-caillou\/sante\/cyclo-smoothie-une-animation-originale-et-innovante\/","title":{"rendered":"Cyclo Smoothie : une animation originale et innovante"},"content":{"rendered":"<p style=\"text-align: justify\">Durant la semaine du 23 au 27 janvier, les \u00e9l\u00e8ves de 6e du coll\u00e8ge ont d\u00e9couvert la smoocyclette. Le concept est simple : \u00e9quiper un v\u00e9lo d&rsquo;un blender qui permet de mixer des fruits frais en p\u00e9dalant.<\/p>\n<p style=\"text-align: justify\">En pr\u00eat gratuit aupr\u00e8s de la section MGEN de La R\u00e9union, cette activit\u00e9 permet aux \u00e9l\u00e8ves d&rsquo;aborder la promotion de la sant\u00e9 par le sport. En compagnie des infirmi\u00e8res, ils ont pu d\u00e9couvrir les familles d&rsquo;aliments, le r\u00f4le des vitamines et des fibres, d\u00e9velopper leur go\u00fbt en go\u00fbtant \u00e0 de nouvelles saveurs et comprendre les dangers d&rsquo;une alimentation trop sucr\u00e9e. Chaque enfa<span style=\"font-family: Arial, Helvetica, sans-serif\">nt est reparti avec 2 flyers. <\/span><span style=\"font-family: Arial, Helvetica, sans-serif\">\u00a0<\/span><\/p>\n<p style=\"text-align: center\">Un grand merci \u00e0 notre \u00e9quipe d&rsquo;agents pour leur investissement dans cette action !<\/p>\n<p><img loading=\"lazy\" decoding=\"async\" class=\"wp-image-2845 alignleft\" style=\"text-align: justify\" src=\"https:\/\/etab.ac-reunion.fr\/clg-plateau-caillou\/wp-content\/uploads\/sites\/103\/2023\/01\/blender1-225x300.jpeg\" alt=\"\" width=\"229\" height=\"305\" srcset=\"https:\/\/etab.ac-reunion.fr\/clg-plateau-caillou\/wp-content\/uploads\/sites\/103\/2023\/01\/blender1-225x300.jpeg 225w, https:\/\/etab.ac-reunion.fr\/clg-plateau-caillou\/wp-content\/uploads\/sites\/103\/2023\/01\/blender1-768x1024.jpeg 768w, https:\/\/etab.ac-reunion.fr\/clg-plateau-caillou\/wp-content\/uploads\/sites\/103\/2023\/01\/blender1-1152x1536.jpeg 1152w, https:\/\/etab.ac-reunion.fr\/clg-plateau-caillou\/wp-content\/uploads\/sites\/103\/2023\/01\/blender1-1536x2048.jpeg 1536w, https:\/\/etab.ac-reunion.fr\/clg-plateau-caillou\/wp-content\/uploads\/sites\/103\/2023\/01\/blender1-113x150.jpeg 113w, https:\/\/etab.ac-reunion.fr\/clg-plateau-caillou\/wp-content\/uploads\/sites\/103\/2023\/01\/blender1-scaled.jpeg 1920w\" sizes=\"auto, (max-width: 229px) 100vw, 229px\" \/><\/p>\n<p style=\"text-align: justify\"><img loading=\"lazy\" decoding=\"async\" class=\"alignnone size-medium wp-image-2847\" src=\"https:\/\/etab.ac-reunion.fr\/clg-plateau-caillou\/wp-content\/uploads\/sites\/103\/2023\/01\/blender3-225x300.jpeg\" alt=\"\" width=\"225\" height=\"300\" srcset=\"https:\/\/etab.ac-reunion.fr\/clg-plateau-caillou\/wp-content\/uploads\/sites\/103\/2023\/01\/blender3-225x300.jpeg 225w, https:\/\/etab.ac-reunion.fr\/clg-plateau-caillou\/wp-content\/uploads\/sites\/103\/2023\/01\/blender3-768x1024.jpeg 768w, https:\/\/etab.ac-reunion.fr\/clg-plateau-caillou\/wp-content\/uploads\/sites\/103\/2023\/01\/blender3-1152x1536.jpeg 1152w, https:\/\/etab.ac-reunion.fr\/clg-plateau-caillou\/wp-content\/uploads\/sites\/103\/2023\/01\/blender3-1536x2048.jpeg 1536w, https:\/\/etab.ac-reunion.fr\/clg-plateau-caillou\/wp-content\/uploads\/sites\/103\/2023\/01\/blender3-113x150.jpeg 113w, https:\/\/etab.ac-reunion.fr\/clg-plateau-caillou\/wp-content\/uploads\/sites\/103\/2023\/01\/blender3-scaled.jpeg 1920w\" sizes=\"auto, (max-width: 225px) 100vw, 225px\" \/><img loading=\"lazy\" decoding=\"async\" class=\"wp-image-2848 alignleft\" src=\"https:\/\/etab.ac-reunion.fr\/clg-plateau-caillou\/wp-content\/uploads\/sites\/103\/2023\/01\/blender4-225x300.jpeg\" alt=\"\" width=\"227\" height=\"303\" srcset=\"https:\/\/etab.ac-reunion.fr\/clg-plateau-caillou\/wp-content\/uploads\/sites\/103\/2023\/01\/blender4-225x300.jpeg 225w, https:\/\/etab.ac-reunion.fr\/clg-plateau-caillou\/wp-content\/uploads\/sites\/103\/2023\/01\/blender4-768x1024.jpeg 768w, https:\/\/etab.ac-reunion.fr\/clg-plateau-caillou\/wp-content\/uploads\/sites\/103\/2023\/01\/blender4-1152x1536.jpeg 1152w, https:\/\/etab.ac-reunion.fr\/clg-plateau-caillou\/wp-content\/uploads\/sites\/103\/2023\/01\/blender4-1536x2048.jpeg 1536w, https:\/\/etab.ac-reunion.fr\/clg-plateau-caillou\/wp-content\/uploads\/sites\/103\/2023\/01\/blender4-113x150.jpeg 113w, https:\/\/etab.ac-reunion.fr\/clg-plateau-caillou\/wp-content\/uploads\/sites\/103\/2023\/01\/blender4-scaled.jpeg 1920w\" sizes=\"auto, (max-width: 227px) 100vw, 227px\" \/><\/p>\n","protected":false},"excerpt":{"rendered":"<p>Durant la semaine du 23 au 27 janvier, les \u00e9l\u00e8ves de 6e du coll\u00e8ge ont d\u00e9couvert la smoocyclette. Le concept est simple : \u00e9quiper un v\u00e9lo d&rsquo;un blender qui permet de mixer des fruits frais en p\u00e9dalant. En pr\u00eat gratuit aupr\u00e8s de la section MGEN de La R\u00e9union, cette activit\u00e9&#8230;<\/p>\n<p> <a class=\"continue-reading-link\" href=\"https:\/\/etab.ac-reunion.fr\/clg-plateau-caillou\/sante\/cyclo-smoothie-une-animation-originale-et-innovante\/\"><span>Lire la suite<\/span><i class=\"crycon-right-dir\"><\/i><\/a> <\/p>\n","protected":false},"author":7283,"featured_media":0,"parent":2851,"menu_order":0,"comment_status":"closed","ping_status":"closed","template":"","meta":{"footnotes":""},"class_list":["post-2844","page","type-page","status-publish","hentry"],"_links":{"self":[{"href":"https:\/\/etab.ac-reunion.fr\/clg-plateau-caillou\/wp-json\/wp\/v2\/pages\/2844","targetHints":{"allow":["GET"]}}],"collection":[{"href":"https:\/\/etab.ac-reunion.fr\/clg-plateau-caillou\/wp-json\/wp\/v2\/pages"}],"about":[{"href":"https:\/\/etab.ac-reunion.fr\/clg-plateau-caillou\/wp-json\/wp\/v2\/types\/page"}],"author":[{"embeddable":true,"href":"https:\/\/etab.ac-reunion.fr\/clg-plateau-caillou\/wp-json\/wp\/v2\/users\/7283"}],"replies":[{"embeddable":true,"href":"https:\/\/etab.ac-reunion.fr\/clg-plateau-caillou\/wp-json\/wp\/v2\/comments?post=2844"}],"version-history":[{"count":2,"href":"https:\/\/etab.ac-reunion.fr\/clg-plateau-caillou\/wp-json\/wp\/v2\/pages\/2844\/revisions"}],"predecessor-version":[{"id":2853,"href":"https:\/\/etab.ac-reunion.fr\/clg-plateau-caillou\/wp-json\/wp\/v2\/pages\/2844\/revisions\/2853"}],"up":[{"embeddable":true,"href":"https:\/\/etab.ac-reunion.fr\/clg-plateau-caillou\/wp-json\/wp\/v2\/pages\/2851"}],"wp:attachment":[{"href":"https:\/\/etab.ac-reunion.fr\/clg-plateau-caillou\/wp-json\/wp\/v2\/media?parent=2844"}],"curies":[{"name":"wp","href":"https:\/\/api.w.org\/{rel}","templated":true}]}}