{"id":2971,"date":"2023-04-20T11:23:39","date_gmt":"2023-04-20T07:23:39","guid":{"rendered":"https:\/\/etab.ac-reunion.fr\/clg-plateau-caillou\/?page_id=2971"},"modified":"2023-04-20T11:51:55","modified_gmt":"2023-04-20T07:51:55","slug":"challenge-au-lycee-jean-hinglo","status":"publish","type":"page","link":"https:\/\/etab.ac-reunion.fr\/clg-plateau-caillou\/cordees-de-la-reussite\/challenge-au-lycee-jean-hinglo\/","title":{"rendered":"Challenge au lyc\u00e9e Jean Hinglo"},"content":{"rendered":"<p style=\"text-align: justify\"><strong>JEUDI 13\/04\/2023<\/strong> : Nos 3 \u00e9l\u00e8ves de 3\u00e8mes ont particip\u00e9 au challenge des Cord\u00e9es de la r\u00e9ussite <em>\u00ab\u00a0M\u00e9tiers cr\u00e9atifs, m\u00e9tiers d&rsquo;avenir\u00a0\u00bb<\/em> organis\u00e9 par la t\u00eate de cord\u00e9e, le lyc\u00e9e Jean Hinglo. <span style=\"font-family: Comic Sans MS;font-size: medium\">\u00a0<\/span><\/p>\n<div>\n<div style=\"text-align: justify\"><span style=\"font-family: Comic Sans MS;font-size: medium\">Nos \u00e9l\u00e8ves ont int\u00e9gr\u00e9 une des 6 \u00e9quipes compos\u00e9es de coll\u00e9giens, de lyc\u00e9ens et d&rsquo;\u00e9tudiants (ENSEM, ESA, ILOI et Ecole d&rsquo;Architecture). <\/span><span style=\"font-family: Comic Sans MS;font-size: medium\">Le challenge \u00a0\u00bb Imagine Le Port, ville universitaire en 2030 \u00a0\u00bb a pour <\/span><span style=\"font-family: 'Comic Sans MS';font-size: medium\">objectif de proposer aux \u00e9l\u00e8ves de terminale, un atelier de cocr\u00e9ation et d&rsquo;\u00e9changes d&rsquo;id\u00e9es afin de les pr\u00e9parer au mieux \u00e0 ce qui les attend et de lever les derniers freins en les encourageant et en les confortant dans leur choix.<\/span><\/div>\n<\/div>\n<div><\/div>\n<div>\n<div style=\"text-align: justify\"><span style=\"font-family: Comic Sans MS;font-size: medium\">L&rsquo;\u00e9quipe dont faisaient partie nos \u00e9l\u00e8ves a \u00e9t\u00e9 laur\u00e9ate. <\/span><span style=\"font-family: Comic Sans MS;font-size: medium\">Les \u00e9l\u00e8ves ont eu l<\/span><span style=\"font-family: Comic Sans MS;font-size: medium\">e privil\u00e8ge <\/span><span style=\"font-family: Comic Sans MS;font-size: medium\">de pouvoir pr\u00e9senter leur projet directemen<\/span><span style=\"font-family: Comic Sans MS;font-size: medium\">t \u00e0 M. HOARAU, maire du Port.<\/span><\/div>\n<div><\/div>\n<div style=\"text-align: center\"><\/div>\n<div><img loading=\"lazy\" decoding=\"async\" class=\"alignnone  wp-image-2974\" src=\"https:\/\/etab.ac-reunion.fr\/clg-plateau-caillou\/wp-content\/uploads\/sites\/103\/2023\/04\/cordees3-300x224.jpg\" alt=\"\" width=\"377\" height=\"281\" srcset=\"https:\/\/etab.ac-reunion.fr\/clg-plateau-caillou\/wp-content\/uploads\/sites\/103\/2023\/04\/cordees3-300x224.jpg 300w, https:\/\/etab.ac-reunion.fr\/clg-plateau-caillou\/wp-content\/uploads\/sites\/103\/2023\/04\/cordees3-1024x766.jpg 1024w, https:\/\/etab.ac-reunion.fr\/clg-plateau-caillou\/wp-content\/uploads\/sites\/103\/2023\/04\/cordees3-768x574.jpg 768w, https:\/\/etab.ac-reunion.fr\/clg-plateau-caillou\/wp-content\/uploads\/sites\/103\/2023\/04\/cordees3-1536x1149.jpg 1536w, https:\/\/etab.ac-reunion.fr\/clg-plateau-caillou\/wp-content\/uploads\/sites\/103\/2023\/04\/cordees3-150x112.jpg 150w, https:\/\/etab.ac-reunion.fr\/clg-plateau-caillou\/wp-content\/uploads\/sites\/103\/2023\/04\/cordees3.jpg 2000w\" sizes=\"auto, (max-width: 377px) 100vw, 377px\" \/> <img loading=\"lazy\" decoding=\"async\" class=\"alignnone size-medium wp-image-2972\" src=\"https:\/\/etab.ac-reunion.fr\/clg-plateau-caillou\/wp-content\/uploads\/sites\/103\/2023\/04\/CORDEES1-224x300.jpg\" alt=\"\" width=\"224\" height=\"300\" srcset=\"https:\/\/etab.ac-reunion.fr\/clg-plateau-caillou\/wp-content\/uploads\/sites\/103\/2023\/04\/CORDEES1-224x300.jpg 224w, https:\/\/etab.ac-reunion.fr\/clg-plateau-caillou\/wp-content\/uploads\/sites\/103\/2023\/04\/CORDEES1-766x1024.jpg 766w, https:\/\/etab.ac-reunion.fr\/clg-plateau-caillou\/wp-content\/uploads\/sites\/103\/2023\/04\/CORDEES1-768x1027.jpg 768w, https:\/\/etab.ac-reunion.fr\/clg-plateau-caillou\/wp-content\/uploads\/sites\/103\/2023\/04\/CORDEES1-1149x1536.jpg 1149w, https:\/\/etab.ac-reunion.fr\/clg-plateau-caillou\/wp-content\/uploads\/sites\/103\/2023\/04\/CORDEES1-1532x2048.jpg 1532w, https:\/\/etab.ac-reunion.fr\/clg-plateau-caillou\/wp-content\/uploads\/sites\/103\/2023\/04\/CORDEES1-112x150.jpg 112w, https:\/\/etab.ac-reunion.fr\/clg-plateau-caillou\/wp-content\/uploads\/sites\/103\/2023\/04\/CORDEES1-scaled.jpg 1915w\" sizes=\"auto, (max-width: 224px) 100vw, 224px\" \/> <img loading=\"lazy\" decoding=\"async\" class=\"alignnone size-medium wp-image-2973\" src=\"https:\/\/etab.ac-reunion.fr\/clg-plateau-caillou\/wp-content\/uploads\/sites\/103\/2023\/04\/CORDEES2-224x300.jpg\" alt=\"\" width=\"224\" height=\"300\" srcset=\"https:\/\/etab.ac-reunion.fr\/clg-plateau-caillou\/wp-content\/uploads\/sites\/103\/2023\/04\/CORDEES2-224x300.jpg 224w, https:\/\/etab.ac-reunion.fr\/clg-plateau-caillou\/wp-content\/uploads\/sites\/103\/2023\/04\/CORDEES2-766x1024.jpg 766w, https:\/\/etab.ac-reunion.fr\/clg-plateau-caillou\/wp-content\/uploads\/sites\/103\/2023\/04\/CORDEES2-768x1027.jpg 768w, https:\/\/etab.ac-reunion.fr\/clg-plateau-caillou\/wp-content\/uploads\/sites\/103\/2023\/04\/CORDEES2-1149x1536.jpg 1149w, https:\/\/etab.ac-reunion.fr\/clg-plateau-caillou\/wp-content\/uploads\/sites\/103\/2023\/04\/CORDEES2-1532x2048.jpg 1532w, https:\/\/etab.ac-reunion.fr\/clg-plateau-caillou\/wp-content\/uploads\/sites\/103\/2023\/04\/CORDEES2-112x150.jpg 112w, https:\/\/etab.ac-reunion.fr\/clg-plateau-caillou\/wp-content\/uploads\/sites\/103\/2023\/04\/CORDEES2-scaled.jpg 1915w\" sizes=\"auto, (max-width: 224px) 100vw, 224px\" \/><\/div>\n<\/div>\n<div><\/div>\n<div>\n<div><\/div>\n<div style=\"text-align: center\"><span style=\"font-family: 'Comic Sans MS';font-size: medium\">F\u00e9licitations \u00e0 nos 3 \u00e9l\u00e8ves, ainsi qu&rsquo;\u00e0 leur \u00e9quipe !<\/span><\/div>\n<div><\/div>\n<p><img loading=\"lazy\" decoding=\"async\" class=\"wp-image-2975 aligncenter\" src=\"https:\/\/etab.ac-reunion.fr\/clg-plateau-caillou\/wp-content\/uploads\/sites\/103\/2023\/04\/cordees4-300x225.jpg\" alt=\"\" width=\"397\" height=\"298\" srcset=\"https:\/\/etab.ac-reunion.fr\/clg-plateau-caillou\/wp-content\/uploads\/sites\/103\/2023\/04\/cordees4-300x225.jpg 300w, https:\/\/etab.ac-reunion.fr\/clg-plateau-caillou\/wp-content\/uploads\/sites\/103\/2023\/04\/cordees4-1024x768.jpg 1024w, https:\/\/etab.ac-reunion.fr\/clg-plateau-caillou\/wp-content\/uploads\/sites\/103\/2023\/04\/cordees4-768x576.jpg 768w, https:\/\/etab.ac-reunion.fr\/clg-plateau-caillou\/wp-content\/uploads\/sites\/103\/2023\/04\/cordees4-1536x1152.jpg 1536w, https:\/\/etab.ac-reunion.fr\/clg-plateau-caillou\/wp-content\/uploads\/sites\/103\/2023\/04\/cordees4-2048x1536.jpg 2048w, https:\/\/etab.ac-reunion.fr\/clg-plateau-caillou\/wp-content\/uploads\/sites\/103\/2023\/04\/cordees4-150x113.jpg 150w\" sizes=\"auto, (max-width: 397px) 100vw, 397px\" \/><\/p>\n<\/div>\n<div><\/div>\n<div style=\"text-align: center\">Lien vers la page du challenge sur le site internet du lyc\u00e9e Jean Hinglo :<\/div>\n<div style=\"text-align: center\">\u00a0<a href=\"https:\/\/etab.ac-reunion.fr\/lyc-jean-hinglo\/2023\/04\/08\/challenge-cordee-de-la-reussite-metiers-creatifs-metiers-davenir\/\">https:\/\/etab.ac-reunion.fr\/lyc-jean-hinglo\/2023\/04\/08\/challenge-cordee-de-la-reussite-metiers-creatifs-metiers-davenir\/<\/a><\/div>\n<div><\/div>\n","protected":false},"excerpt":{"rendered":"<p>JEUDI 13\/04\/2023 : Nos 3 \u00e9l\u00e8ves de 3\u00e8mes ont particip\u00e9 au challenge des Cord\u00e9es de la r\u00e9ussite \u00ab\u00a0M\u00e9tiers cr\u00e9atifs, m\u00e9tiers d&rsquo;avenir\u00a0\u00bb organis\u00e9 par la t\u00eate de cord\u00e9e, le lyc\u00e9e Jean Hinglo. \u00a0 Nos \u00e9l\u00e8ves ont int\u00e9gr\u00e9 une des 6 \u00e9quipes compos\u00e9es de coll\u00e9giens, de lyc\u00e9ens et d&rsquo;\u00e9tudiants (ENSEM, ESA, ILOI&#8230;<\/p>\n<p> <a class=\"continue-reading-link\" href=\"https:\/\/etab.ac-reunion.fr\/clg-plateau-caillou\/cordees-de-la-reussite\/challenge-au-lycee-jean-hinglo\/\"><span>Lire la suite<\/span><i class=\"crycon-right-dir\"><\/i><\/a> <\/p>\n","protected":false},"author":7283,"featured_media":0,"parent":2231,"menu_order":0,"comment_status":"closed","ping_status":"closed","template":"","meta":{"footnotes":""},"class_list":["post-2971","page","type-page","status-publish","hentry"],"_links":{"self":[{"href":"https:\/\/etab.ac-reunion.fr\/clg-plateau-caillou\/wp-json\/wp\/v2\/pages\/2971","targetHints":{"allow":["GET"]}}],"collection":[{"href":"https:\/\/etab.ac-reunion.fr\/clg-plateau-caillou\/wp-json\/wp\/v2\/pages"}],"about":[{"href":"https:\/\/etab.ac-reunion.fr\/clg-plateau-caillou\/wp-json\/wp\/v2\/types\/page"}],"author":[{"embeddable":true,"href":"https:\/\/etab.ac-reunion.fr\/clg-plateau-caillou\/wp-json\/wp\/v2\/users\/7283"}],"replies":[{"embeddable":true,"href":"https:\/\/etab.ac-reunion.fr\/clg-plateau-caillou\/wp-json\/wp\/v2\/comments?post=2971"}],"version-history":[{"count":10,"href":"https:\/\/etab.ac-reunion.fr\/clg-plateau-caillou\/wp-json\/wp\/v2\/pages\/2971\/revisions"}],"predecessor-version":[{"id":2986,"href":"https:\/\/etab.ac-reunion.fr\/clg-plateau-caillou\/wp-json\/wp\/v2\/pages\/2971\/revisions\/2986"}],"up":[{"embeddable":true,"href":"https:\/\/etab.ac-reunion.fr\/clg-plateau-caillou\/wp-json\/wp\/v2\/pages\/2231"}],"wp:attachment":[{"href":"https:\/\/etab.ac-reunion.fr\/clg-plateau-caillou\/wp-json\/wp\/v2\/media?parent=2971"}],"curies":[{"name":"wp","href":"https:\/\/api.w.org\/{rel}","templated":true}]}}