{"id":3345,"date":"2023-09-07T10:47:02","date_gmt":"2023-09-07T06:47:02","guid":{"rendered":"https:\/\/etab.ac-reunion.fr\/clg-plateau-caillou\/?page_id=3345"},"modified":"2024-02-27T13:50:50","modified_gmt":"2024-02-27T09:50:50","slug":"egalite-fille-garcon","status":"publish","type":"page","link":"https:\/\/etab.ac-reunion.fr\/clg-plateau-caillou\/egalite-fille-garcon\/","title":{"rendered":"EGALITE FILLE\/GARCON"},"content":{"rendered":"<p style=\"text-align: justify\">L\u2019\u00e9galit\u00e9 entre les filles et les gar\u00e7ons est un principe fondamental inscrit dans le code de l&rsquo;\u00e9ducation. Elle encourage un climat scolaire serein, assure un cadre protecteur &#8211; sans comportements ni violences sexistes &#8211; et elle favorise la mixit\u00e9 et l&rsquo;\u00e9galit\u00e9 en mati\u00e8re d&rsquo;orientation.<\/p>\n<p><a href=\"https:\/\/www.education.gouv.fr\/egalite-entre-les-filles-et-les-garcons-9047#:~:text=L'%C3%A9galit%C3%A9%20entre%20les%20filles,%C3%A9galit%C3%A9%20en%20mati%C3%A8re%20d'orientation.\">https:\/\/www.education.gouv.fr\/egalite-entre-les-filles-et-les-garcons-9047.<\/a><\/p>\n<p><span style=\"text-decoration: underline\">2 journ\u00e9es de mobilisation :<\/span><\/p>\n<p>Journ\u00e9e internationale des droits des femmes\u00a0 \/ 8 mars \/<\/p>\n<p id=\"edugouv-summary-item-8\">Journ\u00e9e internationale pour l&rsquo;\u00e9limination de la violence \u00e0 l&rsquo;\u00e9gard des femmes \/ 25 novembre \/<\/p>\n","protected":false},"excerpt":{"rendered":"<p>L\u2019\u00e9galit\u00e9 entre les filles et les gar\u00e7ons est un principe fondamental inscrit dans le code de l&rsquo;\u00e9ducation. Elle encourage un climat scolaire serein, assure un cadre protecteur &#8211; sans comportements ni violences sexistes &#8211; et elle favorise la mixit\u00e9 et l&rsquo;\u00e9galit\u00e9 en mati\u00e8re d&rsquo;orientation. https:\/\/www.education.gouv.fr\/egalite-entre-les-filles-et-les-garcons-9047. 2 journ\u00e9es de mobilisation :&#8230;<\/p>\n<p> <a class=\"continue-reading-link\" href=\"https:\/\/etab.ac-reunion.fr\/clg-plateau-caillou\/egalite-fille-garcon\/\"><span>Lire la suite<\/span><i class=\"crycon-right-dir\"><\/i><\/a> <\/p>\n","protected":false},"author":7283,"featured_media":0,"parent":0,"menu_order":0,"comment_status":"closed","ping_status":"closed","template":"","meta":{"footnotes":""},"class_list":["post-3345","page","type-page","status-publish","hentry"],"_links":{"self":[{"href":"https:\/\/etab.ac-reunion.fr\/clg-plateau-caillou\/wp-json\/wp\/v2\/pages\/3345","targetHints":{"allow":["GET"]}}],"collection":[{"href":"https:\/\/etab.ac-reunion.fr\/clg-plateau-caillou\/wp-json\/wp\/v2\/pages"}],"about":[{"href":"https:\/\/etab.ac-reunion.fr\/clg-plateau-caillou\/wp-json\/wp\/v2\/types\/page"}],"author":[{"embeddable":true,"href":"https:\/\/etab.ac-reunion.fr\/clg-plateau-caillou\/wp-json\/wp\/v2\/users\/7283"}],"replies":[{"embeddable":true,"href":"https:\/\/etab.ac-reunion.fr\/clg-plateau-caillou\/wp-json\/wp\/v2\/comments?post=3345"}],"version-history":[{"count":4,"href":"https:\/\/etab.ac-reunion.fr\/clg-plateau-caillou\/wp-json\/wp\/v2\/pages\/3345\/revisions"}],"predecessor-version":[{"id":3780,"href":"https:\/\/etab.ac-reunion.fr\/clg-plateau-caillou\/wp-json\/wp\/v2\/pages\/3345\/revisions\/3780"}],"wp:attachment":[{"href":"https:\/\/etab.ac-reunion.fr\/clg-plateau-caillou\/wp-json\/wp\/v2\/media?parent=3345"}],"curies":[{"name":"wp","href":"https:\/\/api.w.org\/{rel}","templated":true}]}}