{"id":3781,"date":"2024-02-27T14:16:50","date_gmt":"2024-02-27T10:16:50","guid":{"rendered":"https:\/\/etab.ac-reunion.fr\/clg-plateau-caillou\/?page_id=3781"},"modified":"2024-04-16T13:46:20","modified_gmt":"2024-04-16T09:46:20","slug":"actions-2024-25-26-37-mars","status":"publish","type":"page","link":"https:\/\/etab.ac-reunion.fr\/clg-plateau-caillou\/actions-2024-25-26-37-mars\/","title":{"rendered":"ACTIONS 2024 &#8211; 25, 26, 37 MARS"},"content":{"rendered":"<p style=\"text-align: center\"><strong>3 journ\u00e9es phares pour lutter contre les in\u00e9galit\u00e9s !<\/strong><\/p>\n<p><img loading=\"lazy\" decoding=\"async\" class=\"size-full wp-image-3797 aligncenter\" src=\"https:\/\/etab.ac-reunion.fr\/clg-plateau-caillou\/wp-content\/uploads\/sites\/103\/2024\/02\/FILLE-GARCON.jpg\" alt=\"\" width=\"275\" height=\"183\" srcset=\"https:\/\/etab.ac-reunion.fr\/clg-plateau-caillou\/wp-content\/uploads\/sites\/103\/2024\/02\/FILLE-GARCON.jpg 275w, https:\/\/etab.ac-reunion.fr\/clg-plateau-caillou\/wp-content\/uploads\/sites\/103\/2024\/02\/FILLE-GARCON-150x100.jpg 150w\" sizes=\"auto, (max-width: 275px) 100vw, 275px\" \/><\/p>\n<p><em><strong>25 mars\u00a0<\/strong><\/em><em><strong>: Journ\u00e9e de la jupe, Tous en jupe\u00a0<\/strong><\/em><\/p>\n<p style=\"text-align: justify\">Lanc\u00e9e par des lyc\u00e9ens en 2006, la journ\u00e9e de la jupe c\u2019est s\u2019engager pour lutter contre les remarques sexistes que peuvent subir les filles sur leur fa\u00e7on de s\u2019habiller. Pour apporter notre soutien \u00e0 l\u2019action, les \u00e9l\u00e8ves ont \u00e9t\u00e9 invit\u00e9s \u00e0 porter une jupe (au dessus d\u2019un pantalon ou d\u2019un short).<\/p>\n<p><u><strong>Autres actions de la journ\u00e9e : <\/strong><\/u>Expositions de jupes \u00e0 l\u2019entr\u00e9e du coll\u00e8ge, des \u00e9l\u00e8ves de 3\u00e8me ont propos\u00e9 des mini sayn\u00e8tes et organis\u00e9 un d\u00e9bat autour de situations de la vie quotidienne<\/p>\n<p><img loading=\"lazy\" decoding=\"async\" class=\"alignnone size-medium wp-image-3827\" src=\"https:\/\/etab.ac-reunion.fr\/clg-plateau-caillou\/wp-content\/uploads\/sites\/103\/2024\/03\/IMG_1385-225x300.jpg\" alt=\"\" width=\"225\" height=\"300\" srcset=\"https:\/\/etab.ac-reunion.fr\/clg-plateau-caillou\/wp-content\/uploads\/sites\/103\/2024\/03\/IMG_1385-225x300.jpg 225w, https:\/\/etab.ac-reunion.fr\/clg-plateau-caillou\/wp-content\/uploads\/sites\/103\/2024\/03\/IMG_1385-768x1024.jpg 768w, https:\/\/etab.ac-reunion.fr\/clg-plateau-caillou\/wp-content\/uploads\/sites\/103\/2024\/03\/IMG_1385-1152x1536.jpg 1152w, https:\/\/etab.ac-reunion.fr\/clg-plateau-caillou\/wp-content\/uploads\/sites\/103\/2024\/03\/IMG_1385-1536x2048.jpg 1536w, https:\/\/etab.ac-reunion.fr\/clg-plateau-caillou\/wp-content\/uploads\/sites\/103\/2024\/03\/IMG_1385-113x150.jpg 113w, https:\/\/etab.ac-reunion.fr\/clg-plateau-caillou\/wp-content\/uploads\/sites\/103\/2024\/03\/IMG_1385-scaled.jpg 1920w\" sizes=\"auto, (max-width: 225px) 100vw, 225px\" \/> <img loading=\"lazy\" decoding=\"async\" class=\"alignnone size-medium wp-image-3872\" src=\"https:\/\/etab.ac-reunion.fr\/clg-plateau-caillou\/wp-content\/uploads\/sites\/103\/2024\/04\/IMG_1386-300x225.jpg\" alt=\"\" width=\"300\" height=\"225\" srcset=\"https:\/\/etab.ac-reunion.fr\/clg-plateau-caillou\/wp-content\/uploads\/sites\/103\/2024\/04\/IMG_1386-300x225.jpg 300w, https:\/\/etab.ac-reunion.fr\/clg-plateau-caillou\/wp-content\/uploads\/sites\/103\/2024\/04\/IMG_1386-1024x768.jpg 1024w, https:\/\/etab.ac-reunion.fr\/clg-plateau-caillou\/wp-content\/uploads\/sites\/103\/2024\/04\/IMG_1386-768x576.jpg 768w, https:\/\/etab.ac-reunion.fr\/clg-plateau-caillou\/wp-content\/uploads\/sites\/103\/2024\/04\/IMG_1386-1536x1152.jpg 1536w, https:\/\/etab.ac-reunion.fr\/clg-plateau-caillou\/wp-content\/uploads\/sites\/103\/2024\/04\/IMG_1386-2048x1536.jpg 2048w, https:\/\/etab.ac-reunion.fr\/clg-plateau-caillou\/wp-content\/uploads\/sites\/103\/2024\/04\/IMG_1386-150x113.jpg 150w\" sizes=\"auto, (max-width: 300px) 100vw, 300px\" \/><\/p>\n<p style=\"text-align: justify\"><em><strong>26 mars : Exposition \u00ab\u00a0Que portais-tu ?\u00a0\u00bb <\/strong><\/em><\/p>\n<p style=\"text-align: justify\">Apr\u00e8s les Etats-Unis, l\u2019exposition\u00a0<em>Que portais-tu ?<\/em> s&rsquo;est export\u00e9e en Europe, en commen\u00e7ant par la Belgique. 18 tenues port\u00e9es par des victimes de viol sont pr\u00e9sent\u00e9es au public. Polo, jean, basket &#8230; Des tenues terriblement ordinaires qui d\u00e9montent le mythe selon lequel porter une tenue aguichante serait en partie responsable des agressions sexuelles. Nous avons reproduit quelques unes des tenues en salle d&rsquo;\u00e9tude.<\/p>\n<p><img loading=\"lazy\" decoding=\"async\" class=\"alignnone size-medium wp-image-3835\" src=\"https:\/\/etab.ac-reunion.fr\/clg-plateau-caillou\/wp-content\/uploads\/sites\/103\/2024\/03\/IMG_1393-225x300.jpg\" alt=\"\" width=\"225\" height=\"300\" srcset=\"https:\/\/etab.ac-reunion.fr\/clg-plateau-caillou\/wp-content\/uploads\/sites\/103\/2024\/03\/IMG_1393-225x300.jpg 225w, https:\/\/etab.ac-reunion.fr\/clg-plateau-caillou\/wp-content\/uploads\/sites\/103\/2024\/03\/IMG_1393-768x1024.jpg 768w, https:\/\/etab.ac-reunion.fr\/clg-plateau-caillou\/wp-content\/uploads\/sites\/103\/2024\/03\/IMG_1393-1152x1536.jpg 1152w, https:\/\/etab.ac-reunion.fr\/clg-plateau-caillou\/wp-content\/uploads\/sites\/103\/2024\/03\/IMG_1393-1536x2048.jpg 1536w, https:\/\/etab.ac-reunion.fr\/clg-plateau-caillou\/wp-content\/uploads\/sites\/103\/2024\/03\/IMG_1393-113x150.jpg 113w, https:\/\/etab.ac-reunion.fr\/clg-plateau-caillou\/wp-content\/uploads\/sites\/103\/2024\/03\/IMG_1393-scaled.jpg 1920w\" sizes=\"auto, (max-width: 225px) 100vw, 225px\" \/>\u00a0 \u00a0 \u00a0<img loading=\"lazy\" decoding=\"async\" class=\"alignnone size-medium wp-image-3834\" src=\"https:\/\/etab.ac-reunion.fr\/clg-plateau-caillou\/wp-content\/uploads\/sites\/103\/2024\/03\/IMG_1392-225x300.jpg\" alt=\"\" width=\"225\" height=\"300\" srcset=\"https:\/\/etab.ac-reunion.fr\/clg-plateau-caillou\/wp-content\/uploads\/sites\/103\/2024\/03\/IMG_1392-225x300.jpg 225w, https:\/\/etab.ac-reunion.fr\/clg-plateau-caillou\/wp-content\/uploads\/sites\/103\/2024\/03\/IMG_1392-768x1024.jpg 768w, https:\/\/etab.ac-reunion.fr\/clg-plateau-caillou\/wp-content\/uploads\/sites\/103\/2024\/03\/IMG_1392-1152x1536.jpg 1152w, https:\/\/etab.ac-reunion.fr\/clg-plateau-caillou\/wp-content\/uploads\/sites\/103\/2024\/03\/IMG_1392-1536x2048.jpg 1536w, https:\/\/etab.ac-reunion.fr\/clg-plateau-caillou\/wp-content\/uploads\/sites\/103\/2024\/03\/IMG_1392-113x150.jpg 113w, https:\/\/etab.ac-reunion.fr\/clg-plateau-caillou\/wp-content\/uploads\/sites\/103\/2024\/03\/IMG_1392-scaled.jpg 1920w\" sizes=\"auto, (max-width: 225px) 100vw, 225px\" \/>\u00a0 \u00a0 <img loading=\"lazy\" decoding=\"async\" class=\"alignnone size-medium wp-image-3836\" src=\"https:\/\/etab.ac-reunion.fr\/clg-plateau-caillou\/wp-content\/uploads\/sites\/103\/2024\/03\/IMG_1394-225x300.jpg\" alt=\"\" width=\"225\" height=\"300\" srcset=\"https:\/\/etab.ac-reunion.fr\/clg-plateau-caillou\/wp-content\/uploads\/sites\/103\/2024\/03\/IMG_1394-225x300.jpg 225w, https:\/\/etab.ac-reunion.fr\/clg-plateau-caillou\/wp-content\/uploads\/sites\/103\/2024\/03\/IMG_1394-768x1024.jpg 768w, https:\/\/etab.ac-reunion.fr\/clg-plateau-caillou\/wp-content\/uploads\/sites\/103\/2024\/03\/IMG_1394-1152x1536.jpg 1152w, https:\/\/etab.ac-reunion.fr\/clg-plateau-caillou\/wp-content\/uploads\/sites\/103\/2024\/03\/IMG_1394-1536x2048.jpg 1536w, https:\/\/etab.ac-reunion.fr\/clg-plateau-caillou\/wp-content\/uploads\/sites\/103\/2024\/03\/IMG_1394-113x150.jpg 113w, https:\/\/etab.ac-reunion.fr\/clg-plateau-caillou\/wp-content\/uploads\/sites\/103\/2024\/03\/IMG_1394-scaled.jpg 1920w\" sizes=\"auto, (max-width: 225px) 100vw, 225px\" \/><\/p>\n<p><em><strong>27 mars : Exposition \u00ab\u00a0Femmes qui ont marqu\u00e9 l\u2019histoire\u00a0\u00bb<\/strong><\/em><\/p>\n<p>Toute la matin\u00e9e par Affichage sur les portes des salles de classe, les \u00e9l\u00e8ves ont d\u00e9couvert des femmes illustres ayant marqu\u00e9 l&rsquo;Histoire, la science&#8230;<\/p>\n<p style=\"text-align: center\">Merci aux \u00e9l\u00e8ves ayant particip\u00e9 et plus particuli\u00e8rement<\/p>\n<p style=\"text-align: center\"><strong>Ka\u00ebl, Ad\u00e8le, Sav\u00e9ria et Emrick (\u00e9l\u00e8ves de 3<sup>\u00e8me<\/sup>), <\/strong><strong>Ma\u00ebl, Rachel, Lucie et Claire (\u00e9l\u00e8ves de 5<sup>\u00e8me<\/sup>)<\/strong><\/p>\n","protected":false},"excerpt":{"rendered":"<p>3 journ\u00e9es phares pour lutter contre les in\u00e9galit\u00e9s ! 25 mars\u00a0: Journ\u00e9e de la jupe, Tous en jupe\u00a0 Lanc\u00e9e par des lyc\u00e9ens en 2006, la journ\u00e9e de la jupe c\u2019est s\u2019engager pour lutter contre les remarques sexistes que peuvent subir les filles sur leur fa\u00e7on de s\u2019habiller. Pour apporter notre&#8230;<\/p>\n<p> <a class=\"continue-reading-link\" href=\"https:\/\/etab.ac-reunion.fr\/clg-plateau-caillou\/actions-2024-25-26-37-mars\/\"><span>Lire la suite<\/span><i class=\"crycon-right-dir\"><\/i><\/a> <\/p>\n","protected":false},"author":7283,"featured_media":0,"parent":0,"menu_order":0,"comment_status":"closed","ping_status":"closed","template":"","meta":{"footnotes":""},"class_list":["post-3781","page","type-page","status-publish","hentry"],"_links":{"self":[{"href":"https:\/\/etab.ac-reunion.fr\/clg-plateau-caillou\/wp-json\/wp\/v2\/pages\/3781","targetHints":{"allow":["GET"]}}],"collection":[{"href":"https:\/\/etab.ac-reunion.fr\/clg-plateau-caillou\/wp-json\/wp\/v2\/pages"}],"about":[{"href":"https:\/\/etab.ac-reunion.fr\/clg-plateau-caillou\/wp-json\/wp\/v2\/types\/page"}],"author":[{"embeddable":true,"href":"https:\/\/etab.ac-reunion.fr\/clg-plateau-caillou\/wp-json\/wp\/v2\/users\/7283"}],"replies":[{"embeddable":true,"href":"https:\/\/etab.ac-reunion.fr\/clg-plateau-caillou\/wp-json\/wp\/v2\/comments?post=3781"}],"version-history":[{"count":10,"href":"https:\/\/etab.ac-reunion.fr\/clg-plateau-caillou\/wp-json\/wp\/v2\/pages\/3781\/revisions"}],"predecessor-version":[{"id":3873,"href":"https:\/\/etab.ac-reunion.fr\/clg-plateau-caillou\/wp-json\/wp\/v2\/pages\/3781\/revisions\/3873"}],"wp:attachment":[{"href":"https:\/\/etab.ac-reunion.fr\/clg-plateau-caillou\/wp-json\/wp\/v2\/media?parent=3781"}],"curies":[{"name":"wp","href":"https:\/\/api.w.org\/{rel}","templated":true}]}}