{"id":3802,"date":"2024-03-22T15:24:17","date_gmt":"2024-03-22T11:24:17","guid":{"rendered":"https:\/\/etab.ac-reunion.fr\/clg-plateau-caillou\/?page_id=3802"},"modified":"2025-05-19T14:59:01","modified_gmt":"2025-05-19T10:59:01","slug":"journee-securite-routiere-2024","status":"publish","type":"page","link":"https:\/\/etab.ac-reunion.fr\/clg-plateau-caillou\/journee-securite-routiere-2024\/","title":{"rendered":"Journ\u00e9e S\u00e9curit\u00e9 Routi\u00e8re"},"content":{"rendered":"<p style=\"text-align: justify\"><img loading=\"lazy\" decoding=\"async\" class=\"size-full wp-image-3808 alignleft\" src=\"https:\/\/etab.ac-reunion.fr\/clg-plateau-caillou\/wp-content\/uploads\/sites\/103\/2024\/03\/images.jpg\" alt=\"\" width=\"263\" height=\"192\" srcset=\"https:\/\/etab.ac-reunion.fr\/clg-plateau-caillou\/wp-content\/uploads\/sites\/103\/2024\/03\/images.jpg 263w, https:\/\/etab.ac-reunion.fr\/clg-plateau-caillou\/wp-content\/uploads\/sites\/103\/2024\/03\/images-150x110.jpg 150w\" sizes=\"auto, (max-width: 263px) 100vw, 263px\" \/>La Journ\u00e9e de la S\u00e9curit\u00e9 Routi\u00e8re a eu lieu pour les classes de 5e et de 3e. L\u2019\u00e9ducation \u00e0 la s\u00e9curit\u00e9 routi\u00e8re participe d\u2019une promotion de la culture de la s\u00e9curit\u00e9 et de l&rsquo;\u00e9ducation \u00e0 la responsabilit\u00e9. Elle s&rsquo;articule avec l&rsquo;\u00e9ducation \u00e0 la sant\u00e9, \u00e0 la citoyennet\u00e9 et au d\u00e9veloppement durable.<\/p>\n<p style=\"text-align: justify\">En interne dans l&rsquo;\u00e9tablissement, les \u00e9l\u00e8ves suivent plusieurs ateliers autour des th\u00e9matiques suivantes : risques routiers et m\u00e9tiers de la route, com<span style=\"font-family: Arial, Helvetica, sans-serif;text-align: justify\">portement \u00e0 moto et \u00e0 v\u00e9lo, entra\u00eenement \u00e0 l&rsquo;ASSR, sensibilisation au don d&rsquo;organe, lutte contre les addictions. <\/span><\/p>\n<p style=\"text-align: justify\"><span style=\"font-family: Arial, Helvetica, sans-serif;text-align: justify\">Les \u00e9l\u00e8ves prennent conscience de la n\u00e9cessit\u00e9 d&rsquo;<\/span><span style=\"font-family: Arial, Helvetica, sans-serif;text-align: justify\">adopter un comportement responsable dans l&rsquo;espace routier q<\/span><span style=\"font-family: Arial, Helvetica, sans-serif;text-align: justify\">u&rsquo;ils soient pi\u00e9tons, passagers, \u00e0 v\u00e9lo, ou jeunes conducteurs. Ils ont \u00e9galement r\u00e9alis\u00e9 des affiches et slogans diffus\u00e9s au sein de l&rsquo;\u00e9tablissement.\u00a0<\/span><\/p>\n<section class=\"elementor-section elementor-top-section elementor-element elementor-element-47d3bb4 elementor-section-boxed elementor-section-height-default elementor-section-height-default\" data-id=\"47d3bb4\" data-element_type=\"section\">\n<div class=\"elementor-container elementor-column-gap-default\">\n<div class=\"elementor-column elementor-col-100 elementor-top-column elementor-element elementor-element-a4ae78f\" data-id=\"a4ae78f\" data-element_type=\"column\">\n<div class=\"elementor-widget-wrap elementor-element-populated\">\n<div class=\"elementor-element elementor-element-7fffcf3 elementor-widget elementor-widget-heading\" data-id=\"7fffcf3\" data-element_type=\"widget\" data-widget_type=\"heading.default\">\n<div class=\"elementor-widget-container\">\n<p class=\"elementor-heading-title elementor-size-default\" style=\"text-align: justify\">Cette ann\u00e9e, les \u00e9l\u00e8ves de 3e ont eu l&rsquo;occasion d&rsquo;assister au spectacle <strong><em>S\u00e9curoute, <\/em><\/strong><em>Th\u00e9\u00e2tre de pr\u00e9vention \u00e0 la\u00a0 <\/em><em>S\u00e9curit\u00e9 routi\u00e8re <\/em>de la <strong>Compagnie Attrape Sourire<\/strong>. <span style=\"font-family: Arial, Helvetica, sans-serif\">Jean-Claude et Maryse sont deux conf\u00e9renciers qui viennent parler de la s\u00e9curit\u00e9 routi\u00e8re. Ils interpr\u00e8tent tour \u00e0 tour diff\u00e9rentes situations au travers de nombreux personnages (adolescent insouciant, cadre press\u00e9, drogu\u00e9), qui peuvent parfois se croiser, pour mettre en exergue les dangers de la route. <\/span>Th\u00e8mes abord\u00e9s :<span style=\"font-family: Arial, Helvetica, sans-serif\"> Le pi\u00e9ton, la vitesse, le port du casque, le t\u00e9l\u00e9phone au volant, la consommation de produits stup\u00e9fiants licites ou illicites, le sentiment de surpuissance\u2026<\/span><\/p>\n<\/div>\n<\/div>\n<\/div>\n<\/div>\n<\/div>\n<\/section>\n<p style=\"text-align: center\">Nous remercions tous nos partenaires pour leur professionnalisme et leur participation active aupr\u00e8s de nos \u00e9l\u00e8ves ! Un grand merci \u00e0 tous !<\/p>\n<p style=\"text-align: left\"><img loading=\"lazy\" decoding=\"async\" class=\"alignnone size-medium wp-image-3814\" src=\"https:\/\/etab.ac-reunion.fr\/clg-plateau-caillou\/wp-content\/uploads\/sites\/103\/2024\/03\/IMG_5967-300x225.jpg\" alt=\"\" width=\"300\" height=\"225\" srcset=\"https:\/\/etab.ac-reunion.fr\/clg-plateau-caillou\/wp-content\/uploads\/sites\/103\/2024\/03\/IMG_5967-300x225.jpg 300w, https:\/\/etab.ac-reunion.fr\/clg-plateau-caillou\/wp-content\/uploads\/sites\/103\/2024\/03\/IMG_5967-1024x768.jpg 1024w, https:\/\/etab.ac-reunion.fr\/clg-plateau-caillou\/wp-content\/uploads\/sites\/103\/2024\/03\/IMG_5967-768x576.jpg 768w, https:\/\/etab.ac-reunion.fr\/clg-plateau-caillou\/wp-content\/uploads\/sites\/103\/2024\/03\/IMG_5967-1536x1152.jpg 1536w, https:\/\/etab.ac-reunion.fr\/clg-plateau-caillou\/wp-content\/uploads\/sites\/103\/2024\/03\/IMG_5967-2048x1536.jpg 2048w, https:\/\/etab.ac-reunion.fr\/clg-plateau-caillou\/wp-content\/uploads\/sites\/103\/2024\/03\/IMG_5967-150x113.jpg 150w\" sizes=\"auto, (max-width: 300px) 100vw, 300px\" \/>\u00a0 \u00a0\u00a0 \u00a0 \u00a0\u00a0<img loading=\"lazy\" decoding=\"async\" class=\"size-medium wp-image-3825 alignleft\" src=\"https:\/\/etab.ac-reunion.fr\/clg-plateau-caillou\/wp-content\/uploads\/sites\/103\/2024\/03\/IMG_1357-225x300.jpg\" alt=\"\" width=\"225\" height=\"300\" srcset=\"https:\/\/etab.ac-reunion.fr\/clg-plateau-caillou\/wp-content\/uploads\/sites\/103\/2024\/03\/IMG_1357-225x300.jpg 225w, https:\/\/etab.ac-reunion.fr\/clg-plateau-caillou\/wp-content\/uploads\/sites\/103\/2024\/03\/IMG_1357-768x1024.jpg 768w, https:\/\/etab.ac-reunion.fr\/clg-plateau-caillou\/wp-content\/uploads\/sites\/103\/2024\/03\/IMG_1357-1152x1536.jpg 1152w, https:\/\/etab.ac-reunion.fr\/clg-plateau-caillou\/wp-content\/uploads\/sites\/103\/2024\/03\/IMG_1357-1536x2048.jpg 1536w, https:\/\/etab.ac-reunion.fr\/clg-plateau-caillou\/wp-content\/uploads\/sites\/103\/2024\/03\/IMG_1357-113x150.jpg 113w, https:\/\/etab.ac-reunion.fr\/clg-plateau-caillou\/wp-content\/uploads\/sites\/103\/2024\/03\/IMG_1357-scaled.jpg 1920w\" sizes=\"auto, (max-width: 225px) 100vw, 225px\" \/><\/p>\n<p>&nbsp;<\/p>\n<p>&nbsp;<\/p>\n<p style=\"text-align: justify\">En externe, nos actions sont li\u00e9es aux manifestations locales notamment de la Ville de Saint Paul, partenaire de la pr\u00e9vention \u00e0 la s\u00e9curit\u00e9 routi\u00e8re. Nos \u00e9l\u00e8ves de 3e ont pu se rendre le mardi 26 novembre 2024 au stade olympique Paul Julius Benard pour la Journ\u00e9e organis\u00e9e par la mairie. Ce sont plusieurs coll\u00e9giens et lyc\u00e9ens qui ont particip\u00e9 \u00e0 cette journ\u00e9e de sensibilisation aux dangers de la route. L\u2019un des moments forts de cette journ\u00e9e fut l\u2019atelier de d\u00e9sincarc\u00e9ration anim\u00e9 par le Service D\u00e9partemental d\u2019Incendie et de Secours (SDIS) et le Centre Hospitalier Ouest R\u00e9union (CHOR). Les jeunes ont ainsi pu mesurer l\u2019importance des gestes de pr\u00e9vention et les cons\u00e9quences dramatiques des accidents de la route. Une d\u00e9monstration saisissante qui a marqu\u00e9 les esprits.<\/p>\n","protected":false},"excerpt":{"rendered":"<p>La Journ\u00e9e de la S\u00e9curit\u00e9 Routi\u00e8re a eu lieu pour les classes de 5e et de 3e. L\u2019\u00e9ducation \u00e0 la s\u00e9curit\u00e9 routi\u00e8re participe d\u2019une promotion de la culture de la s\u00e9curit\u00e9 et de l&rsquo;\u00e9ducation \u00e0 la responsabilit\u00e9. Elle s&rsquo;articule avec l&rsquo;\u00e9ducation \u00e0 la sant\u00e9, \u00e0 la citoyennet\u00e9 et au d\u00e9veloppement&#8230;<\/p>\n<p> <a class=\"continue-reading-link\" href=\"https:\/\/etab.ac-reunion.fr\/clg-plateau-caillou\/journee-securite-routiere-2024\/\"><span>Lire la suite<\/span><i class=\"crycon-right-dir\"><\/i><\/a> <\/p>\n","protected":false},"author":7283,"featured_media":0,"parent":0,"menu_order":0,"comment_status":"closed","ping_status":"closed","template":"","meta":{"footnotes":""},"class_list":["post-3802","page","type-page","status-publish","hentry"],"_links":{"self":[{"href":"https:\/\/etab.ac-reunion.fr\/clg-plateau-caillou\/wp-json\/wp\/v2\/pages\/3802","targetHints":{"allow":["GET"]}}],"collection":[{"href":"https:\/\/etab.ac-reunion.fr\/clg-plateau-caillou\/wp-json\/wp\/v2\/pages"}],"about":[{"href":"https:\/\/etab.ac-reunion.fr\/clg-plateau-caillou\/wp-json\/wp\/v2\/types\/page"}],"author":[{"embeddable":true,"href":"https:\/\/etab.ac-reunion.fr\/clg-plateau-caillou\/wp-json\/wp\/v2\/users\/7283"}],"replies":[{"embeddable":true,"href":"https:\/\/etab.ac-reunion.fr\/clg-plateau-caillou\/wp-json\/wp\/v2\/comments?post=3802"}],"version-history":[{"count":13,"href":"https:\/\/etab.ac-reunion.fr\/clg-plateau-caillou\/wp-json\/wp\/v2\/pages\/3802\/revisions"}],"predecessor-version":[{"id":4813,"href":"https:\/\/etab.ac-reunion.fr\/clg-plateau-caillou\/wp-json\/wp\/v2\/pages\/3802\/revisions\/4813"}],"wp:attachment":[{"href":"https:\/\/etab.ac-reunion.fr\/clg-plateau-caillou\/wp-json\/wp\/v2\/media?parent=3802"}],"curies":[{"name":"wp","href":"https:\/\/api.w.org\/{rel}","templated":true}]}}