{"id":4802,"date":"2025-05-19T11:28:28","date_gmt":"2025-05-19T07:28:28","guid":{"rendered":"https:\/\/etab.ac-reunion.fr\/clg-plateau-caillou\/?page_id=4802"},"modified":"2025-10-30T11:22:51","modified_gmt":"2025-10-30T07:22:51","slug":"concours-kabar-fonnker-marmay-2025","status":"publish","type":"page","link":"https:\/\/etab.ac-reunion.fr\/clg-plateau-caillou\/concours-kabar-fonnker-marmay-2025\/","title":{"rendered":"CONCOURS Kabar Fonnk\u00e8r Marmay 2025"},"content":{"rendered":"<p style=\"text-align: center\">Apr\u00e8s quelques mois de pr\u00e9paration, d&rsquo;\u00e9criture et de r\u00e9p\u00e9titions, ce samedi 29 mars 2025, lors de la soir\u00e9e finale au Teat Plein air de Saint-Gilles, <span style=\"color: #ff0000\"><span style=\"color: #000000\">nos \u00e9l\u00e8ves de la classe de 6e4 option Cr\u00e9ole ainsi que les \u00e9l\u00e8ves de la classe de CM2 de l&rsquo;\u00e9cole Ad\u00e8le Ferrand ont remport\u00e9 la<\/span> 3e place du Concours Kabar Fonnk\u00e8r Marmay !<\/span><\/p>\n<p style=\"text-align: justify\">Merci \u00e0 Ga\u00ebl Velleyen, artiste, musicien fonnk\u00e8z\u00e9r qui a travaill\u00e9 avec les enfants \u00e0 l\u2019\u00e9criture du texte, la mise en musique et la mise en sc\u00e8ne. Un travail collaboratif qui donne naissance \u00e0 une histoire gr\u00e2ce aux diff\u00e9rentes propositions des \u00e9l\u00e8ves. A partir du th\u00e8me donn\u00e9 <strong>L&rsquo;Horizon<\/strong>, nos \u00e9l\u00e8ves ont produit un texte intitul\u00e9 <strong><em>Lorizon s\u00e9 lo baskil <\/em><\/strong>permettant la rencontre avec Edmond Albius pour les CM2 et Anne Mousse pour les 6e.<\/p>\n<h5 style=\"text-align: center\">\u00ab La lang kr\u00e9ol, in rish\u00e8s pou bann marmay \u00bb<\/h5>\n<p style=\"text-align: justify\">Pour cette premi\u00e8re \u00e9dition, 10 coll\u00e8ges comprenant une section langue vivante r\u00e9gionale cr\u00e9ole participaient au concours, en lien avec des \u00e9coles et des classes de CM2 de leur zone. N\u00e9 du partenariat avec l\u2019Acad\u00e9mie de La R\u00e9union et les \u00e9tablissements \u00e0 section Langue Vivante R\u00e9gionale (LVR) Cr\u00e9ole, l\u2019objectif de ce concours, \u00e0 l&rsquo;initiative du D\u00e9partement, est de sensibiliser les \u00e9l\u00e8ves \u00e0 la po\u00e9sie, d\u2019encourager la lecture de po\u00e8mes comme pratique culturelle et de susciter les rencontres entre po\u00e8tes contemporains et \u00e9l\u00e8ves. Un art oratoire qui sollicite l\u2019imaginaire en prenant appui sur la langue et la culture r\u00e9gionale. Il s\u2019agit aussi de viser un bilinguisme apais\u00e9 et maitris\u00e9. Le Kabar Fonnk\u00e8r Marmay sera aussi l\u2019occasion de permettre aux \u00e9l\u00e8ves et \u00e0 leurs parents d\u2019acc\u00e9der \u00e0 un lieu culturel embl\u00e9matique.<\/p>\n<p style=\"text-align: center\"><em>\u00abCe concours i inscrit ali dans la d\u00e9marche entam\u00e9e depuis quelques temps par le Rectorat qui dit que la langue cr\u00e9ole c\u2019est un atout, c\u2019est une richesse, in zarlor pou lo bann marmay \u00bb, explique Isabelle Testa, <\/em><em>charg\u00e9e de mission acad\u00e9mique langues vivantes r\u00e9gionales 1<sup>er<\/sup>\u00a0degr\u00e9.<\/em><\/p>\n<h6><strong>Kosa i l\u00e9 in fonnk\u00e8r ?<\/strong><\/h6>\n<p style=\"text-align: justify\">Le fonnk\u00e8r est un \u00e9tat d\u2019\u00e2me propre aux r\u00e9unionnais, qui laisse transpara\u00eetre un sentiment profond, un amour, un bonheur, une amertume, une \u00e9motion, une pens\u00e9e. Le terme qui d\u00e9rive du fran\u00e7ais \u00ab\u00a0fond de c\u0153ur\u00a0\u00bb d\u00e9signe aussi les modes d\u2019expression\u00a0 qui permettent d\u2019ext\u00e9rioriser cet \u00e9tat d\u2019\u00e2me, en particulier la po\u00e9sie r\u00e9unionnaise, \u00e0 tel point qu\u2019il est devenu synonyme de \u00ab\u00a0po\u00e8me\u00a0\u00bb. Le fonnk\u00e8r peut s\u2019exprimer oralement, dans la lign\u00e9e de la tradition orale r\u00e9unionnaise, ou par \u00e9crit.<\/p>\n<p style=\"text-align: center\"><em>\u00ab Zot l\u00e9 in ti pous zordi, domin zot sra un pi\u00e9dboi \u00bb<\/em><\/p>\n<p class=\"text-align-justify\" style=\"text-align: justify\">Les prestations devant jury se sont d\u00e9roul\u00e9es en pr\u00e9sence de C\u00e9line Huet, marraine de l\u2019\u00e9v\u00e9nement, des parents des \u00e9l\u00e8ves, des enseignants et des fonnk\u00e9s\u00e8r Ga\u00ebl Velleyen, Olivier Cadet, Harry Perigone et Mael. Voici le palmar\u00e8s :<\/p>\n<ul>\n<li>1er : le coll\u00e8ge Edmond-Albius et l\u2019\u00e9cole Francis-Rivi\u00e8re &#8211; Le Port<\/li>\n<li>2e : le coll\u00e8ge Terrain-Fayard et l\u2019\u00e9cole Suzie-Bomel &#8211;\u00a0 Saint Andr\u00e9<\/li>\n<li>3e : le coll\u00e8ge de Plateau Caillou et l&rsquo;\u00e9cole Ad\u00e8le Ferrand &#8211; Saint Paul<\/li>\n<li>Prix coup de c\u0153ur du jury : le coll\u00e8ge Amiral-Bouvet et l\u2019\u00e9cole Girofles &#8211; Saint-Benoit<\/li>\n<\/ul>\n<p class=\"text-align-justify\" style=\"text-align: center\"><i>Bravo \u00e0 tous les \u00e9l\u00e8ves pour leur participation !\u00a0<\/i><\/p>\n<p><img loading=\"lazy\" decoding=\"async\" class=\" wp-image-4808 aligncenter\" src=\"https:\/\/etab.ac-reunion.fr\/clg-plateau-caillou\/wp-content\/uploads\/sites\/103\/2025\/05\/Fonker3.jpg\" alt=\"\" width=\"496\" height=\"331\" srcset=\"https:\/\/etab.ac-reunion.fr\/clg-plateau-caillou\/wp-content\/uploads\/sites\/103\/2025\/05\/Fonker3.jpg 850w, https:\/\/etab.ac-reunion.fr\/clg-plateau-caillou\/wp-content\/uploads\/sites\/103\/2025\/05\/Fonker3-300x200.jpg 300w, https:\/\/etab.ac-reunion.fr\/clg-plateau-caillou\/wp-content\/uploads\/sites\/103\/2025\/05\/Fonker3-768x512.jpg 768w, https:\/\/etab.ac-reunion.fr\/clg-plateau-caillou\/wp-content\/uploads\/sites\/103\/2025\/05\/Fonker3-150x100.jpg 150w\" sizes=\"auto, (max-width: 496px) 100vw, 496px\" \/><\/p>\n<p style=\"text-align: center\"><em>Vid\u00e9o \u00e0 retrouver ici :<\/em>\u00a0<a href=\"https:\/\/www.youtube.com\/watch?v=FaPqMoZXFbY\">https:\/\/www.youtube.com\/watch?v=FaPqMoZXFbY<\/a><\/p>\n","protected":false},"excerpt":{"rendered":"<p>Apr\u00e8s quelques mois de pr\u00e9paration, d&rsquo;\u00e9criture et de r\u00e9p\u00e9titions, ce samedi 29 mars 2025, lors de la soir\u00e9e finale au Teat Plein air de Saint-Gilles, nos \u00e9l\u00e8ves de la classe de 6e4 option Cr\u00e9ole ainsi que les \u00e9l\u00e8ves de la classe de CM2 de l&rsquo;\u00e9cole Ad\u00e8le Ferrand ont remport\u00e9 la&#8230;<\/p>\n<p> <a class=\"continue-reading-link\" href=\"https:\/\/etab.ac-reunion.fr\/clg-plateau-caillou\/concours-kabar-fonnker-marmay-2025\/\"><span>Lire la suite<\/span><i class=\"crycon-right-dir\"><\/i><\/a> <\/p>\n","protected":false},"author":7283,"featured_media":0,"parent":0,"menu_order":0,"comment_status":"closed","ping_status":"closed","template":"","meta":{"footnotes":""},"class_list":["post-4802","page","type-page","status-publish","hentry"],"_links":{"self":[{"href":"https:\/\/etab.ac-reunion.fr\/clg-plateau-caillou\/wp-json\/wp\/v2\/pages\/4802","targetHints":{"allow":["GET"]}}],"collection":[{"href":"https:\/\/etab.ac-reunion.fr\/clg-plateau-caillou\/wp-json\/wp\/v2\/pages"}],"about":[{"href":"https:\/\/etab.ac-reunion.fr\/clg-plateau-caillou\/wp-json\/wp\/v2\/types\/page"}],"author":[{"embeddable":true,"href":"https:\/\/etab.ac-reunion.fr\/clg-plateau-caillou\/wp-json\/wp\/v2\/users\/7283"}],"replies":[{"embeddable":true,"href":"https:\/\/etab.ac-reunion.fr\/clg-plateau-caillou\/wp-json\/wp\/v2\/comments?post=4802"}],"version-history":[{"count":7,"href":"https:\/\/etab.ac-reunion.fr\/clg-plateau-caillou\/wp-json\/wp\/v2\/pages\/4802\/revisions"}],"predecessor-version":[{"id":5279,"href":"https:\/\/etab.ac-reunion.fr\/clg-plateau-caillou\/wp-json\/wp\/v2\/pages\/4802\/revisions\/5279"}],"wp:attachment":[{"href":"https:\/\/etab.ac-reunion.fr\/clg-plateau-caillou\/wp-json\/wp\/v2\/media?parent=4802"}],"curies":[{"name":"wp","href":"https:\/\/api.w.org\/{rel}","templated":true}]}}