{"id":4805,"date":"2025-05-19T11:55:07","date_gmt":"2025-05-19T07:55:07","guid":{"rendered":"https:\/\/etab.ac-reunion.fr\/clg-plateau-caillou\/?page_id=4805"},"modified":"2025-05-19T11:55:07","modified_gmt":"2025-05-19T07:55:07","slug":"concours-lecture-a-voix-haute-la-reunion-des-jeunes-lecteurs-2025","status":"publish","type":"page","link":"https:\/\/etab.ac-reunion.fr\/clg-plateau-caillou\/concours-lecture-a-voix-haute-la-reunion-des-jeunes-lecteurs-2025\/","title":{"rendered":"CONCOURS Lecture \u00e0 voix haute La R\u00e9union des Jeunes Lecteurs 2025"},"content":{"rendered":"<p style=\"text-align: justify\">Le <strong>concours acad\u00e9mique de lecture \u00e0 voix haute<\/strong> est propos\u00e9 dans le cadre de la feuille de route acad\u00e9mique des savoirs fondamentaux. Il vise \u00e0 am\u00e9liorer les comp\u00e9tences de l\u2019oral et de la lecture des \u00e9l\u00e8ves mais \u00e9galement \u00e0 d\u00e9velopper les comp\u00e9tences psychosociales et la culture litt\u00e9raire de l\u2019\u00e9l\u00e8ve. C\u2019est une invitation \u00e0 retrouver un plaisir simple, celui d\u2019\u00e9couter la musique des mots. Il s\u2019adresse aux classes de cycle 3 (CM1, CM2 et 6\u00e8me), de CAP et de seconde du baccalaur\u00e9at professionnel. Il est possible d\u2019inscrire les \u00e9l\u00e8ves de chaque niveau dans les cat\u00e9gories suivantes : \u201clecture individuelle\u201d et\/ou \u201clecture chorale\u201d. Au cycle 3, le th\u00e8me de l\u2019ann\u00e9e \u00e9tait LE VOYAGE.<\/p>\n<p style=\"text-align: justify\">Plusieurs \u00e9tapes ont conduit \u00e0 la finale \u00e0 savoir un entrainement \u00e0 la lecture \u00e0 voix haute et une premi\u00e8re s\u00e9lection au sein des classes. Les repr\u00e9sentants s\u00e9lectionn\u00e9s se sont retrouv\u00e9s en inter-\u00e9tablissements pour acc\u00e9der \u00e0 la demi-finale. Un \u00e9v\u00e9nement qui fait donc la fiert\u00e9 des \u00e9l\u00e8ves, des professeurs mais aussi des parents qui \u00e9taient pr\u00e9sents pour soutenir les participants. Toutes les cat\u00e9gories se sont succ\u00e9d\u00e9es devant Bernadette Thomas, la marraine du concours.<\/p>\n<p style=\"text-align: justify\">Pour la finale acad\u00e9mique du Bassin Ouest, 3 \u00e9l\u00e8ves de la classe de 6e5, \u00e9lus par leurs camarades, ont pr\u00e9sent\u00e9 une lecture chorale d&rsquo;un passage du livre <em>Latitude Z\u00e9ro<\/em> de Mike Horn. Ils se sont hiss\u00e9 \u00e0 la <strong>3e place<\/strong> !<\/p>\n<p style=\"text-align: center\">Encore Bravo \u00e0 eux pour leur implication, leur motivation et leur s\u00e9rieux !!<\/p>\n<p style=\"text-align: justify\">\n<p>&nbsp;<\/p>\n","protected":false},"excerpt":{"rendered":"<p>Le concours acad\u00e9mique de lecture \u00e0 voix haute est propos\u00e9 dans le cadre de la feuille de route acad\u00e9mique des savoirs fondamentaux. Il vise \u00e0 am\u00e9liorer les comp\u00e9tences de l\u2019oral et de la lecture des \u00e9l\u00e8ves mais \u00e9galement \u00e0 d\u00e9velopper les comp\u00e9tences psychosociales et la culture litt\u00e9raire de l\u2019\u00e9l\u00e8ve. C\u2019est&#8230;<\/p>\n<p> <a class=\"continue-reading-link\" href=\"https:\/\/etab.ac-reunion.fr\/clg-plateau-caillou\/concours-lecture-a-voix-haute-la-reunion-des-jeunes-lecteurs-2025\/\"><span>Lire la suite<\/span><i class=\"crycon-right-dir\"><\/i><\/a> <\/p>\n","protected":false},"author":7283,"featured_media":0,"parent":0,"menu_order":0,"comment_status":"closed","ping_status":"closed","template":"","meta":{"footnotes":""},"class_list":["post-4805","page","type-page","status-publish","hentry"],"_links":{"self":[{"href":"https:\/\/etab.ac-reunion.fr\/clg-plateau-caillou\/wp-json\/wp\/v2\/pages\/4805","targetHints":{"allow":["GET"]}}],"collection":[{"href":"https:\/\/etab.ac-reunion.fr\/clg-plateau-caillou\/wp-json\/wp\/v2\/pages"}],"about":[{"href":"https:\/\/etab.ac-reunion.fr\/clg-plateau-caillou\/wp-json\/wp\/v2\/types\/page"}],"author":[{"embeddable":true,"href":"https:\/\/etab.ac-reunion.fr\/clg-plateau-caillou\/wp-json\/wp\/v2\/users\/7283"}],"replies":[{"embeddable":true,"href":"https:\/\/etab.ac-reunion.fr\/clg-plateau-caillou\/wp-json\/wp\/v2\/comments?post=4805"}],"version-history":[{"count":1,"href":"https:\/\/etab.ac-reunion.fr\/clg-plateau-caillou\/wp-json\/wp\/v2\/pages\/4805\/revisions"}],"predecessor-version":[{"id":4806,"href":"https:\/\/etab.ac-reunion.fr\/clg-plateau-caillou\/wp-json\/wp\/v2\/pages\/4805\/revisions\/4806"}],"wp:attachment":[{"href":"https:\/\/etab.ac-reunion.fr\/clg-plateau-caillou\/wp-json\/wp\/v2\/media?parent=4805"}],"curies":[{"name":"wp","href":"https:\/\/api.w.org\/{rel}","templated":true}]}}