{"id":1665,"date":"2017-08-24T11:44:15","date_gmt":"2017-08-24T07:44:15","guid":{"rendered":"http:\/\/college-plateau-goyaves.ac-reunion.fr\/?page_id=1665"},"modified":"2018-11-08T10:43:58","modified_gmt":"2018-11-08T06:43:58","slug":"larbre-des-possibles","status":"publish","type":"page","link":"https:\/\/etab.ac-reunion.fr\/clg-plateau-goyaves\/larbre-des-possibles\/","title":{"rendered":"L&rsquo;arbre des possibles"},"content":{"rendered":"<h1 style=\"text-align: center\"><span style=\"color: #666699\"><strong>\u00a0Projet interdisciplinaire<\/strong><\/span><\/h1>\n<h2 style=\"text-align: center\"><span style=\"color: #999999\">Niveau 5\u00e8me<\/span><\/h2>\n<h2 style=\"text-align: center\"><span style=\"color: #999999\">Th\u00e8me : Transition \u00e9cologique et d\u00e9veloppement durable<\/span><\/h2>\n<p style=\"text-align: center\"><img loading=\"lazy\" decoding=\"async\" class=\"alignnone size-full wp-image-1654 aligncenter\" src=\"https:\/\/etab.ac-reunion.fr\/clg-plateau-goyaves\/wp-content\/uploads\/sites\/109\/2017\/08\/Capture.jpg\" alt=\"\" width=\"676\" height=\"605\" srcset=\"https:\/\/etab.ac-reunion.fr\/clg-plateau-goyaves\/wp-content\/uploads\/sites\/109\/2017\/08\/Capture.jpg 676w, https:\/\/etab.ac-reunion.fr\/clg-plateau-goyaves\/wp-content\/uploads\/sites\/109\/2017\/08\/Capture-300x268.jpg 300w\" sizes=\"(max-width: 676px) 100vw, 676px\" \/>La R\u00e9union a beaucoup chang\u00e9 depuis les premiers arrivants vers 1640 \u2026 L\u2019Homme s\u2019est install\u00e9 et depuis, des esp\u00e8ces ont disparu, certaines sont aujourd\u2019hui menac\u00e9es \u2026<\/p>\n<p><img loading=\"lazy\" decoding=\"async\" class=\"alignnone size-full wp-image-1658 aligncenter\" src=\"https:\/\/etab.ac-reunion.fr\/clg-plateau-goyaves\/wp-content\/uploads\/sites\/109\/2017\/08\/images.jpg\" alt=\"\" width=\"329\" height=\"153\" srcset=\"https:\/\/etab.ac-reunion.fr\/clg-plateau-goyaves\/wp-content\/uploads\/sites\/109\/2017\/08\/images.jpg 329w, https:\/\/etab.ac-reunion.fr\/clg-plateau-goyaves\/wp-content\/uploads\/sites\/109\/2017\/08\/images-300x140.jpg 300w\" sizes=\"(max-width: 329px) 100vw, 329px\" \/><\/p>\n<p>&nbsp;<\/p>\n<h2 style=\"text-align: center\"><span style=\"color: #999999\"><strong>Quel avenir imagines-tu pour la biodiversit\u00e9 de La R\u00e9union?<\/strong><\/span><\/h2>\n<p>&nbsp;<\/p>\n<p style=\"text-align: center\">L\u2019arbre est-il le meilleur ami de l\u2019Homme ? En tant qu\u2019habitant de la R\u00e9union, quelle relation as-tu avec la flore en g\u00e9n\u00e9ral et les arbres en particulier ? Est-il n\u00e9cessaire de la modifier ? Qu\u2019en est-il \u00e0 plus grande \u00e9chelle ?<br \/>\nA travers ce projet Interdisciplinaire, tu vas pouvoir rechercher des r\u00e9ponses \u00e0 ces questions en faisant intervenir plusieurs disciplines : les Sciences de la Vie et de la Terre, l\u2019Education Physique et Sportive, les Math\u00e9matiques, les Arts plastiques, la Technologie et le Fran\u00e7ais<\/p>\n<p>&nbsp;<\/p>\n<h2 style=\"text-align: center\"><span style=\"color: #999999\"><strong>La progression envisag\u00e9e est la suivante :<\/strong><\/span><\/h2>\n<p>&nbsp;<\/p>\n<p style=\"text-align: center\">&#8211; Identification des esp\u00e8ces v\u00e9g\u00e9tales dans le coll\u00e8ge en g\u00e9n\u00e9ral et dans l\u2019arboretum en particulier (SVT)<br \/>\n&#8211; R\u00e9alisation de mesures dans l\u2019arboretum afin de participer au suivi de la croissance des individus (SVT) ;<br \/>\n&#8211; Remobilisation des connaissances \u00e0 travers un parcours test d\u2019orientation dans le coll\u00e8ge (EPS \u2013 SVT)<br \/>\n&#8211; Reconnaissance des esp\u00e8ces pr\u00e9c\u00e9demment d\u00e9couvertes mais dans un espace naturel lors des courses<br \/>\nd\u2019orientation dans la for\u00eat d\u2019Etang-Sal\u00e9 (EPS) + r\u00e9coltes (photographies avec tablettes, \u00e9chantillons) ;<br \/>\n&#8211; Cr\u00e9ation d\u2019un nouveau parcours test (EPS-SVT)<br \/>\n&#8211; Travail informatique sur les images r\u00e9colt\u00e9es ou travail manuel sur \u00e9chantillons dans un objectif de cr\u00e9ation<br \/>\nartistique (ARPLA) qui sera expos\u00e9 ;<br \/>\n&#8211; Exploitation des mesures et mise en forme du suivi de croissance + autres donn\u00e9es (MATHS) ;<br \/>\n&#8211; Apports compl\u00e9mentaires et d\u00e9veloppement du programme sur le th\u00e8me des interactions HommEnvironnement<br \/>\n(SVT);<br \/>\n&#8211; Travail sur une application de reconnaissance des plantes (PlantNet) et\/ou R\u00e9alisation d\u2019un plan num\u00e9rique<br \/>\ninteractif (TECH) ;<br \/>\n&#8211; FRA :Se projeter en imaginant des mondes nouveaux \/ Faire exprimer le point de vue de chacun sur la<br \/>\nbiodiversit\u00e9, les arbres, avant et apr\u00e8s le projet pour \u00e9valuer son impact.<br \/>\nEventuellement, cr\u00e9ation d\u2019un sc\u00e9nario sur le site <a href=\"http:\/\/www.arbredespossibles.com\/\">www.arbredespossibles.com\u00a0<\/a><\/p>\n","protected":false},"excerpt":{"rendered":"<p>\u00a0Projet interdisciplinaire Niveau 5\u00e8me Th\u00e8me : Transition \u00e9cologique et d\u00e9veloppement durable La R\u00e9union a beaucoup chang\u00e9 depuis les premiers arrivants vers 1640 \u2026 L\u2019Homme s\u2019est install\u00e9 et depuis, des esp\u00e8ces ont disparu, certaines sont aujourd\u2019hui menac\u00e9es \u2026 &nbsp; Quel avenir imagines-tu pour la biodiversit\u00e9 de La R\u00e9union? &nbsp; L\u2019arbre est-il le meilleur ami de l\u2019Homme [&hellip;]<\/p>\n","protected":false},"author":13259,"featured_media":0,"parent":0,"menu_order":0,"comment_status":"closed","ping_status":"closed","template":"","meta":{"_et_pb_use_builder":"","_et_pb_old_content":"","_et_gb_content_width":"","footnotes":""},"class_list":["post-1665","page","type-page","status-publish","hentry"],"_links":{"self":[{"href":"https:\/\/etab.ac-reunion.fr\/clg-plateau-goyaves\/wp-json\/wp\/v2\/pages\/1665","targetHints":{"allow":["GET"]}}],"collection":[{"href":"https:\/\/etab.ac-reunion.fr\/clg-plateau-goyaves\/wp-json\/wp\/v2\/pages"}],"about":[{"href":"https:\/\/etab.ac-reunion.fr\/clg-plateau-goyaves\/wp-json\/wp\/v2\/types\/page"}],"author":[{"embeddable":true,"href":"https:\/\/etab.ac-reunion.fr\/clg-plateau-goyaves\/wp-json\/wp\/v2\/users\/13259"}],"replies":[{"embeddable":true,"href":"https:\/\/etab.ac-reunion.fr\/clg-plateau-goyaves\/wp-json\/wp\/v2\/comments?post=1665"}],"version-history":[{"count":7,"href":"https:\/\/etab.ac-reunion.fr\/clg-plateau-goyaves\/wp-json\/wp\/v2\/pages\/1665\/revisions"}],"predecessor-version":[{"id":2266,"href":"https:\/\/etab.ac-reunion.fr\/clg-plateau-goyaves\/wp-json\/wp\/v2\/pages\/1665\/revisions\/2266"}],"wp:attachment":[{"href":"https:\/\/etab.ac-reunion.fr\/clg-plateau-goyaves\/wp-json\/wp\/v2\/media?parent=1665"}],"curies":[{"name":"wp","href":"https:\/\/api.w.org\/{rel}","templated":true}]}}

<h1 style="text-align: center"><span style="color: #666699"><strong> Projet interdisciplinaire</strong></span></h1>
<h2 style="text-align: center"><span style="color: #999999">Niveau 5ème</span></h2>
<h2 style="text-align: center"><span style="color: #999999">Thème : Transition écologique et développement durable</span></h2>
<p style="text-align: center"><img loading="lazy" decoding="async" class="alignnone size-full wp-image-1654 aligncenter" src="https://etab.ac-reunion.fr/clg-plateau-goyaves/wp-content/uploads/sites/109/2017/08/Capture.jpg" alt="" width="676" height="605" srcset="https://etab.ac-reunion.fr/clg-plateau-goyaves/wp-content/uploads/sites/109/2017/08/Capture.jpg 676w, https://etab.ac-reunion.fr/clg-plateau-goyaves/wp-content/uploads/sites/109/2017/08/Capture-300x268.jpg 300w" sizes="(max-width: 676px) 100vw, 676px" />La Réunion a beaucoup changé depuis les premiers arrivants vers 1640 … L’Homme s’est installé et depuis, des espèces ont disparu, certaines sont aujourd’hui menacées …</p>
<p><img loading="lazy" decoding="async" class="alignnone size-full wp-image-1658 aligncenter" src="https://etab.ac-reunion.fr/clg-plateau-goyaves/wp-content/uploads/sites/109/2017/08/images.jpg" alt="" width="329" height="153" srcset="https://etab.ac-reunion.fr/clg-plateau-goyaves/wp-content/uploads/sites/109/2017/08/images.jpg 329w, https://etab.ac-reunion.fr/clg-plateau-goyaves/wp-content/uploads/sites/109/2017/08/images-300x140.jpg 300w" sizes="(max-width: 329px) 100vw, 329px" /></p>
<p>&nbsp;</p>
<h2 style="text-align: center"><span style="color: #999999"><strong>Quel avenir imagines-tu pour la biodiversité de La Réunion?</strong></span></h2>
<p>&nbsp;</p>
<p style="text-align: center">L’arbre est-il le meilleur ami de l’Homme ? En tant qu’habitant de la Réunion, quelle relation as-tu avec la flore en général et les arbres en particulier ? Est-il nécessaire de la modifier ? Qu’en est-il à plus grande échelle ?<br />
A travers ce projet Interdisciplinaire, tu vas pouvoir rechercher des réponses à ces questions en faisant intervenir plusieurs disciplines : les Sciences de la Vie et de la Terre, l’Education Physique et Sportive, les Mathématiques, les Arts plastiques, la Technologie et le Français</p>
<p>&nbsp;</p>
<h2 style="text-align: center"><span style="color: #999999"><strong>La progression envisagée est la suivante :</strong></span></h2>
<p>&nbsp;</p>
<p style="text-align: center">&#8211; Identification des espèces végétales dans le collège en général et dans l’arboretum en particulier (SVT)<br />
&#8211; Réalisation de mesures dans l’arboretum afin de participer au suivi de la croissance des individus (SVT) ;<br />
&#8211; Remobilisation des connaissances à travers un parcours test d’orientation dans le collège (EPS – SVT)<br />
&#8211; Reconnaissance des espèces précédemment découvertes mais dans un espace naturel lors des courses<br />
d’orientation dans la forêt d’Etang-Salé (EPS) + récoltes (photographies avec tablettes, échantillons) ;<br />
&#8211; Création d’un nouveau parcours test (EPS-SVT)<br />
&#8211; Travail informatique sur les images récoltées ou travail manuel sur échantillons dans un objectif de création<br />
artistique (ARPLA) qui sera exposé ;<br />
&#8211; Exploitation des mesures et mise en forme du suivi de croissance + autres données (MATHS) ;<br />
&#8211; Apports complémentaires et développement du programme sur le thème des interactions HommEnvironnement<br />
(SVT);<br />
&#8211; Travail sur une application de reconnaissance des plantes (PlantNet) et/ou Réalisation d’un plan numérique<br />
interactif (TECH) ;<br />
&#8211; FRA :Se projeter en imaginant des mondes nouveaux / Faire exprimer le point de vue de chacun sur la<br />
biodiversité, les arbres, avant et après le projet pour évaluer son impact.<br />
Eventuellement, création d’un scénario sur le site <a href="http://www.arbredespossibles.com/">www.arbredespossibles.com </a></p>

<p> Projet interdisciplinaire Niveau 5ème Thème : Transition écologique et développement durable La Réunion a beaucoup changé depuis les premiers arrivants vers 1640 … L’Homme s’est installé et depuis, des espèces ont disparu, certaines sont aujourd’hui menacées … &nbsp; Quel avenir imagines-tu pour la biodiversité de La Réunion? &nbsp; L’arbre est-il le meilleur ami de l’Homme [&hellip;]</p>
