{"id":166,"date":"2014-02-02T14:49:59","date_gmt":"2014-02-02T13:49:59","guid":{"rendered":"http:\/\/college-pointe-chateaux-tmp.ac-reunion.fr\/?page_id=166"},"modified":"2018-09-25T16:32:40","modified_gmt":"2018-09-25T15:32:40","slug":"mot-de-monsieur-le-principal","status":"publish","type":"page","link":"https:\/\/etab.ac-reunion.fr\/clg-pointe-des-chateaux\/mot-de-monsieur-le-principal\/","title":{"rendered":"Le Mot de Mr. Le Principal"},"content":{"rendered":"<p>BIENVENUE au sein du Coll\u00e8ge de La Pointe Des Ch\u00e2teaux, situ\u00e9 \u00e0 proximit\u00e9 du littoral et du centre ville de Saint-Leu. Cet \u00e9tablissement a \u00e9t\u00e9 cr\u00e9\u00e9 en 1994 et dirig\u00e9 jusqu\u2019\u00e0 ma nomination en Ao\u00fbt 2018\u00a0: par Mme Micheline PAYET de 1994 \u00e0 2004, M. DEPOTER de 2004 \u00e0 2006, par Mme Dominique ROYER de 2006 \u00e0 2011, par M. Claude COLLONA de 2011 \u00e0 2012 et M. Jean Lou VALLON de 2012 \u00e0 2018.<\/p>\n<p>\u00c9tablissement d\u2019une capacit\u00e9 de 400 \u00e9l\u00e8ves \u00e0 l\u2019origine, le coll\u00e8ge s\u2019est agrandi et accueille actuellement 930 \u00e9l\u00e8ves \u2013 900 demi-pensionnaires, 700 transport\u00e9s \u2013 de la sixi\u00e8me \u00e0 la troisi\u00e8me. 128 \u00e9l\u00e8ves sont accueillis dans les 8 divisions de la structure SEGPA et 802 \u00e9l\u00e8ves sont r\u00e9partis au sein des 33 divisions de la structure coll\u00e8ge.<\/p>\n<p>L\u2019\u00e9quipe \u00e9ducative dans son ensemble s\u2019applique \u00e0 porter \u00e0 chaque jeune une attention particuli\u00e8re afin de le conna\u00eetre et de l\u2019aider \u00e0 grandir, et \u00e0 construire son projet personnel et professionnel.<\/p>\n<p>L\u2019\u00e9quipe p\u00e9dagogique est constitu\u00e9e d\u2019enseignants qui dispensent des cours de qualit\u00e9, d\u2019un bon niveau d\u2019exigence, mais qui restent \u00e0 la port\u00e9e de tous. Chaque membre de l\u2019\u00e9quipe s\u2019efforce d\u2019aider les \u00e9l\u00e8ves en difficult\u00e9, est disponible et \u00e0 l\u2019\u00e9coute de chacun.<\/p>\n<p>L\u2019\u00e9quipe de vie scolaire accompagne les jeunes en dehors des heures de cours : pendant les temps de r\u00e9cr\u00e9ation et les \u00e9tudes. Elle sait allier une grande rigueur \u00e9ducative \u00e0 une \u00e9coute attentive.<\/p>\n<p>Nos \u00e9l\u00e8ves savent que<span style=\"font-size: 12pt\"><strong><em> \u00ab\u00a0Nemo nascitur artifex (Nul ne na\u00eet artisan) \u2013\u00a0 Nul ne na\u00eet appris et instruit \u2013- Apelles was not a maister painter the first day \u2013 Er ist auch einmal durch die Schule gelaufen\u00a0\u00bb <\/em><\/strong><\/span><\/p>\n<p>Ainsi, la d\u00e9marche dans laquelle le coll\u00e8ge de La Pointe Des Ch\u00e2teaux s\u2019engage, consiste\u00a0 \u00e0 la fois \u00e0 instruire et \u00e0 \u00e9duquer\u00a0: Il s\u2019agit d\u2019amener nos \u00e9l\u00e8ves \u00e0 se projeter dans leur devenir et ainsi \u00e0 devenir acteur de leur avenir. Il s\u2019agit de les amener \u00e0 comprendre et \u00e0 s\u2019approprier la maxime\u00a0: <strong><em><span style=\"font-size: 12pt\">\u00ab\u00a0Apprendre, s\u2019\u00e9duquer et se cultiver demande des efforts mais produit toujours de bons fruits\u00a0\u00bb<\/span>.<\/em><\/strong><\/p>\n<p>Parvenir \u00e0 cette finalit\u00e9 pour nos jeunes ne peut se concevoir que dans une d\u00e9marche partag\u00e9e dans laquelle parents, \u00e9quipe p\u00e9dagogique, \u00e9quipe \u00e9ducative et partenaires \u00e9changent respectueusement leurs sensibilit\u00e9s, leurs repr\u00e9sentations et affinent leur \u00ab\u00a0acuit\u00e9 \u00e9ducative\u00a0\u00bb.<\/p>\n<p>Jean-Luc MACE- Principal<\/p>\n","protected":false},"excerpt":{"rendered":"<p>BIENVENUE au sein du Coll\u00e8ge de La Pointe Des Ch\u00e2teaux, situ\u00e9 \u00e0 proximit\u00e9 du littoral et du centre ville de Saint-Leu. Cet \u00e9tablissement a \u00e9t\u00e9 cr\u00e9\u00e9 en 1994 et dirig\u00e9 jusqu\u2019\u00e0 ma nomination en Ao\u00fbt 2018\u00a0: par Mme Micheline PAYET de 1994 \u00e0 2004, M. DEPOTER de 2004 \u00e0 2006, &hellip;<\/p>\n","protected":false},"author":15219,"featured_media":0,"parent":0,"menu_order":0,"comment_status":"closed","ping_status":"closed","template":"","meta":{"footnotes":""},"class_list":["post-166","page","type-page","status-publish","hentry"],"_links":{"self":[{"href":"https:\/\/etab.ac-reunion.fr\/clg-pointe-des-chateaux\/wp-json\/wp\/v2\/pages\/166","targetHints":{"allow":["GET"]}}],"collection":[{"href":"https:\/\/etab.ac-reunion.fr\/clg-pointe-des-chateaux\/wp-json\/wp\/v2\/pages"}],"about":[{"href":"https:\/\/etab.ac-reunion.fr\/clg-pointe-des-chateaux\/wp-json\/wp\/v2\/types\/page"}],"author":[{"embeddable":true,"href":"https:\/\/etab.ac-reunion.fr\/clg-pointe-des-chateaux\/wp-json\/wp\/v2\/users\/15219"}],"replies":[{"embeddable":true,"href":"https:\/\/etab.ac-reunion.fr\/clg-pointe-des-chateaux\/wp-json\/wp\/v2\/comments?post=166"}],"version-history":[{"count":6,"href":"https:\/\/etab.ac-reunion.fr\/clg-pointe-des-chateaux\/wp-json\/wp\/v2\/pages\/166\/revisions"}],"predecessor-version":[{"id":629,"href":"https:\/\/etab.ac-reunion.fr\/clg-pointe-des-chateaux\/wp-json\/wp\/v2\/pages\/166\/revisions\/629"}],"wp:attachment":[{"href":"https:\/\/etab.ac-reunion.fr\/clg-pointe-des-chateaux\/wp-json\/wp\/v2\/media?parent=166"}],"curies":[{"name":"wp","href":"https:\/\/api.w.org\/{rel}","templated":true}]}}