{"id":899,"date":"2021-01-31T16:25:30","date_gmt":"2021-01-31T15:25:30","guid":{"rendered":"http:\/\/college-ravinedescabris.ac-reunion.fr\/?page_id=899"},"modified":"2026-01-23T14:02:17","modified_gmt":"2026-01-23T13:02:17","slug":"mentions-legales","status":"publish","type":"page","link":"https:\/\/etab.ac-reunion.fr\/clg-ravine-des-cabris\/mentions-legales\/","title":{"rendered":"Mentions l\u00e9gales"},"content":{"rendered":"\n<h2 class=\"wp-block-heading\"><strong>\u00c9diteur<\/strong><\/h2>\n\n\n\n<p>Coll\u00e8ge Ravine des Cabris<br>98, Chemin Sainte C\u00e9line<br>97432 Ravine des Cabris<\/p>\n\n\n\n<p><strong>Directeur de la publication et de la r\u00e9daction<\/strong><br>Responsable \u00e9ditorial<br>M. Thierry BALDACCHINO<\/p>\n\n\n\n<p><strong>Webmestre :<\/strong> M. Serge PROUTEAU<br>&nbsp;<\/p>\n\n\n\n<p><strong>Nous contacter :<\/strong> <a href=\"mailto:ce.9740027L@ac-reunion.fr\">ce.9740027L@ac-reunion.fr<\/a><\/p>\n\n\n\n<h2 class=\"wp-block-heading\">&nbsp;<br>Protection et traitement de donn\u00e9es \u00e0 caract\u00e8re personnel<\/h2>\n\n\n\n<p>L&rsquo;\u00e9quipe du site du Coll\u00e8ge de la Ravine des cabris suit les recommandations de la commission nationale de l&rsquo;informatique et des libert\u00e9s (CNIL) et celles de l&rsquo;agence pour le d\u00e9veloppement de l&rsquo;administration \u00e9lectronique (ADAE).<br>Respect des lois en vigueur<\/p>\n\n\n\n<p>Le site <a href=\"https:\/\/etab.ac-reunion.fr\/clg-ravine-des-cabris\/\">https:\/\/etab.ac-reunion.fr\/clg-ravine-des-cabris\/<\/a> respecte la vie priv\u00e9e de l&rsquo;internaute et se conforme strictement aux lois en vigueur sur la protection de la vie priv\u00e9e et des libert\u00e9s individuelles. Aucune information personnelle n&rsquo;est collect\u00e9e \u00e0 votre insu. Aucune information personnelle n&rsquo;est c\u00e9d\u00e9e \u00e0 des tiers. Les courriels, les adresses \u00e9lectroniques ou autres informations nominatives dont ce site est destinataire ne font l&rsquo;objet d&rsquo;aucune exploitation et ne sont conserv\u00e9s que pour la dur\u00e9e n\u00e9cessaire \u00e0 leur traitement.<\/p>\n\n\n\n<h2 class=\"wp-block-heading\"><br>Droit des internautes : droit d&rsquo;acc\u00e8s et de rectification<\/h2>\n\n\n\n<p>Conform\u00e9ment aux dispositions de la loi n\u00b078-17 du 6 janvier 1978 relative \u00e0 l&rsquo;informatique, aux fichiers et aux libert\u00e9s, les internautes disposent d&rsquo;un droit d&rsquo;acc\u00e8s, de modification, de rectification et de suppression des donn\u00e9es qui les concernent.<br>Ce droit s&rsquo;exerce par <strong>voie postale,<\/strong> en justifiant de son identit\u00e9, \u00e0 l&rsquo;adresse suivante :<\/p>\n\n\n\n<p>Coll\u00e8ge Ravine des Cabris<br>98, Chemin Sainte C\u00e9line<br>97432 Ravine des Cabris<\/p>\n\n\n\n<p>Droits d&rsquo;auteur et droits de reproduction du contenu mis en ligne<br>Droits de reproduction des documents publics ou officiels<\/p>\n\n\n\n<p>Depuis la publication de l&rsquo;ordonnance n\u00b0 2005-650 du 6 juin 2005 relative \u00e0 la libert\u00e9 d&rsquo;acc\u00e8s aux documents administratifs et \u00e0 la r\u00e9utilisation des informations publiques, ces informations peuvent \u00eatre r\u00e9utilis\u00e9es \u00e0 d&rsquo;autres fins que celles pour lesquelles elles ont \u00e9t\u00e9 produites, et particuli\u00e8rement les informations faisant l&rsquo;objet d&rsquo;une diffusion publique. Les documents publics ou officiels ne sont couverts par aucun droit d&rsquo;auteur et peuvent donc \u00eatre reproduits librement. Le graphisme, l&rsquo;iconographie ainsi que le contenu \u00e9ditorial demeurent la propri\u00e9t\u00e9 de l&rsquo;\u00c9tat, et, \u00e0 ce titre, font l&rsquo;objet des protections pr\u00e9vues par le Code de la propri\u00e9t\u00e9 intellectuelle.<br>L&rsquo;article L.122-5 du Code de la Propri\u00e9t\u00e9 intellectuelle pose le principe selon lequel, \u00ab\u00a0lorsque l&rsquo;\u0153uvre a \u00e9t\u00e9 divulgu\u00e9e, l&rsquo;auteur ne peut interdire la diffusion, m\u00eame int\u00e9grale, par la voie de presse ou de t\u00e9l\u00e9diffusion, \u00e0 titre d&rsquo;information d&rsquo;actualit\u00e9, des discours destin\u00e9s au public prononc\u00e9s dans les assembl\u00e9es politiques, (&#8230;), ainsi que dans les r\u00e9unions publiques d&rsquo;ordre politique et les c\u00e9r\u00e9monies officielles\u00a0\u00bb.<\/p>\n\n\n\n<p>Les informations utilis\u00e9es ne doivent l&rsquo;\u00eatre qu&rsquo;\u00e0 des fins personnelles, associatives ou professionnelles ; toute diffusion ou utilisation \u00e0 des fins commerciales ou publicitaires \u00e9tant interdites.<\/p>\n\n\n\n<h3 class=\"wp-block-heading\">Demande d&rsquo;autorisation de reproduction des contenus<\/h3>\n\n\n\n<p>Toute copie partielle ou int\u00e9grale sur support papier ou sous forme \u00e9lectronique de pages du site&nbsp;de coll\u00e8ge de la Ravine des cabris&nbsp;doit faire l&rsquo;objet d&rsquo;une d\u00e9claration aupr\u00e8s de l\u2019\u00e9tablissement. Les demandes d&rsquo;autorisation de reproduction d&rsquo;un contenu doivent \u00eatre adress\u00e9es \u00e0 la r\u00e9daction du site web, en \u00e9crivant \u00e0 :<\/p>\n\n\n\n<p>Coll\u00e8ge Ravine des Cabris<br>98, Chemin Sainte C\u00e9line<br>97432 Ravine des Cabris<\/p>\n\n\n\n<p>La demande devra pr\u00e9ciser le contenu vis\u00e9 ainsi que la publication ou le site sur lequel ce dernier figurera. Une fois cette autorisation obtenue, la reproduction d&rsquo;un contenu doit ob\u00e9ir aux principes suivants :<br>&#8211; gratuit\u00e9 de la diffusion ;<br>&#8211; respect de l&rsquo;int\u00e9grit\u00e9 des documents reproduits (aucune modification, ni alt\u00e9ration d&rsquo;aucune sorte) ;<br>&#8211; mention obligatoire : \u00ab\u00a0\u00a9 site Coll\u00e8ge Ravine des cabris &#8211; Acad\u00e9mie de La R\u00e9union &#8211; droits r\u00e9serv\u00e9s \u00bb.<\/p>\n\n\n\n<h2 class=\"wp-block-heading\">&nbsp;<br>Accessibilit\u00e9 du site<\/h2>\n\n\n\n<p>Un soin tout particulier est pris pour rendre le site du coll\u00e8ge le plus accessible possible, et tout particuli\u00e8rement aux personnes ayant un handicap visuel. Les pages sont mises progressivement en conformit\u00e9 avec les recommandations du r\u00e9f\u00e9rentiel commun des crit\u00e8res d&rsquo;accessibilit\u00e9 des services Internet de l&rsquo;administration fran\u00e7aise pour respecter la loi n\u00b02005-102 du 11 f\u00e9vrier 2005 pour l&rsquo;\u00e9galit\u00e9 des droits et des chances, la participation et la citoyennet\u00e9 des personnes handicap\u00e9es.<br><br><\/p>\n","protected":false},"excerpt":{"rendered":"","protected":false},"author":27941,"featured_media":0,"parent":0,"menu_order":0,"comment_status":"closed","ping_status":"closed","template":"","meta":{"footnotes":"","_links_to":"","_links_to_target":""},"class_list":["post-899","page","type-page","status-publish","hentry"],"_links":{"self":[{"href":"https:\/\/etab.ac-reunion.fr\/clg-ravine-des-cabris\/wp-json\/wp\/v2\/pages\/899","targetHints":{"allow":["GET"]}}],"collection":[{"href":"https:\/\/etab.ac-reunion.fr\/clg-ravine-des-cabris\/wp-json\/wp\/v2\/pages"}],"about":[{"href":"https:\/\/etab.ac-reunion.fr\/clg-ravine-des-cabris\/wp-json\/wp\/v2\/types\/page"}],"author":[{"embeddable":true,"href":"https:\/\/etab.ac-reunion.fr\/clg-ravine-des-cabris\/wp-json\/wp\/v2\/users\/27941"}],"replies":[{"embeddable":true,"href":"https:\/\/etab.ac-reunion.fr\/clg-ravine-des-cabris\/wp-json\/wp\/v2\/comments?post=899"}],"version-history":[{"count":3,"href":"https:\/\/etab.ac-reunion.fr\/clg-ravine-des-cabris\/wp-json\/wp\/v2\/pages\/899\/revisions"}],"predecessor-version":[{"id":4746,"href":"https:\/\/etab.ac-reunion.fr\/clg-ravine-des-cabris\/wp-json\/wp\/v2\/pages\/899\/revisions\/4746"}],"wp:attachment":[{"href":"https:\/\/etab.ac-reunion.fr\/clg-ravine-des-cabris\/wp-json\/wp\/v2\/media?parent=899"}],"curies":[{"name":"wp","href":"https:\/\/api.w.org\/{rel}","templated":true}]}}

Mentions légales

<h2 class="wp-block-heading"><strong>Éditeur</strong></h2>



<p>Collège Ravine des Cabris<br>98, Chemin Sainte Céline<br>97432 Ravine des Cabris</p>



<p><strong>Directeur de la publication et de la rédaction</strong><br>Responsable éditorial<br>M. Thierry BALDACCHINO</p>



<p><strong>Webmestre :</strong> M. Serge PROUTEAU<br>&nbsp;</p>



<p><strong>Nous contacter :</strong> <a href="mailto:ce.9740027L@ac-reunion.fr">ce.9740027L@ac-reunion.fr</a></p>



<h2 class="wp-block-heading">&nbsp;<br>Protection et traitement de données à caractère personnel</h2>



<p>L&rsquo;équipe du site du Collège de la Ravine des cabris suit les recommandations de la commission nationale de l&rsquo;informatique et des libertés (CNIL) et celles de l&rsquo;agence pour le développement de l&rsquo;administration électronique (ADAE).<br>Respect des lois en vigueur</p>



<p>Le site <a href="https://etab.ac-reunion.fr/clg-ravine-des-cabris/">https://etab.ac-reunion.fr/clg-ravine-des-cabris/</a> respecte la vie privée de l&rsquo;internaute et se conforme strictement aux lois en vigueur sur la protection de la vie privée et des libertés individuelles. Aucune information personnelle n&rsquo;est collectée à votre insu. Aucune information personnelle n&rsquo;est cédée à des tiers. Les courriels, les adresses électroniques ou autres informations nominatives dont ce site est destinataire ne font l&rsquo;objet d&rsquo;aucune exploitation et ne sont conservés que pour la durée nécessaire à leur traitement.</p>



<h2 class="wp-block-heading"><br>Droit des internautes : droit d&rsquo;accès et de rectification</h2>



<p>Conformément aux dispositions de la loi n°78-17 du 6 janvier 1978 relative à l&rsquo;informatique, aux fichiers et aux libertés, les internautes disposent d&rsquo;un droit d&rsquo;accès, de modification, de rectification et de suppression des données qui les concernent.<br>Ce droit s&rsquo;exerce par <strong>voie postale,</strong> en justifiant de son identité, à l&rsquo;adresse suivante :</p>



<p>Collège Ravine des Cabris<br>98, Chemin Sainte Céline<br>97432 Ravine des Cabris</p>



<p>Droits d&rsquo;auteur et droits de reproduction du contenu mis en ligne<br>Droits de reproduction des documents publics ou officiels</p>



<p>Depuis la publication de l&rsquo;ordonnance n° 2005-650 du 6 juin 2005 relative à la liberté d&rsquo;accès aux documents administratifs et à la réutilisation des informations publiques, ces informations peuvent être réutilisées à d&rsquo;autres fins que celles pour lesquelles elles ont été produites, et particulièrement les informations faisant l&rsquo;objet d&rsquo;une diffusion publique. Les documents publics ou officiels ne sont couverts par aucun droit d&rsquo;auteur et peuvent donc être reproduits librement. Le graphisme, l&rsquo;iconographie ainsi que le contenu éditorial demeurent la propriété de l&rsquo;État, et, à ce titre, font l&rsquo;objet des protections prévues par le Code de la propriété intellectuelle.<br>L&rsquo;article L.122-5 du Code de la Propriété intellectuelle pose le principe selon lequel, « lorsque l&rsquo;œuvre a été divulguée, l&rsquo;auteur ne peut interdire la diffusion, même intégrale, par la voie de presse ou de télédiffusion, à titre d&rsquo;information d&rsquo;actualité, des discours destinés au public prononcés dans les assemblées politiques, (&#8230;), ainsi que dans les réunions publiques d&rsquo;ordre politique et les cérémonies officielles ».</p>



<p>Les informations utilisées ne doivent l&rsquo;être qu&rsquo;à des fins personnelles, associatives ou professionnelles ; toute diffusion ou utilisation à des fins commerciales ou publicitaires étant interdites.</p>



<h3 class="wp-block-heading">Demande d&rsquo;autorisation de reproduction des contenus</h3>



<p>Toute copie partielle ou intégrale sur support papier ou sous forme électronique de pages du site&nbsp;de collège de la Ravine des cabris&nbsp;doit faire l&rsquo;objet d&rsquo;une déclaration auprès de l’établissement. Les demandes d&rsquo;autorisation de reproduction d&rsquo;un contenu doivent être adressées à la rédaction du site web, en écrivant à :</p>



<p>Collège Ravine des Cabris<br>98, Chemin Sainte Céline<br>97432 Ravine des Cabris</p>



<p>La demande devra préciser le contenu visé ainsi que la publication ou le site sur lequel ce dernier figurera. Une fois cette autorisation obtenue, la reproduction d&rsquo;un contenu doit obéir aux principes suivants :<br>&#8211; gratuité de la diffusion ;<br>&#8211; respect de l&rsquo;intégrité des documents reproduits (aucune modification, ni altération d&rsquo;aucune sorte) ;<br>&#8211; mention obligatoire : « © site Collège Ravine des cabris &#8211; Académie de La Réunion &#8211; droits réservés ».</p>



<h2 class="wp-block-heading">&nbsp;<br>Accessibilité du site</h2>



<p>Un soin tout particulier est pris pour rendre le site du collège le plus accessible possible, et tout particulièrement aux personnes ayant un handicap visuel. Les pages sont mises progressivement en conformité avec les recommandations du référentiel commun des critères d&rsquo;accessibilité des services Internet de l&rsquo;administration française pour respecter la loi n°2005-102 du 11 février 2005 pour l&rsquo;égalité des droits et des chances, la participation et la citoyenneté des personnes handicapées.<br><br></p>
