{"id":1590,"date":"2015-12-02T16:37:06","date_gmt":"2015-12-02T12:37:06","guid":{"rendered":"http:\/\/college-montgaillard.ac-reunion.fr\/?page_id=1590"},"modified":"2015-12-09T07:01:53","modified_gmt":"2015-12-09T03:01:53","slug":"cafe-des-parents","status":"publish","type":"page","link":"https:\/\/etab.ac-reunion.fr\/clg-robert-ardon\/cafe-des-parents\/","title":{"rendered":"Caf\u00e9 des parents"},"content":{"rendered":"<p>Le Caf\u00e9 des Parents a \u00e9t\u00e9 officiellement inaugur\u00e9 le mardi 3 novembre 2015. Il se trouve au rez-de-chauss\u00e9e du B\u00e2timent B, en face du CDI.<\/p>\n<p>Des parents et des intervenants (Infirmi\u00e8re, Assistante Sociale, R\u00e9f\u00e9rents&#8230;) peuvent y animer des ateliers (Aide aux formalit\u00e9s administratives \/ Initiation informatique, V\u00e9g\u00e9talisation du coll\u00e8ge avec les \u00e9l\u00e8ves, Groupe de paroles de parents, \u00c9change de services).<\/p>\n<p>Une permanence y est assur\u00e9e les mardis et mercredis matins de 9h \u00e0 12h.<\/p>\n<!-- AddThis Advanced Settings generic via filter on the_content --><!-- AddThis Share Buttons generic via filter on the_content -->","protected":false},"excerpt":{"rendered":"<p>Le Caf\u00e9 des Parents a \u00e9t\u00e9 officiellement inaugur\u00e9 le mardi 3 novembre 2015. Il se trouve au rez-de-chauss\u00e9e du B\u00e2timent B, en face du CDI. Des parents et des intervenants (Infirmi\u00e8re, Assistante Sociale, R\u00e9f\u00e9rents&#8230;) peuvent y animer des ateliers (Aide aux formalit\u00e9s administratives \/ Initiation informatique, V\u00e9g\u00e9talisation du coll\u00e8ge avec les \u00e9l\u00e8ves, Groupe de paroles [&hellip;]<!-- AddThis Advanced Settings generic via filter on get_the_excerpt --><!-- AddThis Share Buttons generic via filter on get_the_excerpt --><\/p>\n","protected":false},"author":2809,"featured_media":0,"parent":0,"menu_order":0,"comment_status":"closed","ping_status":"closed","template":"page-blog.php","meta":{"footnotes":""},"class_list":["post-1590","page","type-page","status-publish","hentry"],"_links":{"self":[{"href":"https:\/\/etab.ac-reunion.fr\/clg-robert-ardon\/wp-json\/wp\/v2\/pages\/1590","targetHints":{"allow":["GET"]}}],"collection":[{"href":"https:\/\/etab.ac-reunion.fr\/clg-robert-ardon\/wp-json\/wp\/v2\/pages"}],"about":[{"href":"https:\/\/etab.ac-reunion.fr\/clg-robert-ardon\/wp-json\/wp\/v2\/types\/page"}],"author":[{"embeddable":true,"href":"https:\/\/etab.ac-reunion.fr\/clg-robert-ardon\/wp-json\/wp\/v2\/users\/2809"}],"replies":[{"embeddable":true,"href":"https:\/\/etab.ac-reunion.fr\/clg-robert-ardon\/wp-json\/wp\/v2\/comments?post=1590"}],"version-history":[{"count":6,"href":"https:\/\/etab.ac-reunion.fr\/clg-robert-ardon\/wp-json\/wp\/v2\/pages\/1590\/revisions"}],"predecessor-version":[{"id":1631,"href":"https:\/\/etab.ac-reunion.fr\/clg-robert-ardon\/wp-json\/wp\/v2\/pages\/1590\/revisions\/1631"}],"wp:attachment":[{"href":"https:\/\/etab.ac-reunion.fr\/clg-robert-ardon\/wp-json\/wp\/v2\/media?parent=1590"}],"curies":[{"name":"wp","href":"https:\/\/api.w.org\/{rel}","templated":true}]}}