{"id":193,"date":"2017-09-13T17:48:17","date_gmt":"2017-09-13T13:48:17","guid":{"rendered":"http:\/\/college-montgaillard-tmp.ac-reunion.fr\/?page_id=193"},"modified":"2023-09-27T09:36:56","modified_gmt":"2023-09-27T05:36:56","slug":"classe-relais","status":"publish","type":"page","link":"https:\/\/etab.ac-reunion.fr\/clg-robert-ardon\/dispositifs-et-projets\/classe-relais\/","title":{"rendered":"Le Dispositif Relais de Montgaillard"},"content":{"rendered":"<h3 style=\"text-align: center\"><strong>\u00ab\u00a0Re-scolariser et re-socialiser\u00a0\u00bb<\/strong><\/h3>\n<p>La Classe Relais se situe dans l\u2019enceinte du coll\u00e8ge de Montgaillard et accueille des \u00e9l\u00e8ves de 5\u00e8me, 4\u00e8me et de 3\u00e8me comme le stipule la <a href=\"http:\/\/www.education.gouv.fr\/pid25535\/bulletin_officiel.html?cid_bo=77726\" target=\"_blank\" rel=\"noopener\">circulaire minist\u00e9rielle de mars 2014<\/a><em>.\u00a0<\/em><\/p>\n<blockquote><p><strong><em>Les dispositifs relais constituent un des outils privil\u00e9gi\u00e9s de lutte contre le d\u00e9crochage scolaire et la marginalisation sociale de jeunes soumis \u00e0 l\u2019obligation scolaire. <\/em><\/strong><\/p>\n<p><em>Les dispositifs relais s\u2019adressent \u00e0 des \u00e9l\u00e8ves de coll\u00e8ge entr\u00e9s dans un processus de rejet de l\u2019institution scolaire et des apprentissages, en risque de marginalisation sociale ou de d\u00e9scolarisation\u00a0: <\/em><strong>absent\u00e9isme non justifi\u00e9<\/strong><em>, aboutissant \u00e0 des exclusions temporaires ou d\u00e9finitives d\u2019\u00e9tablissements successifs <\/em><strong>mais aussi extr\u00eame passivit\u00e9<\/strong><em>.<strong><br \/>\n<\/strong><\/em><\/p><\/blockquote>\n<p>La dur\u00e9e de prise en charge est de 7 \u00e0 8 semaines selon les sessions.<\/p>\n<p>La zone de \u00ab\u00a0recrutement\u00a0\u00bb regroupe les \u00e9tablissements de Saint Denis et de Sainte Marie, soit un total de <strong>15 coll\u00e8ges<\/strong> sur le bassin nord.<\/p>\n<p>La prise en charge des \u00e9l\u00e8ves, <strong>12 au maximum<\/strong>, est assur\u00e9e par l\u2019\u00e9quipe de la Classe Relais et par les diff\u00e9rents partenaires.<\/p>\n<p>L&rsquo;\u00e9quipe d\u00e9di\u00e9e du coll\u00e8ge Montgaillard est compos\u00e9e d&rsquo;une enseignante sp\u00e9cialis\u00e9e, \u00e9galement coordonnatrice du dispositif, Mme Marina Dubard, Mme Ingrid L\u00e9ger, \u00e9ducatrice sp\u00e9cialis\u00e9e, et d&rsquo;un \u00e9ducateur sportif (AED), M. Luigi BEGUE.<\/p>\n<p>Des intervenants sp\u00e9cialis\u00e9s participent r\u00e9guli\u00e8rement au dispositif en fonction des projets mis en place.<\/p>\n<p><strong>Documents \u00e0 consulter :<\/strong><\/p>\n<p><a href=\"https:\/\/etab.ac-reunion.fr\/clg-robert-ardon\/wp-content\/uploads\/sites\/80\/2023\/09\/Contrat-engagement-2023-2024.pdf\">Contrat engagement 2023 2024<\/a><\/p>\n<p><a href=\"https:\/\/etab.ac-reunion.fr\/clg-robert-ardon\/wp-content\/uploads\/sites\/80\/2023\/09\/Convention-dispositifs-relais-2023-2024.pdf\">Convention dispositifs relais 2023 2024<\/a><\/p>\n<p><a href=\"https:\/\/etab.ac-reunion.fr\/clg-robert-ardon\/wp-content\/uploads\/sites\/80\/2023\/09\/Fiche-1-dossier-admission-proposition2.odt\">Fiche 1 dossier admission proposition(2)<\/a><\/p>\n<p><a href=\"https:\/\/etab.ac-reunion.fr\/clg-robert-ardon\/wp-content\/uploads\/sites\/80\/2023\/09\/Fiche-2-dossier-admission-CPE1.odt\">Fiche 2 dossier admission CPE(1)<\/a><\/p>\n<p><a href=\"https:\/\/etab.ac-reunion.fr\/clg-robert-ardon\/wp-content\/uploads\/sites\/80\/2023\/09\/Fiche-3-dossier-admission-Professeur.odt\">Fiche 3 dossier-admission -Professeur<\/a><\/p>\n<p><a href=\"https:\/\/etab.ac-reunion.fr\/clg-robert-ardon\/wp-content\/uploads\/sites\/80\/2023\/09\/Fiche-4-dossier-admission-AS.odt\">Fiche 4 dossier admission AS<\/a><\/p>\n<p><a href=\"https:\/\/etab.ac-reunion.fr\/clg-robert-ardon\/wp-content\/uploads\/sites\/80\/2023\/09\/Fiche-5-dossier-admission-PSY1.odt\">Fiche 5 dossier admission PSY(1)<\/a><\/p>\n<p><a href=\"https:\/\/etab.ac-reunion.fr\/clg-robert-ardon\/wp-content\/uploads\/sites\/80\/2023\/09\/Fiche-6-dossier-admission-INF2.odt\">Fiche 6 dossier admission -INF(2)<\/a><\/p>\n<p>&nbsp;<\/p>\n<p>&nbsp;<\/p>\n<hr \/>\n<p><a href=\"http:\/\/wpetab.ac-reunion.fr\/montgaillard\/wp-content\/uploads\/sites\/80\/2014\/10\/salle-de-classe.jpg\"><img loading=\"lazy\" decoding=\"async\" class=\"alignnone size-medium wp-image-2409\" src=\"http:\/\/wpetab.ac-reunion.fr\/montgaillard\/wp-content\/uploads\/sites\/80\/2014\/10\/salle-de-classe-300x225.jpg\" alt=\"\" width=\"300\" height=\"225\" srcset=\"https:\/\/etab.ac-reunion.fr\/clg-robert-ardon\/wp-content\/uploads\/sites\/80\/2014\/10\/salle-de-classe-300x225.jpg 300w, https:\/\/etab.ac-reunion.fr\/clg-robert-ardon\/wp-content\/uploads\/sites\/80\/2014\/10\/salle-de-classe.jpg 640w\" sizes=\"auto, (max-width: 300px) 100vw, 300px\" \/><\/a><a href=\"http:\/\/wpetab.ac-reunion.fr\/montgaillard\/wp-content\/uploads\/sites\/80\/2014\/10\/classe-relais.jpg\"><img loading=\"lazy\" decoding=\"async\" class=\"size-medium wp-image-2406 alignright\" src=\"http:\/\/wpetab.ac-reunion.fr\/montgaillard\/wp-content\/uploads\/sites\/80\/2014\/10\/classe-relais-300x225.jpg\" alt=\"\" width=\"300\" height=\"225\" srcset=\"https:\/\/etab.ac-reunion.fr\/clg-robert-ardon\/wp-content\/uploads\/sites\/80\/2014\/10\/classe-relais-300x225.jpg 300w, https:\/\/etab.ac-reunion.fr\/clg-robert-ardon\/wp-content\/uploads\/sites\/80\/2014\/10\/classe-relais.jpg 640w\" sizes=\"auto, (max-width: 300px) 100vw, 300px\" \/><\/a><\/p>\n<!-- AddThis Advanced Settings generic via filter on the_content --><!-- AddThis Share Buttons generic via filter on the_content -->","protected":false},"excerpt":{"rendered":"<p>Les dispositifs relais constituent un des outils privil\u00e9gi\u00e9s de lutte contre le d\u00e9crochage scolaire et la marginalisation sociale de jeunes soumis \u00e0 l\u2019obligation scolaire. <!-- AddThis Advanced Settings generic via filter on get_the_excerpt --><!-- AddThis Share Buttons generic via filter on get_the_excerpt --><\/p>\n","protected":false},"author":2809,"featured_media":0,"parent":187,"menu_order":0,"comment_status":"closed","ping_status":"closed","template":"page-full.php","meta":{"footnotes":""},"class_list":["post-193","page","type-page","status-publish","hentry"],"_links":{"self":[{"href":"https:\/\/etab.ac-reunion.fr\/clg-robert-ardon\/wp-json\/wp\/v2\/pages\/193","targetHints":{"allow":["GET"]}}],"collection":[{"href":"https:\/\/etab.ac-reunion.fr\/clg-robert-ardon\/wp-json\/wp\/v2\/pages"}],"about":[{"href":"https:\/\/etab.ac-reunion.fr\/clg-robert-ardon\/wp-json\/wp\/v2\/types\/page"}],"author":[{"embeddable":true,"href":"https:\/\/etab.ac-reunion.fr\/clg-robert-ardon\/wp-json\/wp\/v2\/users\/2809"}],"replies":[{"embeddable":true,"href":"https:\/\/etab.ac-reunion.fr\/clg-robert-ardon\/wp-json\/wp\/v2\/comments?post=193"}],"version-history":[{"count":16,"href":"https:\/\/etab.ac-reunion.fr\/clg-robert-ardon\/wp-json\/wp\/v2\/pages\/193\/revisions"}],"predecessor-version":[{"id":4699,"href":"https:\/\/etab.ac-reunion.fr\/clg-robert-ardon\/wp-json\/wp\/v2\/pages\/193\/revisions\/4699"}],"up":[{"embeddable":true,"href":"https:\/\/etab.ac-reunion.fr\/clg-robert-ardon\/wp-json\/wp\/v2\/pages\/187"}],"wp:attachment":[{"href":"https:\/\/etab.ac-reunion.fr\/clg-robert-ardon\/wp-json\/wp\/v2\/media?parent=193"}],"curies":[{"name":"wp","href":"https:\/\/api.w.org\/{rel}","templated":true}]}}