{"id":27,"date":"2014-09-10T12:20:43","date_gmt":"2014-09-10T08:20:43","guid":{"rendered":"http:\/\/college-montgaillard-tmp.ac-reunion.fr\/?page_id=27"},"modified":"2019-01-29T08:13:21","modified_gmt":"2019-01-29T04:13:21","slug":"presentation","status":"publish","type":"page","link":"https:\/\/etab.ac-reunion.fr\/clg-robert-ardon\/presentation\/","title":{"rendered":"Pr\u00e9sentation"},"content":{"rendered":"<p>Le coll\u00e8ge MONTGAILLARD se trouve sur les hauteurs de Saint-Denis de la R\u00e9union, tout pr\u00e8s d\u2019un c\u00e9l\u00e8bre h\u00f4tel aux toits rouges. Il accueille pr\u00e8s de 1000 \u00e9l\u00e8ves cette ann\u00e9e.<\/p>\n<p>Les <strong>options disponibles<\/strong> sont les suivantes\u00a0:<\/p>\n<p>&#8211; Section Foot,<br \/>\n&#8211; D\u00e9couverte Scientifique,<br \/>\n&#8211; Bilangue Espagnol,<br \/>\n&#8211; Bilangue Allemand,<br \/>\n&#8211; Atelier litt\u00e9raire,<br \/>\n&#8211; Europ\u00e9enne Anglais,<br \/>\n&#8211; Europ\u00e9enne Allemand,<br \/>\n&#8211; Europ\u00e9enne Espagnol,<br \/>\n&#8211; 3\u00e8me PFP.<\/p>\n<p>Le coll\u00e8ge propose \u00e9galement tous les niveaux en\u00a0SEGPA, et un dispositif d&rsquo;accueil pour les \u00e9l\u00e8ves d\u00e9crocheurs, la Classe Relais.<\/p>\n<p>L\u2019\u00e9tablissement dispose de quatre b\u00e2timents\u00a0:<\/p>\n<p><strong>&#8211; b\u00e2timent A<\/strong> (d\u00e9di\u00e9 \u00e0 la direction et \u00e0 l\u2019administration),<br \/>\n<strong>&#8211; b\u00e2timent B<\/strong> (essentiellement pour les cours de Langues, Histoire-G\u00e9ographie et de Musique\u00a0; c\u2019est aussi l\u00e0 que se trouvent le CDI, la salle des professeurs, l\u2019infirmerie, l\u2019assistant social et la conseill\u00e8re d\u2019orientation psychologue),<br \/>\n<strong>&#8211; b\u00e2timent C<\/strong> (pour les cours de Fran\u00e7ais, Latin, Langues Vivantes et la Vie Scolaire),<br \/>\n&#8211;\u00a0<strong>b\u00e2timent D<\/strong> (o\u00f9 se concentrent les cours de Technologie, Math\u00e9matiques, SVT, Physique Chimie et Arts Plastiques).<\/p>\n<p>Il y a 2 salles informatiques\u00a0:<\/p>\n<p>&#8211; la salle B021,\u00a0au rez-de-chauss\u00e9e du b\u00e2timent B,<br \/>\n&#8211; la salle D207, au 2\u00e8me \u00e9tage du b\u00e2timent D.<\/p>\n<p>Les salles de technologie sont \u00e9galement \u00e9quip\u00e9es en postes informatiques.<\/p>\n<p>&nbsp;<\/p>\n<p>&nbsp;<\/p>\n<!-- AddThis Advanced Settings generic via filter on the_content --><!-- AddThis Share Buttons generic via filter on the_content -->","protected":false},"excerpt":{"rendered":"<p>Le coll\u00e8ge MONTGAILLARD se trouve sur les hauteurs de Saint-Denis de la R\u00e9union, tout pr\u00e8s d\u2019un c\u00e9l\u00e8bre h\u00f4tel aux toits rouges. Il accueille pr\u00e8s de 1000 \u00e9l\u00e8ves cette ann\u00e9e. Les options disponibles sont les suivantes\u00a0: &#8211; Section Foot, &#8211; D\u00e9couverte Scientifique, &#8211; Bilangue Espagnol, &#8211; Bilangue Allemand, &#8211; Atelier litt\u00e9raire, &#8211; Europ\u00e9enne Anglais, &#8211; Europ\u00e9enne [&hellip;]<!-- AddThis Advanced Settings generic via filter on get_the_excerpt --><!-- AddThis Share Buttons generic via filter on get_the_excerpt --><\/p>\n","protected":false},"author":2809,"featured_media":0,"parent":0,"menu_order":0,"comment_status":"closed","ping_status":"closed","template":"page-full.php","meta":{"footnotes":""},"class_list":["post-27","page","type-page","status-publish","hentry"],"_links":{"self":[{"href":"https:\/\/etab.ac-reunion.fr\/clg-robert-ardon\/wp-json\/wp\/v2\/pages\/27","targetHints":{"allow":["GET"]}}],"collection":[{"href":"https:\/\/etab.ac-reunion.fr\/clg-robert-ardon\/wp-json\/wp\/v2\/pages"}],"about":[{"href":"https:\/\/etab.ac-reunion.fr\/clg-robert-ardon\/wp-json\/wp\/v2\/types\/page"}],"author":[{"embeddable":true,"href":"https:\/\/etab.ac-reunion.fr\/clg-robert-ardon\/wp-json\/wp\/v2\/users\/2809"}],"replies":[{"embeddable":true,"href":"https:\/\/etab.ac-reunion.fr\/clg-robert-ardon\/wp-json\/wp\/v2\/comments?post=27"}],"version-history":[{"count":9,"href":"https:\/\/etab.ac-reunion.fr\/clg-robert-ardon\/wp-json\/wp\/v2\/pages\/27\/revisions"}],"predecessor-version":[{"id":5341,"href":"https:\/\/etab.ac-reunion.fr\/clg-robert-ardon\/wp-json\/wp\/v2\/pages\/27\/revisions\/5341"}],"wp:attachment":[{"href":"https:\/\/etab.ac-reunion.fr\/clg-robert-ardon\/wp-json\/wp\/v2\/media?parent=27"}],"curies":[{"name":"wp","href":"https:\/\/api.w.org\/{rel}","templated":true}]}}