{"id":284,"date":"2014-10-07T20:38:38","date_gmt":"2014-10-07T16:38:38","guid":{"rendered":"http:\/\/college-montgaillard-tmp.ac-reunion.fr\/?page_id=284"},"modified":"2023-03-03T05:34:14","modified_gmt":"2023-03-03T01:34:14","slug":"mentions-legales","status":"publish","type":"page","link":"https:\/\/etab.ac-reunion.fr\/clg-robert-ardon\/mentions-legales\/","title":{"rendered":"Mentions l\u00e9gales"},"content":{"rendered":"<h1 class=\"post-title\"><em>Informations \u00e9ditoriales<\/em><\/h1>\n<p><strong>\u00c9diteur:<\/strong><\/p>\n<p>Coll\u00e8ge\u00a0Montgaillard<br \/>\n1, rue du Stade<br \/>\n97487 Saint-Denis CEDEX<\/p>\n<p class=\"p1\">T\u00e9l\u00e9phone\u00a0: 02 62 30 08 62<br \/>\nE-mail\u00a0: ce.9740645h (arobase)\u00a0ac-reunion.fr<\/p>\n<p><strong>Directeur de la publication et de la r\u00e9daction, Responsable de la ma\u00eetrise d\u2019ouvrage:<\/strong><\/p>\n<p>Dominic PANAMBALOM, Principal du coll\u00e8ge Montgaillard<\/p>\n<p><strong>Webmestre :<\/strong><\/p>\n<p>Marius MOUTOUSSAMY<\/p>\n<!-- AddThis Advanced Settings generic via filter on the_content --><!-- AddThis Share Buttons generic via filter on the_content -->","protected":false},"excerpt":{"rendered":"<p>Informations \u00e9ditoriales \u00c9diteur: Coll\u00e8ge\u00a0Montgaillard 1, rue du Stade 97487 Saint-Denis CEDEX T\u00e9l\u00e9phone\u00a0: 02 62 30 08 62 E-mail\u00a0: ce.9740645h (arobase)\u00a0ac-reunion.fr Directeur de la publication et de la r\u00e9daction, Responsable de la ma\u00eetrise d\u2019ouvrage: Dominic PANAMBALOM, Principal du coll\u00e8ge Montgaillard Webmestre : Marius MOUTOUSSAMY<!-- AddThis Advanced Settings generic via filter on get_the_excerpt --><!-- AddThis Share Buttons generic via filter on get_the_excerpt --><\/p>\n","protected":false},"author":2809,"featured_media":0,"parent":0,"menu_order":0,"comment_status":"closed","ping_status":"closed","template":"","meta":{"footnotes":""},"class_list":["post-284","page","type-page","status-publish","hentry"],"_links":{"self":[{"href":"https:\/\/etab.ac-reunion.fr\/clg-robert-ardon\/wp-json\/wp\/v2\/pages\/284","targetHints":{"allow":["GET"]}}],"collection":[{"href":"https:\/\/etab.ac-reunion.fr\/clg-robert-ardon\/wp-json\/wp\/v2\/pages"}],"about":[{"href":"https:\/\/etab.ac-reunion.fr\/clg-robert-ardon\/wp-json\/wp\/v2\/types\/page"}],"author":[{"embeddable":true,"href":"https:\/\/etab.ac-reunion.fr\/clg-robert-ardon\/wp-json\/wp\/v2\/users\/2809"}],"replies":[{"embeddable":true,"href":"https:\/\/etab.ac-reunion.fr\/clg-robert-ardon\/wp-json\/wp\/v2\/comments?post=284"}],"version-history":[{"count":7,"href":"https:\/\/etab.ac-reunion.fr\/clg-robert-ardon\/wp-json\/wp\/v2\/pages\/284\/revisions"}],"predecessor-version":[{"id":4338,"href":"https:\/\/etab.ac-reunion.fr\/clg-robert-ardon\/wp-json\/wp\/v2\/pages\/284\/revisions\/4338"}],"wp:attachment":[{"href":"https:\/\/etab.ac-reunion.fr\/clg-robert-ardon\/wp-json\/wp\/v2\/media?parent=284"}],"curies":[{"name":"wp","href":"https:\/\/api.w.org\/{rel}","templated":true}]}}