{"id":961,"date":"2015-05-24T17:56:59","date_gmt":"2015-05-24T13:56:59","guid":{"rendered":"http:\/\/college-montgaillard.ac-reunion.fr\/?page_id=961"},"modified":"2016-08-17T12:02:57","modified_gmt":"2016-08-17T08:02:57","slug":"horaires","status":"publish","type":"page","link":"https:\/\/etab.ac-reunion.fr\/clg-robert-ardon\/horaires\/","title":{"rendered":"Horaires"},"content":{"rendered":"<table border=\"0\" width=\"100%\" cellspacing=\"0\" cellpadding=\"1\">\n<tbody>\n<tr valign=\"TOP\">\n<td rowspan=\"10\" width=\"10%\">\n<p align=\"JUSTIFY\"><u>Matin<\/u><\/p>\n<\/td>\n<td width=\"10%\">\n<p align=\"JUSTIFY\">7h40<\/p>\n<\/td>\n<td width=\"80%\">\n<p align=\"JUSTIFY\">Premi\u00e8re sonnerie\u00a0: les \u00e9l\u00e8ves rejoignent les points de rassemblement<\/p>\n<\/td>\n<\/tr>\n<tr>\n<td align=\"TOP\">7h45<\/td>\n<td width=\"10%\">\n<p align=\"JUSTIFY\">Deuxi\u00e8me sonnerie et d\u00e9but du premier cours<\/p>\n<\/td>\n<\/tr>\n<tr>\n<td align=\"TOP\">8h40<\/td>\n<td width=\"10%\">\n<p lang=\"en-GB\" align=\"JUSTIFY\">Fin du premier cours<\/p>\n<\/td>\n<\/tr>\n<tr>\n<td align=\"TOP\">8h45<\/td>\n<td width=\"10%\">\n<p align=\"JUSTIFY\">D\u00e9but du deuxi\u00e8me cours<\/p>\n<\/td>\n<\/tr>\n<tr>\n<td align=\"TOP\">9h40<\/td>\n<td width=\"10%\">\n<p align=\"JUSTIFY\">Fin du deuxi\u00e8me cours et d\u00e9but de la r\u00e9cr\u00e9ation<\/p>\n<\/td>\n<\/tr>\n<tr>\n<td align=\"TOP\">9h55<\/td>\n<td width=\"10%\">\n<p align=\"JUSTIFY\">Fin de la r\u00e9cr\u00e9ation\u00a0: les \u00e9l\u00e8ves rejoignent les points de rassemblement<\/p>\n<\/td>\n<\/tr>\n<tr>\n<td align=\"TOP\">10h00<\/td>\n<td width=\"10%\">\n<p align=\"JUSTIFY\">D\u00e9but du troisi\u00e8me cours<\/p>\n<\/td>\n<\/tr>\n<tr>\n<td align=\"TOP\">10h55<\/td>\n<td width=\"10%\">\n<p align=\"JUSTIFY\">Fin du troisi\u00e8me cours<\/p>\n<\/td>\n<\/tr>\n<tr>\n<td align=\"TOP\">11h00<\/td>\n<td width=\"10%\">\n<p align=\"JUSTIFY\">D\u00e9but du quatri\u00e8me cours<\/p>\n<\/td>\n<\/tr>\n<tr>\n<td align=\"TOP\">11h55<\/td>\n<td width=\"10%\">\n<p align=\"JUSTIFY\">Fin du quatri\u00e8me cours et sortie des externes.<\/p>\n<\/td>\n<\/tr>\n<tr valign=\"TOP\">\n<td rowspan=\"9\" width=\"10%\">\n<p align=\"JUSTIFY\"><u>Apr\u00e8s-midi<\/u><\/p>\n<\/td>\n<\/tr>\n<tr>\n<td align=\"TOP\">13h20<\/td>\n<td width=\"10%\">\n<p align=\"JUSTIFY\">Premi\u00e8re sonnerie\u00a0: les \u00e9l\u00e8ves rejoignent les points de rassemblement<\/p>\n<\/td>\n<\/tr>\n<tr>\n<td align=\"TOP\">13h25<\/td>\n<td width=\"10%\">\n<p align=\"JUSTIFY\">Deuxi\u00e8me sonnerie et d\u00e9but du premier cours<\/p>\n<\/td>\n<\/tr>\n<tr>\n<td align=\"TOP\">14h20<\/td>\n<td width=\"10%\">\n<p align=\"JUSTIFY\">Fin du premier cours<\/p>\n<\/td>\n<\/tr>\n<tr>\n<td align=\"TOP\">14h25<\/td>\n<td width=\"10%\">\n<p align=\"JUSTIFY\">D\u00e9but du deuxi\u00e8me cours<\/p>\n<\/td>\n<\/tr>\n<tr>\n<td align=\"TOP\">15h20<\/td>\n<td width=\"10%\">\n<p align=\"JUSTIFY\">Fin du deuxi\u00e8me cours et d\u00e9but de la r\u00e9cr\u00e9ation<\/p>\n<\/td>\n<\/tr>\n<tr>\n<td align=\"TOP\">15h30<\/td>\n<td width=\"10%\">\n<p align=\"JUSTIFY\">Fin de la r\u00e9cr\u00e9ation\u00a0: les \u00e9l\u00e8ves rejoignent les points de rassemblement<\/p>\n<\/td>\n<\/tr>\n<tr>\n<td align=\"TOP\">15h35<\/td>\n<td width=\"10%\">\n<p align=\"JUSTIFY\">D\u00e9but du troisi\u00e8me cours<\/p>\n<\/td>\n<\/tr>\n<tr>\n<td align=\"TOP\">16h30<\/td>\n<td width=\"10%\">\n<p align=\"JUSTIFY\">Fin du troisi\u00e8me cours et sortie des \u00e9l\u00e8ves<\/p>\n<\/td>\n<\/tr>\n<tr valign=\"TOP\">\n<td width=\"10%\"><\/td>\n<td colspan=\"2\" width=\"90%\">\n<p align=\"JUSTIFY\">16h40 \u00e0 17h50\u00a0: Accompagnement \u00e9ducatif.<\/p>\n<\/td>\n<\/tr>\n<\/tbody>\n<\/table>\n<!-- AddThis Advanced Settings generic via filter on the_content --><!-- AddThis Share Buttons generic via filter on the_content -->","protected":false},"excerpt":{"rendered":"<p>Matin 7h40 Premi\u00e8re sonnerie\u00a0: les \u00e9l\u00e8ves rejoignent les points de rassemblement 7h45 Deuxi\u00e8me sonnerie et d\u00e9but du premier cours 8h40 Fin du premier cours 8h45 D\u00e9but du deuxi\u00e8me cours 9h40 Fin du deuxi\u00e8me cours et d\u00e9but de la r\u00e9cr\u00e9ation 9h55 Fin de la r\u00e9cr\u00e9ation\u00a0: les \u00e9l\u00e8ves rejoignent les points de rassemblement 10h00 D\u00e9but du troisi\u00e8me [&hellip;]<!-- AddThis Advanced Settings generic via filter on get_the_excerpt --><!-- AddThis Share Buttons generic via filter on get_the_excerpt --><\/p>\n","protected":false},"author":2809,"featured_media":0,"parent":0,"menu_order":0,"comment_status":"open","ping_status":"open","template":"","meta":{"footnotes":""},"class_list":["post-961","page","type-page","status-publish","hentry"],"_links":{"self":[{"href":"https:\/\/etab.ac-reunion.fr\/clg-robert-ardon\/wp-json\/wp\/v2\/pages\/961","targetHints":{"allow":["GET"]}}],"collection":[{"href":"https:\/\/etab.ac-reunion.fr\/clg-robert-ardon\/wp-json\/wp\/v2\/pages"}],"about":[{"href":"https:\/\/etab.ac-reunion.fr\/clg-robert-ardon\/wp-json\/wp\/v2\/types\/page"}],"author":[{"embeddable":true,"href":"https:\/\/etab.ac-reunion.fr\/clg-robert-ardon\/wp-json\/wp\/v2\/users\/2809"}],"replies":[{"embeddable":true,"href":"https:\/\/etab.ac-reunion.fr\/clg-robert-ardon\/wp-json\/wp\/v2\/comments?post=961"}],"version-history":[{"count":8,"href":"https:\/\/etab.ac-reunion.fr\/clg-robert-ardon\/wp-json\/wp\/v2\/pages\/961\/revisions"}],"predecessor-version":[{"id":1971,"href":"https:\/\/etab.ac-reunion.fr\/clg-robert-ardon\/wp-json\/wp\/v2\/pages\/961\/revisions\/1971"}],"wp:attachment":[{"href":"https:\/\/etab.ac-reunion.fr\/clg-robert-ardon\/wp-json\/wp\/v2\/media?parent=961"}],"curies":[{"name":"wp","href":"https:\/\/api.w.org\/{rel}","templated":true}]}}