{"id":4075,"date":"2015-06-24T10:58:52","date_gmt":"2015-06-24T06:58:52","guid":{"rendered":"http:\/\/wpetab.ac-reunion.fr\/les-tamarins\/wp-content\/uploads\/sites\/56\/2015\/06\/Hommage-au-Coll\u00e8ge-sous-la-pile-t\u00e9moin.jpg"},"modified":"2015-06-24T11:19:05","modified_gmt":"2015-06-24T07:19:05","slug":"hommage-au-college-sous-la-pile-temoin","status":"inherit","type":"attachment","link":"https:\/\/etab.ac-reunion.fr\/clg-tamarins\/sortie-ponts-paysages-de-rivieres-mardi-5-mai-2015\/hommage-au-college-sous-la-pile-temoin\/","title":{"rendered":"Hommage au Coll\u00e8ge sous la pile t\u00e9moin"},"author":3103,"featured_media":0,"comment_status":"closed","ping_status":"open","template":"","meta":[],"class_list":["post-4075","attachment","type-attachment","status-inherit","hentry"],"description":{"rendered":"<p class=\"attachment\"><a href='https:\/\/etab.ac-reunion.fr\/clg-tamarins\/wp-content\/uploads\/sites\/56\/2015\/06\/Hommage-au-Coll\u00e8ge-sous-la-pile-t\u00e9moin.jpg'><img loading=\"lazy\" decoding=\"async\" width=\"225\" height=\"300\" src=\"https:\/\/etab.ac-reunion.fr\/clg-tamarins\/wp-content\/uploads\/sites\/56\/2015\/06\/Hommage-au-Coll\u00e8ge-sous-la-pile-t\u00e9moin-225x300.jpg\" class=\"attachment-medium size-medium\" alt=\"\" srcset=\"https:\/\/etab.ac-reunion.fr\/clg-tamarins\/wp-content\/uploads\/sites\/56\/2015\/06\/Hommage-au-Coll\u00e8ge-sous-la-pile-t\u00e9moin-225x300.jpg 225w, https:\/\/etab.ac-reunion.fr\/clg-tamarins\/wp-content\/uploads\/sites\/56\/2015\/06\/Hommage-au-Coll\u00e8ge-sous-la-pile-t\u00e9moin-768x1024.jpg 768w, https:\/\/etab.ac-reunion.fr\/clg-tamarins\/wp-content\/uploads\/sites\/56\/2015\/06\/Hommage-au-Coll\u00e8ge-sous-la-pile-t\u00e9moin.jpg 774w\" sizes=\"auto, (max-width: 225px) 100vw, 225px\" \/><\/a><\/p>\n"},"caption":{"rendered":"<p>Hommage au Coll\u00e8ge sous la pile t\u00e9moin<\/p>\n<p class=\"continue-reading-button\"> <a class=\"continue-reading-link\" href=\"https:\/\/etab.ac-reunion.fr\/clg-tamarins\/sortie-ponts-paysages-de-rivieres-mardi-5-mai-2015\/hommage-au-college-sous-la-pile-temoin\/\">Continuer \u00e0 lire<i class=\"crycon-right-dir\"><\/i><\/a><\/p>\n"},"alt_text":"","media_type":"image","mime_type":"image\/jpeg","media_details":{"width":774,"height":1032,"file":"2015\/06\/Hommage-au-Coll\u00e8ge-sous-la-pile-t\u00e9moin.jpg","sizes":{"thumbnail":{"file":"Hommage-au-Coll\u00e8ge-sous-la-pile-t\u00e9moin-150x150.jpg","width":150,"height":150,"mime_type":"image\/jpeg","source_url":"https:\/\/etab.ac-reunion.fr\/clg-tamarins\/wp-content\/uploads\/sites\/56\/2015\/06\/Hommage-au-Coll\u00e8ge-sous-la-pile-t\u00e9moin-150x150.jpg"},"medium":{"file":"Hommage-au-Coll\u00e8ge-sous-la-pile-t\u00e9moin-225x300.jpg","width":225,"height":300,"mime_type":"image\/jpeg","source_url":"https:\/\/etab.ac-reunion.fr\/clg-tamarins\/wp-content\/uploads\/sites\/56\/2015\/06\/Hommage-au-Coll\u00e8ge-sous-la-pile-t\u00e9moin-225x300.jpg"},"large":{"file":"Hommage-au-Coll\u00e8ge-sous-la-pile-t\u00e9moin-768x1024.jpg","width":768,"height":1024,"mime_type":"image\/jpeg","source_url":"https:\/\/etab.ac-reunion.fr\/clg-tamarins\/wp-content\/uploads\/sites\/56\/2015\/06\/Hommage-au-Coll\u00e8ge-sous-la-pile-t\u00e9moin-768x1024.jpg"},"et-usual-thumb":{"file":"Hommage-au-Coll\u00e8ge-sous-la-pile-t\u00e9moin-140x140.jpg","width":140,"height":140,"mime_type":"image\/jpeg","source_url":"https:\/\/etab.ac-reunion.fr\/clg-tamarins\/wp-content\/uploads\/sites\/56\/2015\/06\/Hommage-au-Coll\u00e8ge-sous-la-pile-t\u00e9moin-140x140.jpg"},"et-featured-thumb":{"file":"Hommage-au-Coll\u00e8ge-sous-la-pile-t\u00e9moin-774x300.jpg","width":774,"height":300,"mime_type":"image\/jpeg","source_url":"https:\/\/etab.ac-reunion.fr\/clg-tamarins\/wp-content\/uploads\/sites\/56\/2015\/06\/Hommage-au-Coll\u00e8ge-sous-la-pile-t\u00e9moin-774x300.jpg"},"et-recent-cat-thumb":{"file":"Hommage-au-Coll\u00e8ge-sous-la-pile-t\u00e9moin-239x133.jpg","width":239,"height":133,"mime_type":"image\/jpeg","source_url":"https:\/\/etab.ac-reunion.fr\/clg-tamarins\/wp-content\/uploads\/sites\/56\/2015\/06\/Hommage-au-Coll\u00e8ge-sous-la-pile-t\u00e9moin-239x133.jpg"},"et-custom-post-thumb":{"file":"Hommage-au-Coll\u00e8ge-sous-la-pile-t\u00e9moin-74x74.jpg","width":74,"height":74,"mime_type":"image\/jpeg","source_url":"https:\/\/etab.ac-reunion.fr\/clg-tamarins\/wp-content\/uploads\/sites\/56\/2015\/06\/Hommage-au-Coll\u00e8ge-sous-la-pile-t\u00e9moin-74x74.jpg"},"et-blog-page-thumb":{"file":"Hommage-au-Coll\u00e8ge-sous-la-pile-t\u00e9moin-184x184.jpg","width":184,"height":184,"mime_type":"image\/jpeg","source_url":"https:\/\/etab.ac-reunion.fr\/clg-tamarins\/wp-content\/uploads\/sites\/56\/2015\/06\/Hommage-au-Coll\u00e8ge-sous-la-pile-t\u00e9moin-184x184.jpg"},"et-gallery-page-thumb":{"file":"Hommage-au-Coll\u00e8ge-sous-la-pile-t\u00e9moin-207x136.jpg","width":207,"height":136,"mime_type":"image\/jpeg","source_url":"https:\/\/etab.ac-reunion.fr\/clg-tamarins\/wp-content\/uploads\/sites\/56\/2015\/06\/Hommage-au-Coll\u00e8ge-sous-la-pile-t\u00e9moin-207x136.jpg"},"et-portfolio-medium-page-thumb":{"file":"Hommage-au-Coll\u00e8ge-sous-la-pile-t\u00e9moin-260x170.jpg","width":260,"height":170,"mime_type":"image\/jpeg","source_url":"https:\/\/etab.ac-reunion.fr\/clg-tamarins\/wp-content\/uploads\/sites\/56\/2015\/06\/Hommage-au-Coll\u00e8ge-sous-la-pile-t\u00e9moin-260x170.jpg"},"et-portfolio-medium-portrait-page-thumb":{"file":"Hommage-au-Coll\u00e8ge-sous-la-pile-t\u00e9moin-260x315.jpg","width":260,"height":315,"mime_type":"image\/jpeg","source_url":"https:\/\/etab.ac-reunion.fr\/clg-tamarins\/wp-content\/uploads\/sites\/56\/2015\/06\/Hommage-au-Coll\u00e8ge-sous-la-pile-t\u00e9moin-260x315.jpg"},"et-portfolio-small-page-thumb":{"file":"Hommage-au-Coll\u00e8ge-sous-la-pile-t\u00e9moin-140x94.jpg","width":140,"height":94,"mime_type":"image\/jpeg","source_url":"https:\/\/etab.ac-reunion.fr\/clg-tamarins\/wp-content\/uploads\/sites\/56\/2015\/06\/Hommage-au-Coll\u00e8ge-sous-la-pile-t\u00e9moin-140x94.jpg"},"et-portfolio-small-portrait-page-thumb":{"file":"Hommage-au-Coll\u00e8ge-sous-la-pile-t\u00e9moin-140x170.jpg","width":140,"height":170,"mime_type":"image\/jpeg","source_url":"https:\/\/etab.ac-reunion.fr\/clg-tamarins\/wp-content\/uploads\/sites\/56\/2015\/06\/Hommage-au-Coll\u00e8ge-sous-la-pile-t\u00e9moin-140x170.jpg"},"et-portfolio-large-page-thumb":{"file":"Hommage-au-Coll\u00e8ge-sous-la-pile-t\u00e9moin-430x283.jpg","width":430,"height":283,"mime_type":"image\/jpeg","source_url":"https:\/\/etab.ac-reunion.fr\/clg-tamarins\/wp-content\/uploads\/sites\/56\/2015\/06\/Hommage-au-Coll\u00e8ge-sous-la-pile-t\u00e9moin-430x283.jpg"},"et-portfolio-large-portrait-page-thumb":{"file":"Hommage-au-Coll\u00e8ge-sous-la-pile-t\u00e9moin-430x860.jpg","width":430,"height":860,"mime_type":"image\/jpeg","source_url":"https:\/\/etab.ac-reunion.fr\/clg-tamarins\/wp-content\/uploads\/sites\/56\/2015\/06\/Hommage-au-Coll\u00e8ge-sous-la-pile-t\u00e9moin-430x860.jpg"},"full":{"file":"Hommage-au-Coll\u00e8ge-sous-la-pile-t\u00e9moin.jpg","width":774,"height":1032,"mime_type":"image\/jpeg","source_url":"https:\/\/etab.ac-reunion.fr\/clg-tamarins\/wp-content\/uploads\/sites\/56\/2015\/06\/Hommage-au-Coll\u00e8ge-sous-la-pile-t\u00e9moin.jpg"}},"image_meta":{"aperture":2.2,"credit":"","camera":"SM-N9005","caption":"","created_timestamp":1430839753,"copyright":"","focal_length":"4.13","iso":"50","shutter_speed":"0.00056433408577878","title":"","orientation":1}},"post":4039,"source_url":"https:\/\/etab.ac-reunion.fr\/clg-tamarins\/wp-content\/uploads\/sites\/56\/2015\/06\/Hommage-au-Coll\u00e8ge-sous-la-pile-t\u00e9moin.jpg","_links":{"self":[{"href":"https:\/\/etab.ac-reunion.fr\/clg-tamarins\/wp-json\/wp\/v2\/media\/4075","targetHints":{"allow":["GET"]}}],"collection":[{"href":"https:\/\/etab.ac-reunion.fr\/clg-tamarins\/wp-json\/wp\/v2\/media"}],"about":[{"href":"https:\/\/etab.ac-reunion.fr\/clg-tamarins\/wp-json\/wp\/v2\/types\/attachment"}],"author":[{"embeddable":true,"href":"https:\/\/etab.ac-reunion.fr\/clg-tamarins\/wp-json\/wp\/v2\/users\/3103"}],"wp:attached-to":[{"embeddable":true,"post_type":"post","id":4039,"href":"https:\/\/etab.ac-reunion.fr\/clg-tamarins\/wp-json\/wp\/v2\/posts\/4039"}],"curies":[{"name":"wp","href":"https:\/\/api.w.org\/{rel}","templated":true}]}}

http://wpetab.ac-reunion.fr/les-tamarins/wp-content/uploads/sites/56/2015/06/Hommage-au-Collège-sous-la-pile-témoin.jpg

Hommage au Collège sous la pile témoin

<p class="attachment"><a href='https://etab.ac-reunion.fr/clg-tamarins/wp-content/uploads/sites/56/2015/06/Hommage-au-Collège-sous-la-pile-témoin.jpg'><img loading="lazy" decoding="async" width="225" height="300" src="https://etab.ac-reunion.fr/clg-tamarins/wp-content/uploads/sites/56/2015/06/Hommage-au-Collège-sous-la-pile-témoin-225x300.jpg" class="attachment-medium size-medium" alt="" srcset="https://etab.ac-reunion.fr/clg-tamarins/wp-content/uploads/sites/56/2015/06/Hommage-au-Collège-sous-la-pile-témoin-225x300.jpg 225w, https://etab.ac-reunion.fr/clg-tamarins/wp-content/uploads/sites/56/2015/06/Hommage-au-Collège-sous-la-pile-témoin-768x1024.jpg 768w, https://etab.ac-reunion.fr/clg-tamarins/wp-content/uploads/sites/56/2015/06/Hommage-au-Collège-sous-la-pile-témoin.jpg 774w" sizes="auto, (max-width: 225px) 100vw, 225px" /></a></p>

<p>Hommage au Collège sous la pile témoin</p>
<p class="continue-reading-button"> <a class="continue-reading-link" href="https://etab.ac-reunion.fr/clg-tamarins/sortie-ponts-paysages-de-rivieres-mardi-5-mai-2015/hommage-au-college-sous-la-pile-temoin/">Continuer à lire<i class="crycon-right-dir"></i></a></p>

2015/06/Hommage-au-Collège-sous-la-pile-témoin.jpg

Hommage-au-Collège-sous-la-pile-témoin-150x150.jpg

https://etab.ac-reunion.fr/clg-tamarins/wp-content/uploads/sites/56/2015/06/Hommage-au-Collège-sous-la-pile-témoin-150x150.jpg

Hommage-au-Collège-sous-la-pile-témoin-225x300.jpg

https://etab.ac-reunion.fr/clg-tamarins/wp-content/uploads/sites/56/2015/06/Hommage-au-Collège-sous-la-pile-témoin-225x300.jpg

Hommage-au-Collège-sous-la-pile-témoin-768x1024.jpg

https://etab.ac-reunion.fr/clg-tamarins/wp-content/uploads/sites/56/2015/06/Hommage-au-Collège-sous-la-pile-témoin-768x1024.jpg

Hommage-au-Collège-sous-la-pile-témoin-140x140.jpg

https://etab.ac-reunion.fr/clg-tamarins/wp-content/uploads/sites/56/2015/06/Hommage-au-Collège-sous-la-pile-témoin-140x140.jpg

Hommage-au-Collège-sous-la-pile-témoin-774x300.jpg

https://etab.ac-reunion.fr/clg-tamarins/wp-content/uploads/sites/56/2015/06/Hommage-au-Collège-sous-la-pile-témoin-774x300.jpg

Hommage-au-Collège-sous-la-pile-témoin-239x133.jpg

https://etab.ac-reunion.fr/clg-tamarins/wp-content/uploads/sites/56/2015/06/Hommage-au-Collège-sous-la-pile-témoin-239x133.jpg

Hommage-au-Collège-sous-la-pile-témoin-74x74.jpg

https://etab.ac-reunion.fr/clg-tamarins/wp-content/uploads/sites/56/2015/06/Hommage-au-Collège-sous-la-pile-témoin-74x74.jpg

Hommage-au-Collège-sous-la-pile-témoin-184x184.jpg

https://etab.ac-reunion.fr/clg-tamarins/wp-content/uploads/sites/56/2015/06/Hommage-au-Collège-sous-la-pile-témoin-184x184.jpg

Hommage-au-Collège-sous-la-pile-témoin-207x136.jpg

https://etab.ac-reunion.fr/clg-tamarins/wp-content/uploads/sites/56/2015/06/Hommage-au-Collège-sous-la-pile-témoin-207x136.jpg

Hommage-au-Collège-sous-la-pile-témoin-260x170.jpg

https://etab.ac-reunion.fr/clg-tamarins/wp-content/uploads/sites/56/2015/06/Hommage-au-Collège-sous-la-pile-témoin-260x170.jpg

Hommage-au-Collège-sous-la-pile-témoin-260x315.jpg

https://etab.ac-reunion.fr/clg-tamarins/wp-content/uploads/sites/56/2015/06/Hommage-au-Collège-sous-la-pile-témoin-260x315.jpg

Hommage-au-Collège-sous-la-pile-témoin-140x94.jpg

https://etab.ac-reunion.fr/clg-tamarins/wp-content/uploads/sites/56/2015/06/Hommage-au-Collège-sous-la-pile-témoin-140x94.jpg

Hommage-au-Collège-sous-la-pile-témoin-140x170.jpg

https://etab.ac-reunion.fr/clg-tamarins/wp-content/uploads/sites/56/2015/06/Hommage-au-Collège-sous-la-pile-témoin-140x170.jpg

Hommage-au-Collège-sous-la-pile-témoin-430x283.jpg

https://etab.ac-reunion.fr/clg-tamarins/wp-content/uploads/sites/56/2015/06/Hommage-au-Collège-sous-la-pile-témoin-430x283.jpg

Hommage-au-Collège-sous-la-pile-témoin-430x860.jpg

https://etab.ac-reunion.fr/clg-tamarins/wp-content/uploads/sites/56/2015/06/Hommage-au-Collège-sous-la-pile-témoin-430x860.jpg

Hommage-au-Collège-sous-la-pile-témoin.jpg

https://etab.ac-reunion.fr/clg-tamarins/wp-content/uploads/sites/56/2015/06/Hommage-au-Collège-sous-la-pile-témoin.jpg
