{"id":4443,"date":"2016-04-14T09:04:09","date_gmt":"2016-04-14T05:04:09","guid":{"rendered":"http:\/\/wpetab.ac-reunion.fr\/les-tamarins\/wp-content\/uploads\/sites\/56\/2016\/04\/nouvel-an-chinois-d\u00e9coration-du-coll\u00e8ge-1.jpg"},"modified":"2016-04-14T11:07:58","modified_gmt":"2016-04-14T07:07:58","slug":"nouvel-an-chinois-decoration-du-college-1","status":"inherit","type":"attachment","link":"https:\/\/etab.ac-reunion.fr\/clg-tamarins\/promotion-du-chinois\/nouvel-an-chinois-decoration-du-college-1\/","title":{"rendered":"nouvel an chinois d\u00e9coration du coll\u00e8ge (1)"},"author":9112,"featured_media":0,"comment_status":"closed","ping_status":"closed","template":"","meta":[],"class_list":["post-4443","attachment","type-attachment","status-inherit","hentry"],"description":{"rendered":"<p class=\"attachment\"><a href='https:\/\/etab.ac-reunion.fr\/clg-tamarins\/wp-content\/uploads\/sites\/56\/2016\/04\/nouvel-an-chinois-d\u00e9coration-du-coll\u00e8ge-1.jpg'><img loading=\"lazy\" decoding=\"async\" width=\"224\" height=\"300\" src=\"https:\/\/etab.ac-reunion.fr\/clg-tamarins\/wp-content\/uploads\/sites\/56\/2016\/04\/nouvel-an-chinois-d\u00e9coration-du-coll\u00e8ge-1-224x300.jpg\" class=\"attachment-medium size-medium\" alt=\"\" srcset=\"https:\/\/etab.ac-reunion.fr\/clg-tamarins\/wp-content\/uploads\/sites\/56\/2016\/04\/nouvel-an-chinois-d\u00e9coration-du-coll\u00e8ge-1-224x300.jpg 224w, https:\/\/etab.ac-reunion.fr\/clg-tamarins\/wp-content\/uploads\/sites\/56\/2016\/04\/nouvel-an-chinois-d\u00e9coration-du-coll\u00e8ge-1-765x1024.jpg 765w, https:\/\/etab.ac-reunion.fr\/clg-tamarins\/wp-content\/uploads\/sites\/56\/2016\/04\/nouvel-an-chinois-d\u00e9coration-du-coll\u00e8ge-1.jpg 1936w\" sizes=\"auto, (max-width: 224px) 100vw, 224px\" \/><\/a><\/p>\n"},"caption":{"rendered":"<p>nouvel an chinois d\u00e9coration du coll\u00e8ge <\/p>\n<p class=\"continue-reading-button\"> <a class=\"continue-reading-link\" href=\"https:\/\/etab.ac-reunion.fr\/clg-tamarins\/promotion-du-chinois\/nouvel-an-chinois-decoration-du-college-1\/\">Continuer \u00e0 lire<i class=\"crycon-right-dir\"><\/i><\/a><\/p>\n"},"alt_text":"","media_type":"image","mime_type":"image\/jpeg","media_details":{"width":1936,"height":2592,"file":"2016\/04\/nouvel-an-chinois-d\u00e9coration-du-coll\u00e8ge-1.jpg","sizes":{"thumbnail":{"file":"nouvel-an-chinois-d\u00e9coration-du-coll\u00e8ge-1-150x150.jpg","width":150,"height":150,"mime_type":"image\/jpeg","source_url":"https:\/\/etab.ac-reunion.fr\/clg-tamarins\/wp-content\/uploads\/sites\/56\/2016\/04\/nouvel-an-chinois-d\u00e9coration-du-coll\u00e8ge-1-150x150.jpg"},"medium":{"file":"nouvel-an-chinois-d\u00e9coration-du-coll\u00e8ge-1-224x300.jpg","width":224,"height":300,"mime_type":"image\/jpeg","source_url":"https:\/\/etab.ac-reunion.fr\/clg-tamarins\/wp-content\/uploads\/sites\/56\/2016\/04\/nouvel-an-chinois-d\u00e9coration-du-coll\u00e8ge-1-224x300.jpg"},"large":{"file":"nouvel-an-chinois-d\u00e9coration-du-coll\u00e8ge-1-765x1024.jpg","width":765,"height":1024,"mime_type":"image\/jpeg","source_url":"https:\/\/etab.ac-reunion.fr\/clg-tamarins\/wp-content\/uploads\/sites\/56\/2016\/04\/nouvel-an-chinois-d\u00e9coration-du-coll\u00e8ge-1-765x1024.jpg"},"et-usual-thumb":{"file":"nouvel-an-chinois-d\u00e9coration-du-coll\u00e8ge-1-140x140.jpg","width":140,"height":140,"mime_type":"image\/jpeg","source_url":"https:\/\/etab.ac-reunion.fr\/clg-tamarins\/wp-content\/uploads\/sites\/56\/2016\/04\/nouvel-an-chinois-d\u00e9coration-du-coll\u00e8ge-1-140x140.jpg"},"et-featured-thumb":{"file":"nouvel-an-chinois-d\u00e9coration-du-coll\u00e8ge-1-1400x300.jpg","width":1400,"height":300,"mime_type":"image\/jpeg","source_url":"https:\/\/etab.ac-reunion.fr\/clg-tamarins\/wp-content\/uploads\/sites\/56\/2016\/04\/nouvel-an-chinois-d\u00e9coration-du-coll\u00e8ge-1-1400x300.jpg"},"et-recent-cat-thumb":{"file":"nouvel-an-chinois-d\u00e9coration-du-coll\u00e8ge-1-239x133.jpg","width":239,"height":133,"mime_type":"image\/jpeg","source_url":"https:\/\/etab.ac-reunion.fr\/clg-tamarins\/wp-content\/uploads\/sites\/56\/2016\/04\/nouvel-an-chinois-d\u00e9coration-du-coll\u00e8ge-1-239x133.jpg"},"et-custom-post-thumb":{"file":"nouvel-an-chinois-d\u00e9coration-du-coll\u00e8ge-1-74x74.jpg","width":74,"height":74,"mime_type":"image\/jpeg","source_url":"https:\/\/etab.ac-reunion.fr\/clg-tamarins\/wp-content\/uploads\/sites\/56\/2016\/04\/nouvel-an-chinois-d\u00e9coration-du-coll\u00e8ge-1-74x74.jpg"},"et-blog-page-thumb":{"file":"nouvel-an-chinois-d\u00e9coration-du-coll\u00e8ge-1-184x184.jpg","width":184,"height":184,"mime_type":"image\/jpeg","source_url":"https:\/\/etab.ac-reunion.fr\/clg-tamarins\/wp-content\/uploads\/sites\/56\/2016\/04\/nouvel-an-chinois-d\u00e9coration-du-coll\u00e8ge-1-184x184.jpg"},"et-gallery-page-thumb":{"file":"nouvel-an-chinois-d\u00e9coration-du-coll\u00e8ge-1-207x136.jpg","width":207,"height":136,"mime_type":"image\/jpeg","source_url":"https:\/\/etab.ac-reunion.fr\/clg-tamarins\/wp-content\/uploads\/sites\/56\/2016\/04\/nouvel-an-chinois-d\u00e9coration-du-coll\u00e8ge-1-207x136.jpg"},"et-portfolio-medium-page-thumb":{"file":"nouvel-an-chinois-d\u00e9coration-du-coll\u00e8ge-1-260x170.jpg","width":260,"height":170,"mime_type":"image\/jpeg","source_url":"https:\/\/etab.ac-reunion.fr\/clg-tamarins\/wp-content\/uploads\/sites\/56\/2016\/04\/nouvel-an-chinois-d\u00e9coration-du-coll\u00e8ge-1-260x170.jpg"},"et-portfolio-medium-portrait-page-thumb":{"file":"nouvel-an-chinois-d\u00e9coration-du-coll\u00e8ge-1-260x315.jpg","width":260,"height":315,"mime_type":"image\/jpeg","source_url":"https:\/\/etab.ac-reunion.fr\/clg-tamarins\/wp-content\/uploads\/sites\/56\/2016\/04\/nouvel-an-chinois-d\u00e9coration-du-coll\u00e8ge-1-260x315.jpg"},"et-portfolio-small-page-thumb":{"file":"nouvel-an-chinois-d\u00e9coration-du-coll\u00e8ge-1-140x94.jpg","width":140,"height":94,"mime_type":"image\/jpeg","source_url":"https:\/\/etab.ac-reunion.fr\/clg-tamarins\/wp-content\/uploads\/sites\/56\/2016\/04\/nouvel-an-chinois-d\u00e9coration-du-coll\u00e8ge-1-140x94.jpg"},"et-portfolio-small-portrait-page-thumb":{"file":"nouvel-an-chinois-d\u00e9coration-du-coll\u00e8ge-1-140x170.jpg","width":140,"height":170,"mime_type":"image\/jpeg","source_url":"https:\/\/etab.ac-reunion.fr\/clg-tamarins\/wp-content\/uploads\/sites\/56\/2016\/04\/nouvel-an-chinois-d\u00e9coration-du-coll\u00e8ge-1-140x170.jpg"},"et-portfolio-large-page-thumb":{"file":"nouvel-an-chinois-d\u00e9coration-du-coll\u00e8ge-1-430x283.jpg","width":430,"height":283,"mime_type":"image\/jpeg","source_url":"https:\/\/etab.ac-reunion.fr\/clg-tamarins\/wp-content\/uploads\/sites\/56\/2016\/04\/nouvel-an-chinois-d\u00e9coration-du-coll\u00e8ge-1-430x283.jpg"},"et-portfolio-large-portrait-page-thumb":{"file":"nouvel-an-chinois-d\u00e9coration-du-coll\u00e8ge-1-430x860.jpg","width":430,"height":860,"mime_type":"image\/jpeg","source_url":"https:\/\/etab.ac-reunion.fr\/clg-tamarins\/wp-content\/uploads\/sites\/56\/2016\/04\/nouvel-an-chinois-d\u00e9coration-du-coll\u00e8ge-1-430x860.jpg"},"full":{"file":"nouvel-an-chinois-d\u00e9coration-du-coll\u00e8ge-1.jpg","width":1936,"height":2592,"mime_type":"image\/jpeg","source_url":"https:\/\/etab.ac-reunion.fr\/clg-tamarins\/wp-content\/uploads\/sites\/56\/2016\/04\/nouvel-an-chinois-d\u00e9coration-du-coll\u00e8ge-1.jpg"}},"image_meta":{"aperture":"2.8","credit":"","camera":"iPhone 4","caption":"","created_timestamp":"1454491532","copyright":"","focal_length":"3.85","iso":"80","shutter_speed":"0.0056179775280899","title":"","orientation":"0","keywords":[]}},"post":4429,"source_url":"https:\/\/etab.ac-reunion.fr\/clg-tamarins\/wp-content\/uploads\/sites\/56\/2016\/04\/nouvel-an-chinois-d\u00e9coration-du-coll\u00e8ge-1.jpg","_links":{"self":[{"href":"https:\/\/etab.ac-reunion.fr\/clg-tamarins\/wp-json\/wp\/v2\/media\/4443","targetHints":{"allow":["GET"]}}],"collection":[{"href":"https:\/\/etab.ac-reunion.fr\/clg-tamarins\/wp-json\/wp\/v2\/media"}],"about":[{"href":"https:\/\/etab.ac-reunion.fr\/clg-tamarins\/wp-json\/wp\/v2\/types\/attachment"}],"author":[{"embeddable":true,"href":"https:\/\/etab.ac-reunion.fr\/clg-tamarins\/wp-json\/wp\/v2\/users\/9112"}],"wp:attached-to":[{"embeddable":true,"post_type":"post","id":4429,"href":"https:\/\/etab.ac-reunion.fr\/clg-tamarins\/wp-json\/wp\/v2\/posts\/4429"}],"curies":[{"name":"wp","href":"https:\/\/api.w.org\/{rel}","templated":true}]}}

http://wpetab.ac-reunion.fr/les-tamarins/wp-content/uploads/sites/56/2016/04/nouvel-an-chinois-décoration-du-collège-1.jpg

nouvel an chinois décoration du collège (1)

<p class="attachment"><a href='https://etab.ac-reunion.fr/clg-tamarins/wp-content/uploads/sites/56/2016/04/nouvel-an-chinois-décoration-du-collège-1.jpg'><img loading="lazy" decoding="async" width="224" height="300" src="https://etab.ac-reunion.fr/clg-tamarins/wp-content/uploads/sites/56/2016/04/nouvel-an-chinois-décoration-du-collège-1-224x300.jpg" class="attachment-medium size-medium" alt="" srcset="https://etab.ac-reunion.fr/clg-tamarins/wp-content/uploads/sites/56/2016/04/nouvel-an-chinois-décoration-du-collège-1-224x300.jpg 224w, https://etab.ac-reunion.fr/clg-tamarins/wp-content/uploads/sites/56/2016/04/nouvel-an-chinois-décoration-du-collège-1-765x1024.jpg 765w, https://etab.ac-reunion.fr/clg-tamarins/wp-content/uploads/sites/56/2016/04/nouvel-an-chinois-décoration-du-collège-1.jpg 1936w" sizes="auto, (max-width: 224px) 100vw, 224px" /></a></p>

<p>nouvel an chinois décoration du collège </p>
<p class="continue-reading-button"> <a class="continue-reading-link" href="https://etab.ac-reunion.fr/clg-tamarins/promotion-du-chinois/nouvel-an-chinois-decoration-du-college-1/">Continuer à lire<i class="crycon-right-dir"></i></a></p>

2016/04/nouvel-an-chinois-décoration-du-collège-1.jpg

nouvel-an-chinois-décoration-du-collège-1-150x150.jpg

https://etab.ac-reunion.fr/clg-tamarins/wp-content/uploads/sites/56/2016/04/nouvel-an-chinois-décoration-du-collège-1-150x150.jpg

nouvel-an-chinois-décoration-du-collège-1-224x300.jpg

https://etab.ac-reunion.fr/clg-tamarins/wp-content/uploads/sites/56/2016/04/nouvel-an-chinois-décoration-du-collège-1-224x300.jpg

nouvel-an-chinois-décoration-du-collège-1-765x1024.jpg

https://etab.ac-reunion.fr/clg-tamarins/wp-content/uploads/sites/56/2016/04/nouvel-an-chinois-décoration-du-collège-1-765x1024.jpg

nouvel-an-chinois-décoration-du-collège-1-140x140.jpg

https://etab.ac-reunion.fr/clg-tamarins/wp-content/uploads/sites/56/2016/04/nouvel-an-chinois-décoration-du-collège-1-140x140.jpg

nouvel-an-chinois-décoration-du-collège-1-1400x300.jpg

https://etab.ac-reunion.fr/clg-tamarins/wp-content/uploads/sites/56/2016/04/nouvel-an-chinois-décoration-du-collège-1-1400x300.jpg

nouvel-an-chinois-décoration-du-collège-1-239x133.jpg

https://etab.ac-reunion.fr/clg-tamarins/wp-content/uploads/sites/56/2016/04/nouvel-an-chinois-décoration-du-collège-1-239x133.jpg

nouvel-an-chinois-décoration-du-collège-1-74x74.jpg

https://etab.ac-reunion.fr/clg-tamarins/wp-content/uploads/sites/56/2016/04/nouvel-an-chinois-décoration-du-collège-1-74x74.jpg

nouvel-an-chinois-décoration-du-collège-1-184x184.jpg

https://etab.ac-reunion.fr/clg-tamarins/wp-content/uploads/sites/56/2016/04/nouvel-an-chinois-décoration-du-collège-1-184x184.jpg

nouvel-an-chinois-décoration-du-collège-1-207x136.jpg

https://etab.ac-reunion.fr/clg-tamarins/wp-content/uploads/sites/56/2016/04/nouvel-an-chinois-décoration-du-collège-1-207x136.jpg

nouvel-an-chinois-décoration-du-collège-1-260x170.jpg

https://etab.ac-reunion.fr/clg-tamarins/wp-content/uploads/sites/56/2016/04/nouvel-an-chinois-décoration-du-collège-1-260x170.jpg

nouvel-an-chinois-décoration-du-collège-1-260x315.jpg

https://etab.ac-reunion.fr/clg-tamarins/wp-content/uploads/sites/56/2016/04/nouvel-an-chinois-décoration-du-collège-1-260x315.jpg

nouvel-an-chinois-décoration-du-collège-1-140x94.jpg

https://etab.ac-reunion.fr/clg-tamarins/wp-content/uploads/sites/56/2016/04/nouvel-an-chinois-décoration-du-collège-1-140x94.jpg

nouvel-an-chinois-décoration-du-collège-1-140x170.jpg

https://etab.ac-reunion.fr/clg-tamarins/wp-content/uploads/sites/56/2016/04/nouvel-an-chinois-décoration-du-collège-1-140x170.jpg

nouvel-an-chinois-décoration-du-collège-1-430x283.jpg

https://etab.ac-reunion.fr/clg-tamarins/wp-content/uploads/sites/56/2016/04/nouvel-an-chinois-décoration-du-collège-1-430x283.jpg

nouvel-an-chinois-décoration-du-collège-1-430x860.jpg

https://etab.ac-reunion.fr/clg-tamarins/wp-content/uploads/sites/56/2016/04/nouvel-an-chinois-décoration-du-collège-1-430x860.jpg

nouvel-an-chinois-décoration-du-collège-1.jpg

https://etab.ac-reunion.fr/clg-tamarins/wp-content/uploads/sites/56/2016/04/nouvel-an-chinois-décoration-du-collège-1.jpg
