{"id":4766,"date":"2016-12-10T00:26:49","date_gmt":"2016-12-09T20:26:49","guid":{"rendered":"http:\/\/college-les-tamarins.ac-reunion.fr\/?page_id=4766"},"modified":"2025-02-17T14:16:26","modified_gmt":"2025-02-17T10:16:26","slug":"section-judo","status":"publish","type":"page","link":"https:\/\/etab.ac-reunion.fr\/clg-tamarins\/section-judo\/","title":{"rendered":"option JUDO"},"content":{"rendered":"<p style=\"text-align: center\">Lien de la vid\u00e9o de pr\u00e9sentation :<\/p>\n<p class=\"text-align: center;\" style=\"text-align: center\">\u00ab\u00a0https:\/\/tube-education-physique-et-sportive.apps.education.fr\/w\/nTAMif686LtVY9cRN7pSgu\u00a0\u00bb<\/p>\n\n\n<div class=\"su-posts su-posts-default-loop \">\n\n\t\n\t\t\t\t\t\n\t\t\t\n\t\t\t<div id=\"su-post-9878\" class=\"su-post \">\n\n\t\t\t\t\t\t\t\t\t<a class=\"su-post-thumbnail\" href=\"https:\/\/etab.ac-reunion.fr\/clg-tamarins\/bilan-section-sportive-judo-2024-2025\/\"><a href=\"https:\/\/etab.ac-reunion.fr\/clg-tamarins\/bilan-section-sportive-judo-2024-2025\/\" title=\"Bilan Section Sportive Judo 2024-2025\"><img loading=\"lazy\" decoding=\"async\" width=\"106\" height=\"150\" src=\"https:\/\/etab.ac-reunion.fr\/clg-tamarins\/wp-content\/uploads\/sites\/56\/2026\/04\/Bilan-Section-Sportive-Judo-2024-2025_compressed01-106x150.jpg\" class=\"attachment-post-thumbnail size-post-thumbnail wp-post-image\" alt=\"\" srcset=\"https:\/\/etab.ac-reunion.fr\/clg-tamarins\/wp-content\/uploads\/sites\/56\/2026\/04\/Bilan-Section-Sportive-Judo-2024-2025_compressed01-106x150.jpg 106w, https:\/\/etab.ac-reunion.fr\/clg-tamarins\/wp-content\/uploads\/sites\/56\/2026\/04\/Bilan-Section-Sportive-Judo-2024-2025_compressed01-212x300.jpg 212w, https:\/\/etab.ac-reunion.fr\/clg-tamarins\/wp-content\/uploads\/sites\/56\/2026\/04\/Bilan-Section-Sportive-Judo-2024-2025_compressed01-724x1024.jpg 724w, https:\/\/etab.ac-reunion.fr\/clg-tamarins\/wp-content\/uploads\/sites\/56\/2026\/04\/Bilan-Section-Sportive-Judo-2024-2025_compressed01-768x1086.jpg 768w, https:\/\/etab.ac-reunion.fr\/clg-tamarins\/wp-content\/uploads\/sites\/56\/2026\/04\/Bilan-Section-Sportive-Judo-2024-2025_compressed01-1086x1536.jpg 1086w, https:\/\/etab.ac-reunion.fr\/clg-tamarins\/wp-content\/uploads\/sites\/56\/2026\/04\/Bilan-Section-Sportive-Judo-2024-2025_compressed01.jpg 1240w\" sizes=\"auto, (max-width: 106px) 100vw, 106px\" \/><\/a><\/a>\n\t\t\t\t\n\t\t\t\t<h2 class=\"su-post-title\"><a href=\"https:\/\/etab.ac-reunion.fr\/clg-tamarins\/bilan-section-sportive-judo-2024-2025\/\">Bilan Section Sportive Judo 2024-2025<\/a><\/h2>\n\n\t\t\t\t<div class=\"su-post-meta\">\n\t\t\t\t\tPubli\u00e9: 15 juin 2025\t\t\t\t<\/div>\n\n\t\t\t\t<div class=\"su-post-excerpt\">\n\t\t\t\t\t<p class=\"continue-reading-button\"> <a class=\"continue-reading-link\" href=\"https:\/\/etab.ac-reunion.fr\/clg-tamarins\/bilan-section-sportive-judo-2024-2025\/\">Continuer \u00e0 lire<i class=\"crycon-right-dir\"><\/i><\/a><\/p>\n\t\t\t\t<\/div>\n\n\t\t\t\t\n\t\t\t<\/div>\n\n\t\t\t\t\t\n\t\t\t\n\t\t\t<div id=\"su-post-9519\" class=\"su-post \">\n\n\t\t\t\t\t\t\t\t\t<a class=\"su-post-thumbnail\" href=\"https:\/\/etab.ac-reunion.fr\/clg-tamarins\/resultats-et-bilan-des-championnats-de-france-%f0%9f%87%ab%f0%9f%87%b7-unss-de-judo\/\"><a href=\"https:\/\/etab.ac-reunion.fr\/clg-tamarins\/resultats-et-bilan-des-championnats-de-france-%f0%9f%87%ab%f0%9f%87%b7-unss-de-judo\/\" title=\"R\u00e9sultats et bilan des championnats de France \ud83c\uddeb\ud83c\uddf7 UNSS de judo\"><img loading=\"lazy\" decoding=\"async\" width=\"150\" height=\"113\" src=\"https:\/\/etab.ac-reunion.fr\/clg-tamarins\/wp-content\/uploads\/sites\/56\/2025\/04\/image3-150x113.jpeg\" class=\"attachment-post-thumbnail size-post-thumbnail wp-post-image\" alt=\"\" srcset=\"https:\/\/etab.ac-reunion.fr\/clg-tamarins\/wp-content\/uploads\/sites\/56\/2025\/04\/image3-150x113.jpeg 150w, https:\/\/etab.ac-reunion.fr\/clg-tamarins\/wp-content\/uploads\/sites\/56\/2025\/04\/image3-300x225.jpeg 300w, https:\/\/etab.ac-reunion.fr\/clg-tamarins\/wp-content\/uploads\/sites\/56\/2025\/04\/image3-1024x768.jpeg 1024w, https:\/\/etab.ac-reunion.fr\/clg-tamarins\/wp-content\/uploads\/sites\/56\/2025\/04\/image3-768x576.jpeg 768w, https:\/\/etab.ac-reunion.fr\/clg-tamarins\/wp-content\/uploads\/sites\/56\/2025\/04\/image3-1536x1152.jpeg 1536w, https:\/\/etab.ac-reunion.fr\/clg-tamarins\/wp-content\/uploads\/sites\/56\/2025\/04\/image3-2048x1536.jpeg 2048w\" sizes=\"auto, (max-width: 150px) 100vw, 150px\" \/><\/a><\/a>\n\t\t\t\t\n\t\t\t\t<h2 class=\"su-post-title\"><a href=\"https:\/\/etab.ac-reunion.fr\/clg-tamarins\/resultats-et-bilan-des-championnats-de-france-%f0%9f%87%ab%f0%9f%87%b7-unss-de-judo\/\">R\u00e9sultats et bilan des championnats de France \ud83c\uddeb\ud83c\uddf7 UNSS de judo<\/a><\/h2>\n\n\t\t\t\t<div class=\"su-post-meta\">\n\t\t\t\t\tPubli\u00e9: 24 avril 2025\t\t\t\t<\/div>\n\n\t\t\t\t<div class=\"su-post-excerpt\">\n\t\t\t\t\t<p>R\u00e9sultats et bilan des championnats de France \ud83c\uddeb\ud83c\uddf7 UNSS de judo \ud83e\udd4b qui se sont d\u00e9roul\u00e9s \u00e0 la Roche \ud83e\udea8 sur Yon : \ud83e\udd47Shivana et Inaya obtiennent le titre de championnes de France \ud83c\uddeb\ud83c\uddf7 UNSS de Kata apr\u00e8s un parcours sans faute \ud83d\udc4c\ud83c\udf88\ud83c\udf89 : 3 victoires en poule, puis 4\u2026<\/p>\n<p class=\"continue-reading-button\"> <a class=\"continue-reading-link\" href=\"https:\/\/etab.ac-reunion.fr\/clg-tamarins\/resultats-et-bilan-des-championnats-de-france-%f0%9f%87%ab%f0%9f%87%b7-unss-de-judo\/\">Continuer \u00e0 lire<i class=\"crycon-right-dir\"><\/i><\/a><\/p>\n\t\t\t\t<\/div>\n\n\t\t\t\t\n\t\t\t<\/div>\n\n\t\t\t\t\t\n\t\t\t\n\t\t\t<div id=\"su-post-9225\" class=\"su-post \">\n\n\t\t\t\t\t\t\t\t\t<a class=\"su-post-thumbnail\" href=\"https:\/\/etab.ac-reunion.fr\/clg-tamarins\/bilan-section-sportive-judo-2023-2024\/\"><a href=\"https:\/\/etab.ac-reunion.fr\/clg-tamarins\/bilan-section-sportive-judo-2023-2024\/\" title=\"Bilan Section Sportive Judo 2023-2024\"><img loading=\"lazy\" decoding=\"async\" width=\"150\" height=\"38\" src=\"https:\/\/etab.ac-reunion.fr\/clg-tamarins\/wp-content\/uploads\/sites\/56\/2024\/08\/bilan_section_sportive_judo_2023-2024-150x38.png\" class=\"attachment-post-thumbnail size-post-thumbnail wp-post-image\" alt=\"\" srcset=\"https:\/\/etab.ac-reunion.fr\/clg-tamarins\/wp-content\/uploads\/sites\/56\/2024\/08\/bilan_section_sportive_judo_2023-2024-150x38.png 150w, https:\/\/etab.ac-reunion.fr\/clg-tamarins\/wp-content\/uploads\/sites\/56\/2024\/08\/bilan_section_sportive_judo_2023-2024-300x77.png 300w, https:\/\/etab.ac-reunion.fr\/clg-tamarins\/wp-content\/uploads\/sites\/56\/2024\/08\/bilan_section_sportive_judo_2023-2024.png 626w\" sizes=\"auto, (max-width: 150px) 100vw, 150px\" \/><\/a><\/a>\n\t\t\t\t\n\t\t\t\t<h2 class=\"su-post-title\"><a href=\"https:\/\/etab.ac-reunion.fr\/clg-tamarins\/bilan-section-sportive-judo-2023-2024\/\">Bilan Section Sportive Judo 2023-2024<\/a><\/h2>\n\n\t\t\t\t<div class=\"su-post-meta\">\n\t\t\t\t\tPubli\u00e9: 28 ao\u00fbt 2024\t\t\t\t<\/div>\n\n\t\t\t\t<div class=\"su-post-excerpt\">\n\t\t\t\t\t<p>Lien de t\u00e9l\u00e9chargement du fichier:<\/p>\n<p class=\"continue-reading-button\"> <a class=\"continue-reading-link\" href=\"https:\/\/etab.ac-reunion.fr\/clg-tamarins\/bilan-section-sportive-judo-2023-2024\/\">Continuer \u00e0 lire<i class=\"crycon-right-dir\"><\/i><\/a><\/p>\n\t\t\t\t<\/div>\n\n\t\t\t\t\n\t\t\t<\/div>\n\n\t\t\t\t\t\n\t\t\t\n\t\t\t<div id=\"su-post-9243\" class=\"su-post \">\n\n\t\t\t\t\n\t\t\t\t<h2 class=\"su-post-title\"><a href=\"https:\/\/etab.ac-reunion.fr\/clg-tamarins\/retrospective-ses-judo-les-tamarins-2023-2024\/\">R\u00e9trospective SES Judo Les Tamarins 2023 2024<\/a><\/h2>\n\n\t\t\t\t<div class=\"su-post-meta\">\n\t\t\t\t\tPubli\u00e9: 3 juillet 2024\t\t\t\t<\/div>\n\n\t\t\t\t<div class=\"su-post-excerpt\">\n\t\t\t\t\t<p class=\"continue-reading-button\"> <a class=\"continue-reading-link\" href=\"https:\/\/etab.ac-reunion.fr\/clg-tamarins\/retrospective-ses-judo-les-tamarins-2023-2024\/\">Continuer \u00e0 lire<i class=\"crycon-right-dir\"><\/i><\/a><\/p>\n\t\t\t\t<\/div>\n\n\t\t\t\t\n\t\t\t<\/div>\n\n\t\t\t\t\t\n\t\t\t\n\t\t\t<div id=\"su-post-9208\" class=\"su-post \">\n\n\t\t\t\t\t\t\t\t\t<a class=\"su-post-thumbnail\" href=\"https:\/\/etab.ac-reunion.fr\/clg-tamarins\/__trashed-3\/\"><a href=\"https:\/\/etab.ac-reunion.fr\/clg-tamarins\/__trashed-3\/\" title=\"Championnat de France  UNSS de Judo 2024 - Coll\u00e8ge Les Tamarins\"><img loading=\"lazy\" decoding=\"async\" width=\"150\" height=\"113\" src=\"https:\/\/etab.ac-reunion.fr\/clg-tamarins\/wp-content\/uploads\/sites\/56\/2024\/06\/446078432_1459493284702461_2574036234239561332_n-150x113.jpg\" class=\"attachment-post-thumbnail size-post-thumbnail wp-post-image\" alt=\"\" srcset=\"https:\/\/etab.ac-reunion.fr\/clg-tamarins\/wp-content\/uploads\/sites\/56\/2024\/06\/446078432_1459493284702461_2574036234239561332_n-150x113.jpg 150w, https:\/\/etab.ac-reunion.fr\/clg-tamarins\/wp-content\/uploads\/sites\/56\/2024\/06\/446078432_1459493284702461_2574036234239561332_n-300x225.jpg 300w, https:\/\/etab.ac-reunion.fr\/clg-tamarins\/wp-content\/uploads\/sites\/56\/2024\/06\/446078432_1459493284702461_2574036234239561332_n-1024x768.jpg 1024w, https:\/\/etab.ac-reunion.fr\/clg-tamarins\/wp-content\/uploads\/sites\/56\/2024\/06\/446078432_1459493284702461_2574036234239561332_n-768x576.jpg 768w, https:\/\/etab.ac-reunion.fr\/clg-tamarins\/wp-content\/uploads\/sites\/56\/2024\/06\/446078432_1459493284702461_2574036234239561332_n-1536x1152.jpg 1536w, https:\/\/etab.ac-reunion.fr\/clg-tamarins\/wp-content\/uploads\/sites\/56\/2024\/06\/446078432_1459493284702461_2574036234239561332_n.jpg 2048w\" sizes=\"auto, (max-width: 150px) 100vw, 150px\" \/><\/a><\/a>\n\t\t\t\t\n\t\t\t\t<h2 class=\"su-post-title\"><a href=\"https:\/\/etab.ac-reunion.fr\/clg-tamarins\/__trashed-3\/\">Championnat de France  UNSS de Judo 2024 &#8211; Coll\u00e8ge Les Tamarins<\/a><\/h2>\n\n\t\t\t\t<div class=\"su-post-meta\">\n\t\t\t\t\tPubli\u00e9: 27 juin 2024\t\t\t\t<\/div>\n\n\t\t\t\t<div class=\"su-post-excerpt\">\n\t\t\t\t\t<p>Le coll\u00e8ge Les Tamarins s\u2019est class\u00e9 10\u00e8me du championnat de France UNSS de Judo 2024 qui a eu lieu le 04 avril 2024 \u00e0 Chatellerault ! L\u2019\u00e9quipe \u00e9tait compos\u00e9e de : Shivana, Inaya, Luna, Rohan, Basile, Noah, K\u00e9roan et Ana\u00efs ! Pour rappel : l\u2019an dernier l\u2019\u00e9quipe s\u2019\u00e9tait class\u00e9e 15\u00e8me.\u2026<\/p>\n<p class=\"continue-reading-button\"> <a class=\"continue-reading-link\" href=\"https:\/\/etab.ac-reunion.fr\/clg-tamarins\/__trashed-3\/\">Continuer \u00e0 lire<i class=\"crycon-right-dir\"><\/i><\/a><\/p>\n\t\t\t\t<\/div>\n\n\t\t\t\t\n\t\t\t<\/div>\n\n\t\t\t\t\t\n\t\t\t\n\t\t\t<div id=\"su-post-8951\" class=\"su-post \">\n\n\t\t\t\t\t\t\t\t\t<a class=\"su-post-thumbnail\" href=\"https:\/\/etab.ac-reunion.fr\/clg-tamarins\/tests-de-la-section-sportive-scolaire-judo\/\"><a href=\"https:\/\/etab.ac-reunion.fr\/clg-tamarins\/tests-de-la-section-sportive-scolaire-judo\/\" title=\"Tests de la Section Sportive Scolaire Judo\"><img loading=\"lazy\" decoding=\"async\" width=\"150\" height=\"63\" src=\"https:\/\/etab.ac-reunion.fr\/clg-tamarins\/wp-content\/uploads\/sites\/56\/2024\/03\/tests_SSSJ-150x63.png\" class=\"attachment-post-thumbnail size-post-thumbnail wp-post-image\" alt=\"\" srcset=\"https:\/\/etab.ac-reunion.fr\/clg-tamarins\/wp-content\/uploads\/sites\/56\/2024\/03\/tests_SSSJ-150x63.png 150w, https:\/\/etab.ac-reunion.fr\/clg-tamarins\/wp-content\/uploads\/sites\/56\/2024\/03\/tests_SSSJ-300x126.png 300w, https:\/\/etab.ac-reunion.fr\/clg-tamarins\/wp-content\/uploads\/sites\/56\/2024\/03\/tests_SSSJ-1024x430.png 1024w, https:\/\/etab.ac-reunion.fr\/clg-tamarins\/wp-content\/uploads\/sites\/56\/2024\/03\/tests_SSSJ-768x323.png 768w, https:\/\/etab.ac-reunion.fr\/clg-tamarins\/wp-content\/uploads\/sites\/56\/2024\/03\/tests_SSSJ.png 1071w\" sizes=\"auto, (max-width: 150px) 100vw, 150px\" \/><\/a><\/a>\n\t\t\t\t\n\t\t\t\t<h2 class=\"su-post-title\"><a href=\"https:\/\/etab.ac-reunion.fr\/clg-tamarins\/tests-de-la-section-sportive-scolaire-judo\/\">Tests de la Section Sportive Scolaire Judo<\/a><\/h2>\n\n\t\t\t\t<div class=\"su-post-meta\">\n\t\t\t\t\tPubli\u00e9: 21 mars 2024\t\t\t\t<\/div>\n\n\t\t\t\t<div class=\"su-post-excerpt\">\n\t\t\t\t\t<p>\u00ab\u00a0Tests de la section sportive scolaire judo le mercredi 10 Avril 2024 \u00e0 13h au coll\u00e8ge Les Tamarins.\u00a0\u00bb Venir en tenue de sport compl\u00e8te + bouteille d&rsquo;eau. Emmenez l&rsquo;autorisation parentale et la fiche de candidature remplie et sign\u00e9e par le directeur d&rsquo;\u00e9cole.<\/p>\n<p class=\"continue-reading-button\"> <a class=\"continue-reading-link\" href=\"https:\/\/etab.ac-reunion.fr\/clg-tamarins\/tests-de-la-section-sportive-scolaire-judo\/\">Continuer \u00e0 lire<i class=\"crycon-right-dir\"><\/i><\/a><\/p>\n\t\t\t\t<\/div>\n\n\t\t\t\t\n\t\t\t<\/div>\n\n\t\t\t\t\t\n\t\t\t\n\t\t\t<div id=\"su-post-8830\" class=\"su-post \">\n\n\t\t\t\t\t\t\t\t\t<a class=\"su-post-thumbnail\" href=\"https:\/\/etab.ac-reunion.fr\/clg-tamarins\/presentation-de-la-section-sportive-scolaire-judo-college-les-tamarins\/\"><a href=\"https:\/\/etab.ac-reunion.fr\/clg-tamarins\/presentation-de-la-section-sportive-scolaire-judo-college-les-tamarins\/\" title=\"Pr\u00e9sentation de la Section Sportive Scolaire Judo - Coll\u00e8ge Les Tamarins\"><img loading=\"lazy\" decoding=\"async\" width=\"150\" height=\"84\" src=\"https:\/\/etab.ac-reunion.fr\/clg-tamarins\/wp-content\/uploads\/sites\/56\/2024\/02\/miniature-option-judo-1-150x84.png\" class=\"attachment-post-thumbnail size-post-thumbnail wp-post-image\" alt=\"\" srcset=\"https:\/\/etab.ac-reunion.fr\/clg-tamarins\/wp-content\/uploads\/sites\/56\/2024\/02\/miniature-option-judo-1-150x84.png 150w, https:\/\/etab.ac-reunion.fr\/clg-tamarins\/wp-content\/uploads\/sites\/56\/2024\/02\/miniature-option-judo-1-300x168.png 300w, https:\/\/etab.ac-reunion.fr\/clg-tamarins\/wp-content\/uploads\/sites\/56\/2024\/02\/miniature-option-judo-1-1024x572.png 1024w, https:\/\/etab.ac-reunion.fr\/clg-tamarins\/wp-content\/uploads\/sites\/56\/2024\/02\/miniature-option-judo-1-768x429.png 768w, https:\/\/etab.ac-reunion.fr\/clg-tamarins\/wp-content\/uploads\/sites\/56\/2024\/02\/miniature-option-judo-1-1536x858.png 1536w, https:\/\/etab.ac-reunion.fr\/clg-tamarins\/wp-content\/uploads\/sites\/56\/2024\/02\/miniature-option-judo-1.png 1893w\" sizes=\"auto, (max-width: 150px) 100vw, 150px\" \/><\/a><\/a>\n\t\t\t\t\n\t\t\t\t<h2 class=\"su-post-title\"><a href=\"https:\/\/etab.ac-reunion.fr\/clg-tamarins\/presentation-de-la-section-sportive-scolaire-judo-college-les-tamarins\/\">Pr\u00e9sentation de la Section Sportive Scolaire Judo &#8211; Coll\u00e8ge Les Tamarins<\/a><\/h2>\n\n\t\t\t\t<div class=\"su-post-meta\">\n\t\t\t\t\tPubli\u00e9: 27 f\u00e9vrier 2024\t\t\t\t<\/div>\n\n\t\t\t\t<div class=\"su-post-excerpt\">\n\t\t\t\t\t<p class=\"continue-reading-button\"> <a class=\"continue-reading-link\" href=\"https:\/\/etab.ac-reunion.fr\/clg-tamarins\/presentation-de-la-section-sportive-scolaire-judo-college-les-tamarins\/\">Continuer \u00e0 lire<i class=\"crycon-right-dir\"><\/i><\/a><\/p>\n\t\t\t\t<\/div>\n\n\t\t\t\t\n\t\t\t<\/div>\n\n\t\t\t\t\t\n\t\t\t\n\t\t\t<div id=\"su-post-557\" class=\"su-post \">\n\n\t\t\t\t\t\t\t\t\t<a class=\"su-post-thumbnail\" href=\"https:\/\/etab.ac-reunion.fr\/clg-tamarins\/557\/\"><a href=\"https:\/\/etab.ac-reunion.fr\/clg-tamarins\/557\/\" title=\"Le Coll\u00e8ge des tamarins aux Championnats de France UNSS de Judo\"><img loading=\"lazy\" decoding=\"async\" width=\"150\" height=\"61\" src=\"https:\/\/etab.ac-reunion.fr\/clg-tamarins\/wp-content\/uploads\/sites\/56\/2014\/06\/judo_art_champunss_2014.jpg\" class=\"attachment-post-thumbnail size-post-thumbnail wp-post-image\" alt=\"\" srcset=\"https:\/\/etab.ac-reunion.fr\/clg-tamarins\/wp-content\/uploads\/sites\/56\/2014\/06\/judo_art_champunss_2014.jpg 2592w, https:\/\/etab.ac-reunion.fr\/clg-tamarins\/wp-content\/uploads\/sites\/56\/2014\/06\/judo_art_champunss_2014-300x122.jpg 300w, https:\/\/etab.ac-reunion.fr\/clg-tamarins\/wp-content\/uploads\/sites\/56\/2014\/06\/judo_art_champunss_2014-1024x419.jpg 1024w\" sizes=\"auto, (max-width: 150px) 100vw, 150px\" \/><\/a><\/a>\n\t\t\t\t\n\t\t\t\t<h2 class=\"su-post-title\"><a href=\"https:\/\/etab.ac-reunion.fr\/clg-tamarins\/557\/\">Le Coll\u00e8ge des tamarins aux Championnats de France UNSS de Judo<\/a><\/h2>\n\n\t\t\t\t<div class=\"su-post-meta\">\n\t\t\t\t\tPubli\u00e9: 12 juin 2014\t\t\t\t<\/div>\n\n\t\t\t\t<div class=\"su-post-excerpt\">\n\t\t\t\t\t<p>Notre \u00e9quipe, pour leur premi\u00e8re participation , termine 9\u00e8me sur 30<br \/>\n<!--more--><\/p>\n<p class=\"continue-reading-button\"> <a class=\"continue-reading-link\" href=\"https:\/\/etab.ac-reunion.fr\/clg-tamarins\/557\/\">Continuer \u00e0 lire<i class=\"crycon-right-dir\"><\/i><\/a><\/p>\n\t\t\t\t<\/div>\n\n\t\t\t\t\n\t\t\t<\/div>\n\n\t\t\n\t\n<\/div>\n\n<p>&nbsp;<\/p>\n<p>&nbsp;<\/p>\n","protected":false},"excerpt":{"rendered":"<p>Lien de la vid\u00e9o de pr\u00e9sentation : \u00ab\u00a0https:\/\/tube-education-physique-et-sportive.apps.education.fr\/w\/nTAMif686LtVY9cRN7pSgu\u00a0\u00bb &nbsp; &nbsp;<\/p>\n<p class=\"continue-reading-button\"> <a class=\"continue-reading-link\" href=\"https:\/\/etab.ac-reunion.fr\/clg-tamarins\/557\/\">Continuer \u00e0 lire<i class=\"crycon-right-dir\"><\/i><\/a><\/p>\n","protected":false},"author":13730,"featured_media":0,"parent":0,"menu_order":0,"comment_status":"closed","ping_status":"closed","template":"","meta":{"footnotes":""},"class_list":["post-4766","page","type-page","status-publish","hentry"],"_links":{"self":[{"href":"https:\/\/etab.ac-reunion.fr\/clg-tamarins\/wp-json\/wp\/v2\/pages\/4766","targetHints":{"allow":["GET"]}}],"collection":[{"href":"https:\/\/etab.ac-reunion.fr\/clg-tamarins\/wp-json\/wp\/v2\/pages"}],"about":[{"href":"https:\/\/etab.ac-reunion.fr\/clg-tamarins\/wp-json\/wp\/v2\/types\/page"}],"author":[{"embeddable":true,"href":"https:\/\/etab.ac-reunion.fr\/clg-tamarins\/wp-json\/wp\/v2\/users\/13730"}],"replies":[{"embeddable":true,"href":"https:\/\/etab.ac-reunion.fr\/clg-tamarins\/wp-json\/wp\/v2\/comments?post=4766"}],"version-history":[{"count":12,"href":"https:\/\/etab.ac-reunion.fr\/clg-tamarins\/wp-json\/wp\/v2\/pages\/4766\/revisions"}],"predecessor-version":[{"id":9483,"href":"https:\/\/etab.ac-reunion.fr\/clg-tamarins\/wp-json\/wp\/v2\/pages\/4766\/revisions\/9483"}],"wp:attachment":[{"href":"https:\/\/etab.ac-reunion.fr\/clg-tamarins\/wp-json\/wp\/v2\/media?parent=4766"}],"curies":[{"name":"wp","href":"https:\/\/api.w.org\/{rel}","templated":true}]}}