{"id":4772,"date":"2016-12-10T00:27:46","date_gmt":"2016-12-09T20:27:46","guid":{"rendered":"http:\/\/college-les-tamarins.ac-reunion.fr\/?page_id=4772"},"modified":"2025-02-17T14:21:03","modified_gmt":"2025-02-17T10:21:03","slug":"classe-ulis","status":"publish","type":"page","link":"https:\/\/etab.ac-reunion.fr\/clg-tamarins\/classe-ulis\/","title":{"rendered":"Dispositif-ULIS"},"content":{"rendered":"<div id=\"su_slider_69f1c7f5b5e35\" class=\"su-slider su-slider-centered su-slider-pages-no su-slider-responsive-yes\" style=\"width:100%\" data-autoplay=\"8000\" data-speed=\"1000\" data-mousewheel=\"false\"><div class=\"su-slider-slides\"><div class=\"su-slider-slide\"><a><img decoding=\"async\" src=\"https:\/\/etab.ac-reunion.fr\/clg-tamarins\/wp-content\/uploads\/sites\/56\/2014\/12\/ULIS-PANO3-960x300.jpg\" alt=\"ULIS-PANO3-960&#215;300\" \/><\/a><\/div><div class=\"su-slider-slide\"><a><img decoding=\"async\" src=\"https:\/\/etab.ac-reunion.fr\/clg-tamarins\/wp-content\/uploads\/sites\/56\/2014\/12\/ULIS-PANO2-960x300.jpg\" alt=\"ULIS-PANO2-960&#215;300\" \/><\/a><\/div><div class=\"su-slider-slide\"><a><img decoding=\"async\" src=\"https:\/\/etab.ac-reunion.fr\/clg-tamarins\/wp-content\/uploads\/sites\/56\/2014\/12\/ULIS-PANO-960x300.jpg\" alt=\"ULIS-PANO-960&#215;300\" \/><\/a><\/div><div class=\"su-slider-slide\"><a><img decoding=\"async\" src=\"https:\/\/etab.ac-reunion.fr\/clg-tamarins\/wp-content\/uploads\/sites\/56\/2014\/12\/ULIS-PANO5-960x300.jpg\" alt=\"ULIS-PANO5-960&#215;300\" \/><\/a><\/div><div class=\"su-slider-slide\"><a><img decoding=\"async\" src=\"https:\/\/etab.ac-reunion.fr\/clg-tamarins\/wp-content\/uploads\/sites\/56\/2014\/12\/ULIS-PANO4-960x300.jpg\" alt=\"ULIS-PANO4-960&#215;300\" \/><\/a><\/div><\/div><div class=\"su-slider-nav\"><div class=\"su-slider-pagination\"><\/div><\/div><\/div>\n<div class=\"su-tabs su-tabs-style-default su-tabs-mobile-stack\" data-active=\"1\" data-scroll-offset=\"0\" data-anchor-in-url=\"no\"><div class=\"su-tabs-nav\"><span class=\"\" data-url=\"\" data-target=\"blank\" tabindex=\"0\" role=\"button\">Pr\u00e9sentation<\/span><span class=\"\" data-url=\"\" data-target=\"blank\" tabindex=\"0\" role=\"button\">Actualit\u00e9s<\/span><\/div><div class=\"su-tabs-panes\"><div class=\"su-tabs-pane su-u-clearfix su-u-trim\" data-title=\"Pr\u00e9sentation\">\n<h1>Qu\u2019est-ce que l\u2019ULIS ? Unit\u00e9 Localis\u00e9e pour l\u2019Inclusion Scolaire<\/h1>\n<p>L\u2019ULIS accueille des \u00e9l\u00e8ves dont le handicap ne permet pas d\u2019envisager une scolarisation individuelle continue dans une classe ordinaire mais qui peuvent b\u00e9n\u00e9ficier, dans le cadre d\u2019un \u00e9tablissement scolaire du second degr\u00e9, d\u2019une scolarisation adapt\u00e9e. L\u2019ULIS est un dispositif permettant la mise en \u0153uvre des projets personnalis\u00e9s de scolarisation.<br \/>\nAu coll\u00e8ge les Tamarins, 10 \u00e9l\u00e8ves font partie du dispositif ULIS. Ils font partie int\u00e9grante d\u2019une classe et re\u00e7oivent, dans le cadre de l\u2019ULIS, un enseignement adapt\u00e9 r\u00e9pondant \u00e0 leurs besoins.<\/p>\n<h4>Mme El Khaldouni:<\/h4>\n<p><a href=\"https:\/\/etab.ac-reunion.fr\/clg-tamarins\/wp-content\/uploads\/sites\/56\/2014\/12\/Photo_ID_gilberte-ElKhaldouny.jpg\"><img loading=\"lazy\" decoding=\"async\" class=\"aligncenter wp-image-2660 size-full\" src=\"https:\/\/etab.ac-reunion.fr\/clg-tamarins\/wp-content\/uploads\/sites\/56\/2014\/12\/Photo_ID_gilberte-ElKhaldouny.jpg\" alt=\"Photo_ID_gilberte ElKhaldouny\" width=\"239\" height=\"319\" srcset=\"https:\/\/etab.ac-reunion.fr\/clg-tamarins\/wp-content\/uploads\/sites\/56\/2014\/12\/Photo_ID_gilberte-ElKhaldouny.jpg 239w, https:\/\/etab.ac-reunion.fr\/clg-tamarins\/wp-content\/uploads\/sites\/56\/2014\/12\/Photo_ID_gilberte-ElKhaldouny-224x300.jpg 224w\" sizes=\"auto, (max-width: 239px) 100vw, 239px\" \/><\/a><\/p>\n<p>&nbsp;<\/p>\n<div class='et-learn-more et-open clearfix'>\n\t\t\t\t\t<h3 class='heading-more open'>Pour en savoir plus<span class='et_learnmore_arrow'><span><\/span><\/span><\/h3>\n\t\t\t\t\t<div class='learn-more-content'><p><a href=\"http:\/\/eduscol.education.fr\/cid53163\/les-unites-localisees-pour-l-inclusion-scolaire-ulis.html\" target=\"_blank\" rel=\"noopener\">http:\/\/eduscol.education.fr\/cid53163\/les-unites-localisees-pour-l-inclusion-scolaire-ulis.html<\/a><\/p>\n<p><a href=\"\/\/www.education.gouv.fr\/cid52478\/mene1015813c.html\" target=\"_blank\" rel=\"noopener\"> http:\/\/www.education.gouv.fr\/cid52478\/mene1015813c.html<\/a><\/p><\/div>\n\t\t\t\t<\/div>\n<\/div>\n<div class=\"su-tabs-pane su-u-clearfix su-u-trim\" data-title=\"Actualit\u00e9s\">\n\n\n<div class=\"su-posts su-posts-default-loop \">\n\n\t\n\t\t\t\t\t\n\t\t\t\n\t\t\t<div id=\"su-post-2610\" class=\"su-post \">\n\n\t\t\t\t\t\t\t\t\t<a class=\"su-post-thumbnail\" href=\"https:\/\/etab.ac-reunion.fr\/clg-tamarins\/classe-ulis-la-sortie-au-theatre-2\/\"><a href=\"https:\/\/etab.ac-reunion.fr\/clg-tamarins\/classe-ulis-la-sortie-au-theatre-2\/\" title=\"CLASSE ULIS: La sortie au th\u00e9\u00e2tre\"><img loading=\"lazy\" decoding=\"async\" width=\"150\" height=\"101\" src=\"https:\/\/etab.ac-reunion.fr\/clg-tamarins\/wp-content\/uploads\/sites\/56\/2014\/12\/ART_ULIS_12-2014-peau-d\u00e2ne2.jpg\" class=\"attachment-post-thumbnail size-post-thumbnail wp-post-image\" alt=\"\" srcset=\"https:\/\/etab.ac-reunion.fr\/clg-tamarins\/wp-content\/uploads\/sites\/56\/2014\/12\/ART_ULIS_12-2014-peau-d\u00e2ne2.jpg 843w, https:\/\/etab.ac-reunion.fr\/clg-tamarins\/wp-content\/uploads\/sites\/56\/2014\/12\/ART_ULIS_12-2014-peau-d\u00e2ne2-300x201.jpg 300w, https:\/\/etab.ac-reunion.fr\/clg-tamarins\/wp-content\/uploads\/sites\/56\/2014\/12\/ART_ULIS_12-2014-peau-d\u00e2ne2-140x94.jpg 140w\" sizes=\"auto, (max-width: 150px) 100vw, 150px\" \/><\/a><\/a>\n\t\t\t\t\n\t\t\t\t<h2 class=\"su-post-title\"><a href=\"https:\/\/etab.ac-reunion.fr\/clg-tamarins\/classe-ulis-la-sortie-au-theatre-2\/\">CLASSE ULIS: La sortie au th\u00e9\u00e2tre<\/a><\/h2>\n\n\t\t\t\t<div class=\"su-post-meta\">\n\t\t\t\t\tPubli\u00e9: 19 d\u00e9cembre 2014\t\t\t\t<\/div>\n\n\t\t\t\t<div class=\"su-post-excerpt\">\n\t\t\t\t\t<p>&nbsp; &nbsp; &nbsp; &nbsp; &nbsp; &nbsp; &nbsp; &nbsp; &nbsp; &nbsp; &nbsp; &nbsp; &nbsp; &nbsp; &nbsp; &nbsp; &nbsp; &nbsp; &nbsp; La classe ULIS<\/p>\n<p class=\"continue-reading-button\"> <a class=\"continue-reading-link\" href=\"https:\/\/etab.ac-reunion.fr\/clg-tamarins\/classe-ulis-la-sortie-au-theatre-2\/\">Continuer \u00e0 lire<i class=\"crycon-right-dir\"><\/i><\/a><\/p>\n\t\t\t\t<\/div>\n\n\t\t\t\t\n\t\t\t<\/div>\n\n\t\t\t\t\t\n\t\t\t\n\t\t\t<div id=\"su-post-2649\" class=\"su-post \">\n\n\t\t\t\t\n\t\t\t\t<h2 class=\"su-post-title\"><a href=\"https:\/\/etab.ac-reunion.fr\/clg-tamarins\/classe-ulis-casse-tete-pour-les-vacances\/\">Classe ULIS: CASSE-TETE POUR LES VACANCES<\/a><\/h2>\n\n\t\t\t\t<div class=\"su-post-meta\">\n\t\t\t\t\tPubli\u00e9: 18 d\u00e9cembre 2014\t\t\t\t<\/div>\n\n\t\t\t\t<div class=\"su-post-excerpt\">\n\t\t\t\t\t<p>Si vous vous ennuyez pendant les vacances, s&rsquo;il y a un cyclone, si vous aimez les devinettes, \u2026. Vous \u00eates servis par les \u00e9l\u00e8ves d&rsquo;ULIS qui ont r\u00e9dig\u00e9 des petits textes cachant un nombre secret. Les r\u00e9ponses seront affich\u00e9es dans la salle B5 \u00e0 la rentr\u00e9e. Venez les v\u00e9rifier, vous\u2026<\/p>\n<p class=\"continue-reading-button\"> <a class=\"continue-reading-link\" href=\"https:\/\/etab.ac-reunion.fr\/clg-tamarins\/classe-ulis-casse-tete-pour-les-vacances\/\">Continuer \u00e0 lire<i class=\"crycon-right-dir\"><\/i><\/a><\/p>\n\t\t\t\t<\/div>\n\n\t\t\t\t\n\t\t\t<\/div>\n\n\t\t\t\t\t\n\t\t\t\n\t\t\t<div id=\"su-post-2571\" class=\"su-post \">\n\n\t\t\t\t\t\t\t\t\t<a class=\"su-post-thumbnail\" href=\"https:\/\/etab.ac-reunion.fr\/clg-tamarins\/le-loto-quine-de-noel\/\"><a href=\"https:\/\/etab.ac-reunion.fr\/clg-tamarins\/le-loto-quine-de-noel\/\" title=\"LE LOTO QUINE DE NOEL\"><img loading=\"lazy\" decoding=\"async\" width=\"150\" height=\"113\" src=\"https:\/\/etab.ac-reunion.fr\/clg-tamarins\/wp-content\/uploads\/sites\/56\/2014\/12\/ART_LOTO_QUINE_18.jpg\" class=\"attachment-post-thumbnail size-post-thumbnail wp-post-image\" alt=\"\" srcset=\"https:\/\/etab.ac-reunion.fr\/clg-tamarins\/wp-content\/uploads\/sites\/56\/2014\/12\/ART_LOTO_QUINE_18.jpg 1024w, https:\/\/etab.ac-reunion.fr\/clg-tamarins\/wp-content\/uploads\/sites\/56\/2014\/12\/ART_LOTO_QUINE_18-300x225.jpg 300w\" sizes=\"auto, (max-width: 150px) 100vw, 150px\" \/><\/a><\/a>\n\t\t\t\t\n\t\t\t\t<h2 class=\"su-post-title\"><a href=\"https:\/\/etab.ac-reunion.fr\/clg-tamarins\/le-loto-quine-de-noel\/\">LE LOTO QUINE DE NOEL<\/a><\/h2>\n\n\t\t\t\t<div class=\"su-post-meta\">\n\t\t\t\t\tPubli\u00e9: 15 d\u00e9cembre 2014\t\t\t\t<\/div>\n\n\t\t\t\t<div class=\"su-post-excerpt\">\n\t\t\t\t\t<p>En cette derni\u00e8re semaine, les \u00e9l\u00e8ves de l\u2019ULIS ont expos\u00e9 leurs \u0153uvres. Pour \u00ab\u00a0mieux vivre ensemble\u00a0\u00bbsur l\u2019initiative de Mme ETHEVE, un loto quine a \u00e9t\u00e9 organis\u00e9 au CDI pour les demi-pensionnaires du coll\u00e8ge. Les lots\u00a0: des tonnes de chocolats pour le bonheur des petits et des grands\u00a0! Nicole ETHEVE, Sylvie\u00a0FELIX\u2026<\/p>\n<p class=\"continue-reading-button\"> <a class=\"continue-reading-link\" href=\"https:\/\/etab.ac-reunion.fr\/clg-tamarins\/le-loto-quine-de-noel\/\">Continuer \u00e0 lire<i class=\"crycon-right-dir\"><\/i><\/a><\/p>\n\t\t\t\t<\/div>\n\n\t\t\t\t\n\t\t\t<\/div>\n\n\t\t\n\t\n<\/div>\n\n<\/div><\/div><\/div>\n","protected":false},"excerpt":{"rendered":"<p class=\"continue-reading-button\"> <a class=\"continue-reading-link\" href=\"https:\/\/etab.ac-reunion.fr\/clg-tamarins\/le-loto-quine-de-noel\/\">Continuer \u00e0 lire<i class=\"crycon-right-dir\"><\/i><\/a><\/p>\n","protected":false},"author":13730,"featured_media":0,"parent":0,"menu_order":0,"comment_status":"closed","ping_status":"closed","template":"","meta":{"footnotes":""},"class_list":["post-4772","page","type-page","status-publish","hentry"],"_links":{"self":[{"href":"https:\/\/etab.ac-reunion.fr\/clg-tamarins\/wp-json\/wp\/v2\/pages\/4772","targetHints":{"allow":["GET"]}}],"collection":[{"href":"https:\/\/etab.ac-reunion.fr\/clg-tamarins\/wp-json\/wp\/v2\/pages"}],"about":[{"href":"https:\/\/etab.ac-reunion.fr\/clg-tamarins\/wp-json\/wp\/v2\/types\/page"}],"author":[{"embeddable":true,"href":"https:\/\/etab.ac-reunion.fr\/clg-tamarins\/wp-json\/wp\/v2\/users\/13730"}],"replies":[{"embeddable":true,"href":"https:\/\/etab.ac-reunion.fr\/clg-tamarins\/wp-json\/wp\/v2\/comments?post=4772"}],"version-history":[{"count":4,"href":"https:\/\/etab.ac-reunion.fr\/clg-tamarins\/wp-json\/wp\/v2\/pages\/4772\/revisions"}],"predecessor-version":[{"id":9484,"href":"https:\/\/etab.ac-reunion.fr\/clg-tamarins\/wp-json\/wp\/v2\/pages\/4772\/revisions\/9484"}],"wp:attachment":[{"href":"https:\/\/etab.ac-reunion.fr\/clg-tamarins\/wp-json\/wp\/v2\/media?parent=4772"}],"curies":[{"name":"wp","href":"https:\/\/api.w.org\/{rel}","templated":true}]}}

<div id="su_slider_69f1c7f5b5e35" class="su-slider su-slider-centered su-slider-pages-no su-slider-responsive-yes" style="width:100%" data-autoplay="8000" data-speed="1000" data-mousewheel="false"><div class="su-slider-slides"><div class="su-slider-slide"><a><img decoding="async" src="https://etab.ac-reunion.fr/clg-tamarins/wp-content/uploads/sites/56/2014/12/ULIS-PANO3-960x300.jpg" alt="ULIS-PANO3-960&#215;300" /></a></div><div class="su-slider-slide"><a><img decoding="async" src="https://etab.ac-reunion.fr/clg-tamarins/wp-content/uploads/sites/56/2014/12/ULIS-PANO2-960x300.jpg" alt="ULIS-PANO2-960&#215;300" /></a></div><div class="su-slider-slide"><a><img decoding="async" src="https://etab.ac-reunion.fr/clg-tamarins/wp-content/uploads/sites/56/2014/12/ULIS-PANO-960x300.jpg" alt="ULIS-PANO-960&#215;300" /></a></div><div class="su-slider-slide"><a><img decoding="async" src="https://etab.ac-reunion.fr/clg-tamarins/wp-content/uploads/sites/56/2014/12/ULIS-PANO5-960x300.jpg" alt="ULIS-PANO5-960&#215;300" /></a></div><div class="su-slider-slide"><a><img decoding="async" src="https://etab.ac-reunion.fr/clg-tamarins/wp-content/uploads/sites/56/2014/12/ULIS-PANO4-960x300.jpg" alt="ULIS-PANO4-960&#215;300" /></a></div></div><div class="su-slider-nav"><div class="su-slider-pagination"></div></div></div>
<div class="su-tabs su-tabs-style-default su-tabs-mobile-stack" data-active="1" data-scroll-offset="0" data-anchor-in-url="no"><div class="su-tabs-nav"><span class="" data-url="" data-target="blank" tabindex="0" role="button">Présentation</span><span class="" data-url="" data-target="blank" tabindex="0" role="button">Actualités</span></div><div class="su-tabs-panes"><div class="su-tabs-pane su-u-clearfix su-u-trim" data-title="Présentation">
<h1>Qu’est-ce que l’ULIS ? Unité Localisée pour l’Inclusion Scolaire</h1>
<p>L’ULIS accueille des élèves dont le handicap ne permet pas d’envisager une scolarisation individuelle continue dans une classe ordinaire mais qui peuvent bénéficier, dans le cadre d’un établissement scolaire du second degré, d’une scolarisation adaptée. L’ULIS est un dispositif permettant la mise en œuvre des projets personnalisés de scolarisation.<br />
Au collège les Tamarins, 10 élèves font partie du dispositif ULIS. Ils font partie intégrante d’une classe et reçoivent, dans le cadre de l’ULIS, un enseignement adapté répondant à leurs besoins.</p>
<h4>Mme El Khaldouni:</h4>
<p><a href="https://etab.ac-reunion.fr/clg-tamarins/wp-content/uploads/sites/56/2014/12/Photo_ID_gilberte-ElKhaldouny.jpg"><img loading="lazy" decoding="async" class="aligncenter wp-image-2660 size-full" src="https://etab.ac-reunion.fr/clg-tamarins/wp-content/uploads/sites/56/2014/12/Photo_ID_gilberte-ElKhaldouny.jpg" alt="Photo_ID_gilberte ElKhaldouny" width="239" height="319" srcset="https://etab.ac-reunion.fr/clg-tamarins/wp-content/uploads/sites/56/2014/12/Photo_ID_gilberte-ElKhaldouny.jpg 239w, https://etab.ac-reunion.fr/clg-tamarins/wp-content/uploads/sites/56/2014/12/Photo_ID_gilberte-ElKhaldouny-224x300.jpg 224w" sizes="auto, (max-width: 239px) 100vw, 239px" /></a></p>
<p>&nbsp;</p>
<div class='et-learn-more et-open clearfix'>
					<h3 class='heading-more open'>Pour en savoir plus<span class='et_learnmore_arrow'><span></span></span></h3>
					<div class='learn-more-content'><p><a href="http://eduscol.education.fr/cid53163/les-unites-localisees-pour-l-inclusion-scolaire-ulis.html" target="_blank" rel="noopener">http://eduscol.education.fr/cid53163/les-unites-localisees-pour-l-inclusion-scolaire-ulis.html</a></p>
<p><a href="//www.education.gouv.fr/cid52478/mene1015813c.html" target="_blank" rel="noopener"> http://www.education.gouv.fr/cid52478/mene1015813c.html</a></p></div>
				</div>
</div>
<div class="su-tabs-pane su-u-clearfix su-u-trim" data-title="Actualités">


<div class="su-posts su-posts-default-loop ">

	
					
			
			<div id="su-post-2610" class="su-post ">

									<a class="su-post-thumbnail" href="https://etab.ac-reunion.fr/clg-tamarins/classe-ulis-la-sortie-au-theatre-2/"><a href="https://etab.ac-reunion.fr/clg-tamarins/classe-ulis-la-sortie-au-theatre-2/" title="CLASSE ULIS: La sortie au théâtre"><img loading="lazy" decoding="async" width="150" height="101" src="https://etab.ac-reunion.fr/clg-tamarins/wp-content/uploads/sites/56/2014/12/ART_ULIS_12-2014-peau-dâne2.jpg" class="attachment-post-thumbnail size-post-thumbnail wp-post-image" alt="" srcset="https://etab.ac-reunion.fr/clg-tamarins/wp-content/uploads/sites/56/2014/12/ART_ULIS_12-2014-peau-dâne2.jpg 843w, https://etab.ac-reunion.fr/clg-tamarins/wp-content/uploads/sites/56/2014/12/ART_ULIS_12-2014-peau-dâne2-300x201.jpg 300w, https://etab.ac-reunion.fr/clg-tamarins/wp-content/uploads/sites/56/2014/12/ART_ULIS_12-2014-peau-dâne2-140x94.jpg 140w" sizes="auto, (max-width: 150px) 100vw, 150px" /></a></a>
				
				<h2 class="su-post-title"><a href="https://etab.ac-reunion.fr/clg-tamarins/classe-ulis-la-sortie-au-theatre-2/">CLASSE ULIS: La sortie au théâtre</a></h2>

				<div class="su-post-meta">
					Publié: 19 décembre 2014				</div>

				<div class="su-post-excerpt">
					<p>&nbsp; &nbsp; &nbsp; &nbsp; &nbsp; &nbsp; &nbsp; &nbsp; &nbsp; &nbsp; &nbsp; &nbsp; &nbsp; &nbsp; &nbsp; &nbsp; &nbsp; &nbsp; &nbsp; La classe ULIS</p>
<p class="continue-reading-button"> <a class="continue-reading-link" href="https://etab.ac-reunion.fr/clg-tamarins/classe-ulis-la-sortie-au-theatre-2/">Continuer à lire<i class="crycon-right-dir"></i></a></p>
				</div>

				
			</div>

					
			
			<div id="su-post-2649" class="su-post ">

				
				<h2 class="su-post-title"><a href="https://etab.ac-reunion.fr/clg-tamarins/classe-ulis-casse-tete-pour-les-vacances/">Classe ULIS: CASSE-TETE POUR LES VACANCES</a></h2>

				<div class="su-post-meta">
					Publié: 18 décembre 2014				</div>

				<div class="su-post-excerpt">
					<p>Si vous vous ennuyez pendant les vacances, s&rsquo;il y a un cyclone, si vous aimez les devinettes, …. Vous êtes servis par les élèves d&rsquo;ULIS qui ont rédigé des petits textes cachant un nombre secret. Les réponses seront affichées dans la salle B5 à la rentrée. Venez les vérifier, vous…</p>
<p class="continue-reading-button"> <a class="continue-reading-link" href="https://etab.ac-reunion.fr/clg-tamarins/classe-ulis-casse-tete-pour-les-vacances/">Continuer à lire<i class="crycon-right-dir"></i></a></p>
				</div>

				
			</div>

					
			
			<div id="su-post-2571" class="su-post ">

									<a class="su-post-thumbnail" href="https://etab.ac-reunion.fr/clg-tamarins/le-loto-quine-de-noel/"><a href="https://etab.ac-reunion.fr/clg-tamarins/le-loto-quine-de-noel/" title="LE LOTO QUINE DE NOEL"><img loading="lazy" decoding="async" width="150" height="113" src="https://etab.ac-reunion.fr/clg-tamarins/wp-content/uploads/sites/56/2014/12/ART_LOTO_QUINE_18.jpg" class="attachment-post-thumbnail size-post-thumbnail wp-post-image" alt="" srcset="https://etab.ac-reunion.fr/clg-tamarins/wp-content/uploads/sites/56/2014/12/ART_LOTO_QUINE_18.jpg 1024w, https://etab.ac-reunion.fr/clg-tamarins/wp-content/uploads/sites/56/2014/12/ART_LOTO_QUINE_18-300x225.jpg 300w" sizes="auto, (max-width: 150px) 100vw, 150px" /></a></a>
				
				<h2 class="su-post-title"><a href="https://etab.ac-reunion.fr/clg-tamarins/le-loto-quine-de-noel/">LE LOTO QUINE DE NOEL</a></h2>

				<div class="su-post-meta">
					Publié: 15 décembre 2014				</div>

				<div class="su-post-excerpt">
					<p>En cette dernière semaine, les élèves de l’ULIS ont exposé leurs œuvres. Pour « mieux vivre ensemble »sur l’initiative de Mme ETHEVE, un loto quine a été organisé au CDI pour les demi-pensionnaires du collège. Les lots : des tonnes de chocolats pour le bonheur des petits et des grands ! Nicole ETHEVE, Sylvie FELIX…</p>
<p class="continue-reading-button"> <a class="continue-reading-link" href="https://etab.ac-reunion.fr/clg-tamarins/le-loto-quine-de-noel/">Continuer à lire<i class="crycon-right-dir"></i></a></p>
				</div>

				
			</div>

		
	
</div>

</div></div></div>

<p class="continue-reading-button"> <a class="continue-reading-link" href="https://etab.ac-reunion.fr/clg-tamarins/le-loto-quine-de-noel/">Continuer à lire<i class="crycon-right-dir"></i></a></p>
