{"id":4940,"date":"2016-12-12T09:34:05","date_gmt":"2016-12-12T05:34:05","guid":{"rendered":"http:\/\/college-les-tamarins.ac-reunion.fr\/?page_id=4940"},"modified":"2021-12-02T11:14:21","modified_gmt":"2021-12-02T07:14:21","slug":"epi","status":"publish","type":"page","link":"https:\/\/etab.ac-reunion.fr\/clg-tamarins\/epi\/","title":{"rendered":"Enseignements Pratiques Interdisciplinaires"},"content":{"rendered":"\n\n<div class=\"su-posts su-posts-default-loop \">\n\n\t\n\t\t\t\t\t\n\t\t\t\n\t\t\t<div id=\"su-post-9727\" class=\"su-post \">\n\n\t\t\t\t\t\t\t\t\t<a class=\"su-post-thumbnail\" href=\"https:\/\/etab.ac-reunion.fr\/clg-tamarins\/expo-arpentisaz\/\"><a href=\"https:\/\/etab.ac-reunion.fr\/clg-tamarins\/expo-arpentisaz\/\" title=\"expo arpentisaz\"><img loading=\"lazy\" decoding=\"async\" width=\"106\" height=\"150\" src=\"https:\/\/etab.ac-reunion.fr\/clg-tamarins\/wp-content\/uploads\/sites\/56\/2025\/12\/expo-arpentisaz_page-0001-106x150.jpg\" class=\"attachment-post-thumbnail size-post-thumbnail wp-post-image\" alt=\"\" srcset=\"https:\/\/etab.ac-reunion.fr\/clg-tamarins\/wp-content\/uploads\/sites\/56\/2025\/12\/expo-arpentisaz_page-0001-106x150.jpg 106w, https:\/\/etab.ac-reunion.fr\/clg-tamarins\/wp-content\/uploads\/sites\/56\/2025\/12\/expo-arpentisaz_page-0001-212x300.jpg 212w, https:\/\/etab.ac-reunion.fr\/clg-tamarins\/wp-content\/uploads\/sites\/56\/2025\/12\/expo-arpentisaz_page-0001-724x1024.jpg 724w, https:\/\/etab.ac-reunion.fr\/clg-tamarins\/wp-content\/uploads\/sites\/56\/2025\/12\/expo-arpentisaz_page-0001-768x1086.jpg 768w, https:\/\/etab.ac-reunion.fr\/clg-tamarins\/wp-content\/uploads\/sites\/56\/2025\/12\/expo-arpentisaz_page-0001-1086x1536.jpg 1086w, https:\/\/etab.ac-reunion.fr\/clg-tamarins\/wp-content\/uploads\/sites\/56\/2025\/12\/expo-arpentisaz_page-0001.jpg 1241w\" sizes=\"auto, (max-width: 106px) 100vw, 106px\" \/><\/a><\/a>\n\t\t\t\t\n\t\t\t\t<h2 class=\"su-post-title\"><a href=\"https:\/\/etab.ac-reunion.fr\/clg-tamarins\/expo-arpentisaz\/\">expo arpentisaz<\/a><\/h2>\n\n\t\t\t\t<div class=\"su-post-meta\">\n\t\t\t\t\tPubli\u00e9: 4 d\u00e9cembre 2025\t\t\t\t<\/div>\n\n\t\t\t\t<div class=\"su-post-excerpt\">\n\t\t\t\t\t<p class=\"continue-reading-button\"> <a class=\"continue-reading-link\" href=\"https:\/\/etab.ac-reunion.fr\/clg-tamarins\/expo-arpentisaz\/\">Continuer \u00e0 lire<i class=\"crycon-right-dir\"><\/i><\/a><\/p>\n\t\t\t\t<\/div>\n\n\t\t\t\t\n\t\t\t<\/div>\n\n\t\t\t\t\t\n\t\t\t\n\t\t\t<div id=\"su-post-7957\" class=\"su-post \">\n\n\t\t\t\t\n\t\t\t\t<h2 class=\"su-post-title\"><a href=\"https:\/\/etab.ac-reunion.fr\/clg-tamarins\/une-visite-memorable-musee-de-villele\/\">Une visite m\u00e9morable &#8211; mus\u00e9e de Vill\u00e8le<\/a><\/h2>\n\n\t\t\t\t<div class=\"su-post-meta\">\n\t\t\t\t\tPubli\u00e9: 7 d\u00e9cembre 2021\t\t\t\t<\/div>\n\n\t\t\t\t<div class=\"su-post-excerpt\">\n\t\t\t\t\t<p>Le 14 Septembre 2021, Nous, \u00e9l\u00e8ves des classes de 4e Hibiscus et de 4e Orchid\u00e9e sommes all\u00e9s en sortie dans le cadre de l\u2019EPI au mus\u00e9e de Vill\u00e8le o\u00f9 \u00e9taient aussi expos\u00e9s des \u0153uvres du Louvre. Une fois arriv\u00e9s, la visite a d\u00e9but\u00e9 par le jardin o\u00f9 la statue de\u2026<\/p>\n<p class=\"continue-reading-button\"> <a class=\"continue-reading-link\" href=\"https:\/\/etab.ac-reunion.fr\/clg-tamarins\/une-visite-memorable-musee-de-villele\/\">Continuer \u00e0 lire<i class=\"crycon-right-dir\"><\/i><\/a><\/p>\n\t\t\t\t<\/div>\n\n\t\t\t\t\n\t\t\t<\/div>\n\n\t\t\n\t\n<\/div>\n\n","protected":false},"excerpt":{"rendered":"<p class=\"continue-reading-button\"> <a class=\"continue-reading-link\" href=\"https:\/\/etab.ac-reunion.fr\/clg-tamarins\/une-visite-memorable-musee-de-villele\/\">Continuer \u00e0 lire<i class=\"crycon-right-dir\"><\/i><\/a><\/p>\n","protected":false},"author":13730,"featured_media":0,"parent":0,"menu_order":0,"comment_status":"closed","ping_status":"closed","template":"","meta":{"footnotes":""},"class_list":["post-4940","page","type-page","status-publish","hentry"],"_links":{"self":[{"href":"https:\/\/etab.ac-reunion.fr\/clg-tamarins\/wp-json\/wp\/v2\/pages\/4940","targetHints":{"allow":["GET"]}}],"collection":[{"href":"https:\/\/etab.ac-reunion.fr\/clg-tamarins\/wp-json\/wp\/v2\/pages"}],"about":[{"href":"https:\/\/etab.ac-reunion.fr\/clg-tamarins\/wp-json\/wp\/v2\/types\/page"}],"author":[{"embeddable":true,"href":"https:\/\/etab.ac-reunion.fr\/clg-tamarins\/wp-json\/wp\/v2\/users\/13730"}],"replies":[{"embeddable":true,"href":"https:\/\/etab.ac-reunion.fr\/clg-tamarins\/wp-json\/wp\/v2\/comments?post=4940"}],"version-history":[{"count":6,"href":"https:\/\/etab.ac-reunion.fr\/clg-tamarins\/wp-json\/wp\/v2\/pages\/4940\/revisions"}],"predecessor-version":[{"id":7993,"href":"https:\/\/etab.ac-reunion.fr\/clg-tamarins\/wp-json\/wp\/v2\/pages\/4940\/revisions\/7993"}],"wp:attachment":[{"href":"https:\/\/etab.ac-reunion.fr\/clg-tamarins\/wp-json\/wp\/v2\/media?parent=4940"}],"curies":[{"name":"wp","href":"https:\/\/api.w.org\/{rel}","templated":true}]}}

<div class="su-posts su-posts-default-loop ">

	
					
			
			<div id="su-post-9727" class="su-post ">

									<a class="su-post-thumbnail" href="https://etab.ac-reunion.fr/clg-tamarins/expo-arpentisaz/"><a href="https://etab.ac-reunion.fr/clg-tamarins/expo-arpentisaz/" title="expo arpentisaz"><img loading="lazy" decoding="async" width="106" height="150" src="https://etab.ac-reunion.fr/clg-tamarins/wp-content/uploads/sites/56/2025/12/expo-arpentisaz_page-0001-106x150.jpg" class="attachment-post-thumbnail size-post-thumbnail wp-post-image" alt="" srcset="https://etab.ac-reunion.fr/clg-tamarins/wp-content/uploads/sites/56/2025/12/expo-arpentisaz_page-0001-106x150.jpg 106w, https://etab.ac-reunion.fr/clg-tamarins/wp-content/uploads/sites/56/2025/12/expo-arpentisaz_page-0001-212x300.jpg 212w, https://etab.ac-reunion.fr/clg-tamarins/wp-content/uploads/sites/56/2025/12/expo-arpentisaz_page-0001-724x1024.jpg 724w, https://etab.ac-reunion.fr/clg-tamarins/wp-content/uploads/sites/56/2025/12/expo-arpentisaz_page-0001-768x1086.jpg 768w, https://etab.ac-reunion.fr/clg-tamarins/wp-content/uploads/sites/56/2025/12/expo-arpentisaz_page-0001-1086x1536.jpg 1086w, https://etab.ac-reunion.fr/clg-tamarins/wp-content/uploads/sites/56/2025/12/expo-arpentisaz_page-0001.jpg 1241w" sizes="auto, (max-width: 106px) 100vw, 106px" /></a></a>
				
				<h2 class="su-post-title"><a href="https://etab.ac-reunion.fr/clg-tamarins/expo-arpentisaz/">expo arpentisaz</a></h2>

				<div class="su-post-meta">
					Publié: 4 décembre 2025				</div>

				<div class="su-post-excerpt">
					<p class="continue-reading-button"> <a class="continue-reading-link" href="https://etab.ac-reunion.fr/clg-tamarins/expo-arpentisaz/">Continuer à lire<i class="crycon-right-dir"></i></a></p>
				</div>

				
			</div>

					
			
			<div id="su-post-7957" class="su-post ">

				
				<h2 class="su-post-title"><a href="https://etab.ac-reunion.fr/clg-tamarins/une-visite-memorable-musee-de-villele/">Une visite mémorable &#8211; musée de Villèle</a></h2>

				<div class="su-post-meta">
					Publié: 7 décembre 2021				</div>

				<div class="su-post-excerpt">
					<p>Le 14 Septembre 2021, Nous, élèves des classes de 4e Hibiscus et de 4e Orchidée sommes allés en sortie dans le cadre de l’EPI au musée de Villèle où étaient aussi exposés des œuvres du Louvre. Une fois arrivés, la visite a débuté par le jardin où la statue de…</p>
<p class="continue-reading-button"> <a class="continue-reading-link" href="https://etab.ac-reunion.fr/clg-tamarins/une-visite-memorable-musee-de-villele/">Continuer à lire<i class="crycon-right-dir"></i></a></p>
				</div>

				
			</div>

		
	
</div>

<p class="continue-reading-button"> <a class="continue-reading-link" href="https://etab.ac-reunion.fr/clg-tamarins/une-visite-memorable-musee-de-villele/">Continuer à lire<i class="crycon-right-dir"></i></a></p>
